{"id":99503,"date":"2024-12-27T08:34:34","date_gmt":"2024-12-27T07:34:34","guid":{"rendered":"https:\/\/www.atta45.se\/e-butik\/?post_type=product&#038;p=99503"},"modified":"2025-10-27T20:15:44","modified_gmt":"2025-10-27T19:15:44","slug":"nyckelring-av-appellader-och-pu-sabrina","status":"publish","type":"product","link":"https:\/\/www.atta45.se\/e-butik\/produkt\/nyckelring-av-appellader-och-pu-sabrina\/","title":{"rendered":"Nyckelring av \u00e4ppell\u00e4der och PU Sabrina"},"content":{"rendered":"<p>Nyckelring av \u00e4ppell\u00e4der och PU med metallring. Tillverkad av 30 % \u00e4ppell\u00e4der och 70 % PU. Inkluderar pr\u00e4gling i form av ett \u00e4pple. F\u00f6rpackad i en kraftkartonghylsa.<\/p>\n","protected":false},"excerpt":{"rendered":"<p>Nyckelring av \u00e4ppell\u00e4der och PU med metallring. Tillverkad av 30 % \u00e4ppell\u00e4der och 70 % PU. Inkluderar pr\u00e4gling i form av ett \u00e4pple. F\u00f6rpackad i en kraftkartonghylsa.<\/p>\n","protected":false},"featured_media":99504,"template":"","meta":{"_acf_changed":false,"_seopress_robots_primary_cat":"","_seopress_titles_title":"","_seopress_titles_desc":"","_seopress_robots_index":""},"product_brand":[],"product_cat":[15],"product_tag":[],"class_list":{"0":"post-99503","1":"product","2":"type-product","3":"status-publish","4":"has-post-thumbnail","6":"product_cat-okategoriserad","7":"atta45_taxonomy-reflexer-verktyg-sakerhet-biltillbehor-sv","8":"atta45_taxonomy-tema-inspiration-branscher-fordonsindustrin-sv","9":"atta45_taxonomy-tema-inspiration-grona-intryck-sv","10":"atta45_taxonomy-praktiska-ting-nyckelringar-utan-lampor-sv","11":"atta45_taxonomy-nyheter-sv","12":"atta45_taxonomy-tema-inspiration-utvalda-produkter-nyheter-sv","13":"atta45_taxonomy-tema-inspiration-sv","15":"first","16":"instock","17":"taxable","18":"shipping-taxable","19":"purchasable","20":"product-type-variable"},"acf":[],"_links":{"self":[{"href":"https:\/\/www.atta45.se\/e-butik\/wp-json\/wp\/v2\/product\/99503","targetHints":{"allow":["GET"]}}],"collection":[{"href":"https:\/\/www.atta45.se\/e-butik\/wp-json\/wp\/v2\/product"}],"about":[{"href":"https:\/\/www.atta45.se\/e-butik\/wp-json\/wp\/v2\/types\/product"}],"wp:featuredmedia":[{"embeddable":true,"href":"https:\/\/www.atta45.se\/e-butik\/wp-json\/wp\/v2\/media\/99504"}],"wp:attachment":[{"href":"https:\/\/www.atta45.se\/e-butik\/wp-json\/wp\/v2\/media?parent=99503"}],"wp:term":[{"taxonomy":"product_brand","embeddable":true,"href":"https:\/\/www.atta45.se\/e-butik\/wp-json\/wp\/v2\/product_brand?post=99503"},{"taxonomy":"product_cat","embeddable":true,"href":"https:\/\/www.atta45.se\/e-butik\/wp-json\/wp\/v2\/product_cat?post=99503"},{"taxonomy":"product_tag","embeddable":true,"href":"https:\/\/www.atta45.se\/e-butik\/wp-json\/wp\/v2\/product_tag?post=99503"}],"curies":[{"name":"wp","href":"https:\/\/api.w.org\/{rel}","templated":true}]}}