{"id":99479,"date":"2024-12-27T08:34:05","date_gmt":"2024-12-27T07:34:05","guid":{"rendered":"https:\/\/www.atta45.se\/e-butik\/?post_type=product&#038;p=99479"},"modified":"2025-10-27T20:04:37","modified_gmt":"2025-10-27T19:04:37","slug":"melerad-duffelvaska-300d-corwin","status":"publish","type":"product","link":"https:\/\/www.atta45.se\/e-butik\/produkt\/melerad-duffelvaska-300d-corwin\/","title":{"rendered":"Melerad duffelv\u00e4ska (300D) Corwin"},"content":{"rendered":"<p>Melerad duffelv\u00e4ska 300D. En sidoficka f\u00f6r att vika ihop baksidan samt ett sidofack avsett f\u00f6r skor. Levereras ihopvikt.<\/p>\n","protected":false},"excerpt":{"rendered":"<p>Melerad duffelv\u00e4ska 300D. En sidoficka f\u00f6r att vika ihop baksidan samt ett sidofack avsett f\u00f6r skor. Levereras ihopvikt.<\/p>\n","protected":false},"featured_media":99480,"template":"","meta":{"_acf_changed":false,"_seopress_robots_primary_cat":"","_seopress_titles_title":"","_seopress_titles_desc":"","_seopress_robots_index":""},"product_brand":[],"product_cat":[15],"product_tag":[],"class_list":{"0":"post-99479","1":"product","2":"type-product","3":"status-publish","4":"has-post-thumbnail","6":"product_cat-okategoriserad","7":"atta45_taxonomy-nyheter-sv","8":"atta45_taxonomy-tema-inspiration-utvalda-produkter-nyheter-sv","9":"atta45_taxonomy-tema-inspiration-ogonblick-pa-vagen-sv","10":"atta45_taxonomy-vaskor-resetillbehor-researtiklar-sv","11":"atta45_taxonomy-tema-inspiration-sv","12":"atta45_taxonomy-vaskor-resetillbehor-sv","14":"first","15":"instock","16":"taxable","17":"shipping-taxable","18":"purchasable","19":"product-type-variable"},"acf":[],"_links":{"self":[{"href":"https:\/\/www.atta45.se\/e-butik\/wp-json\/wp\/v2\/product\/99479","targetHints":{"allow":["GET"]}}],"collection":[{"href":"https:\/\/www.atta45.se\/e-butik\/wp-json\/wp\/v2\/product"}],"about":[{"href":"https:\/\/www.atta45.se\/e-butik\/wp-json\/wp\/v2\/types\/product"}],"wp:featuredmedia":[{"embeddable":true,"href":"https:\/\/www.atta45.se\/e-butik\/wp-json\/wp\/v2\/media\/99480"}],"wp:attachment":[{"href":"https:\/\/www.atta45.se\/e-butik\/wp-json\/wp\/v2\/media?parent=99479"}],"wp:term":[{"taxonomy":"product_brand","embeddable":true,"href":"https:\/\/www.atta45.se\/e-butik\/wp-json\/wp\/v2\/product_brand?post=99479"},{"taxonomy":"product_cat","embeddable":true,"href":"https:\/\/www.atta45.se\/e-butik\/wp-json\/wp\/v2\/product_cat?post=99479"},{"taxonomy":"product_tag","embeddable":true,"href":"https:\/\/www.atta45.se\/e-butik\/wp-json\/wp\/v2\/product_tag?post=99479"}],"curies":[{"name":"wp","href":"https:\/\/api.w.org\/{rel}","templated":true}]}}