{"id":82166,"date":"2024-12-27T04:03:48","date_gmt":"2024-12-27T03:03:48","guid":{"rendered":"https:\/\/www.atta45.se\/e-butik\/?post_type=product&#038;p=82166"},"modified":"2025-10-28T03:26:53","modified_gmt":"2025-10-28T02:26:53","slug":"passerkortshallare-exklusiv","status":"publish","type":"product","link":"https:\/\/www.atta45.se\/e-butik\/produkt\/passerkortshallare-exklusiv\/","title":{"rendered":"Passerkortsh\u00e5llare Exklusiv"},"content":{"rendered":"<p>En exklusiv liftkortsh\u00e5llare tillverkad i ABS och metall. Har en sn\u00f6rl\u00e4ngd p\u00e5 ca 68 cm.<\/p>\n<p>Finns i olika f\u00e4rger<\/p>\n","protected":false},"excerpt":{"rendered":"<p>En exklusiv liftkortsh\u00e5llare tillverkad i ABS och metall. Har en sn\u00f6rl\u00e4ngd p\u00e5 ca 68 cm. Finns i olika f\u00e4rger<\/p>\n","protected":false},"featured_media":82167,"template":"","meta":{"_acf_changed":false,"_seopress_robots_primary_cat":"","_seopress_titles_title":"","_seopress_titles_desc":"","_seopress_robots_index":""},"product_brand":[],"product_cat":[15],"product_tag":[],"class_list":{"0":"post-82166","1":"product","2":"type-product","3":"status-publish","4":"has-post-thumbnail","6":"product_cat-okategoriserad","7":"atta45_taxonomy-logoband-sv","8":"atta45_taxonomy-trading-fritid-sportartiklar-sv","10":"first","11":"instock","12":"taxable","13":"shipping-taxable","14":"purchasable","15":"product-type-variable"},"acf":[],"_links":{"self":[{"href":"https:\/\/www.atta45.se\/e-butik\/wp-json\/wp\/v2\/product\/82166","targetHints":{"allow":["GET"]}}],"collection":[{"href":"https:\/\/www.atta45.se\/e-butik\/wp-json\/wp\/v2\/product"}],"about":[{"href":"https:\/\/www.atta45.se\/e-butik\/wp-json\/wp\/v2\/types\/product"}],"wp:featuredmedia":[{"embeddable":true,"href":"https:\/\/www.atta45.se\/e-butik\/wp-json\/wp\/v2\/media\/82167"}],"wp:attachment":[{"href":"https:\/\/www.atta45.se\/e-butik\/wp-json\/wp\/v2\/media?parent=82166"}],"wp:term":[{"taxonomy":"product_brand","embeddable":true,"href":"https:\/\/www.atta45.se\/e-butik\/wp-json\/wp\/v2\/product_brand?post=82166"},{"taxonomy":"product_cat","embeddable":true,"href":"https:\/\/www.atta45.se\/e-butik\/wp-json\/wp\/v2\/product_cat?post=82166"},{"taxonomy":"product_tag","embeddable":true,"href":"https:\/\/www.atta45.se\/e-butik\/wp-json\/wp\/v2\/product_tag?post=82166"}],"curies":[{"name":"wp","href":"https:\/\/api.w.org\/{rel}","templated":true}]}}