{"id":81133,"date":"2024-12-27T03:47:47","date_gmt":"2024-12-27T02:47:47","guid":{"rendered":"https:\/\/www.atta45.se\/e-butik\/?post_type=product&#038;p=81133"},"modified":"2025-10-27T18:36:05","modified_gmt":"2025-10-27T17:36:05","slug":"mossa-favorit","status":"publish","type":"product","link":"https:\/\/www.atta45.se\/e-butik\/produkt\/mossa-favorit\/","title":{"rendered":"M\u00f6ssa Favorit"},"content":{"rendered":"<p> Fantastisk unisex m\u00f6ssa f\u00f6r vuxna med livliga och lekfulla f\u00e4rger. Den finns i sex olika f\u00e4rger s\u00e5 att du kan v\u00e4lja fler f\u00f6r en viss dag. Vintern \u00e4r kul med BT-Cap m\u00f6ssor.<\/p>\n<p>BtCap<\/p>\n","protected":false},"excerpt":{"rendered":"<p>Fantastisk unisex m\u00f6ssa f\u00f6r vuxna med livliga och lekfulla f\u00e4rger. Den finns i sex olika f\u00e4rger s\u00e5 att du kan v\u00e4lja fler f\u00f6r en viss dag. Vintern \u00e4r kul med BT-Cap m\u00f6ssor. BtCap<\/p>\n","protected":false},"featured_media":81134,"template":"","meta":{"_acf_changed":false,"_seopress_robots_primary_cat":"","_seopress_titles_title":"","_seopress_titles_desc":"","_seopress_robots_index":""},"product_brand":[],"product_cat":[15],"product_tag":[],"class_list":{"0":"post-81133","1":"product","2":"type-product","3":"status-publish","4":"has-post-thumbnail","6":"product_cat-okategoriserad","7":"atta45_taxonomy-kepsar-mossor-btcap-collection-mossor-sv","9":"first","10":"instock","11":"taxable","12":"shipping-taxable","13":"purchasable","14":"product-type-variable"},"acf":[],"_links":{"self":[{"href":"https:\/\/www.atta45.se\/e-butik\/wp-json\/wp\/v2\/product\/81133","targetHints":{"allow":["GET"]}}],"collection":[{"href":"https:\/\/www.atta45.se\/e-butik\/wp-json\/wp\/v2\/product"}],"about":[{"href":"https:\/\/www.atta45.se\/e-butik\/wp-json\/wp\/v2\/types\/product"}],"wp:featuredmedia":[{"embeddable":true,"href":"https:\/\/www.atta45.se\/e-butik\/wp-json\/wp\/v2\/media\/81134"}],"wp:attachment":[{"href":"https:\/\/www.atta45.se\/e-butik\/wp-json\/wp\/v2\/media?parent=81133"}],"wp:term":[{"taxonomy":"product_brand","embeddable":true,"href":"https:\/\/www.atta45.se\/e-butik\/wp-json\/wp\/v2\/product_brand?post=81133"},{"taxonomy":"product_cat","embeddable":true,"href":"https:\/\/www.atta45.se\/e-butik\/wp-json\/wp\/v2\/product_cat?post=81133"},{"taxonomy":"product_tag","embeddable":true,"href":"https:\/\/www.atta45.se\/e-butik\/wp-json\/wp\/v2\/product_tag?post=81133"}],"curies":[{"name":"wp","href":"https:\/\/api.w.org\/{rel}","templated":true}]}}