{"id":80611,"date":"2024-12-27T03:40:49","date_gmt":"2024-12-27T02:40:49","guid":{"rendered":"https:\/\/www.atta45.se\/e-butik\/?post_type=product&#038;p=80611"},"modified":"2025-10-27T18:30:42","modified_gmt":"2025-10-27T17:30:42","slug":"mossa-hunter","status":"publish","type":"product","link":"https:\/\/www.atta45.se\/e-butik\/produkt\/mossa-hunter\/","title":{"rendered":"M\u00f6ssa Hunter"},"content":{"rendered":"<p>Vi presenterar dig HUNTER-m\u00f6ssan. Det \u00e4r ett mycket snyggt mode. Det kommer att skydda dig fr\u00e5n kyla under kallare dagar och kommer att h\u00e5lla dig snygg p\u00e5 samma g\u00e5ng. V\u00e4lj bara en av tv\u00e5 f\u00e4rgvariationer.<\/p>\n<p>BtCap<\/p>\n","protected":false},"excerpt":{"rendered":"<p>Vi presenterar dig HUNTER-m\u00f6ssan. Det \u00e4r ett mycket snyggt mode. Det kommer att skydda dig fr\u00e5n kyla under kallare dagar och kommer att h\u00e5lla dig snygg p\u00e5 samma g\u00e5ng. V\u00e4lj bara en av tv\u00e5 f\u00e4rgvariationer. BtCap<\/p>\n","protected":false},"featured_media":80612,"template":"","meta":{"_acf_changed":false,"_seopress_robots_primary_cat":"","_seopress_titles_title":"","_seopress_titles_desc":"","_seopress_robots_index":""},"product_brand":[],"product_cat":[15],"product_tag":[],"class_list":{"0":"post-80611","1":"product","2":"type-product","3":"status-publish","4":"has-post-thumbnail","6":"product_cat-okategoriserad","7":"atta45_taxonomy-kepsar-mossor-btcap-collection-mossor-sv","9":"first","10":"instock","11":"taxable","12":"shipping-taxable","13":"purchasable","14":"product-type-variable"},"acf":[],"_links":{"self":[{"href":"https:\/\/www.atta45.se\/e-butik\/wp-json\/wp\/v2\/product\/80611","targetHints":{"allow":["GET"]}}],"collection":[{"href":"https:\/\/www.atta45.se\/e-butik\/wp-json\/wp\/v2\/product"}],"about":[{"href":"https:\/\/www.atta45.se\/e-butik\/wp-json\/wp\/v2\/types\/product"}],"wp:featuredmedia":[{"embeddable":true,"href":"https:\/\/www.atta45.se\/e-butik\/wp-json\/wp\/v2\/media\/80612"}],"wp:attachment":[{"href":"https:\/\/www.atta45.se\/e-butik\/wp-json\/wp\/v2\/media?parent=80611"}],"wp:term":[{"taxonomy":"product_brand","embeddable":true,"href":"https:\/\/www.atta45.se\/e-butik\/wp-json\/wp\/v2\/product_brand?post=80611"},{"taxonomy":"product_cat","embeddable":true,"href":"https:\/\/www.atta45.se\/e-butik\/wp-json\/wp\/v2\/product_cat?post=80611"},{"taxonomy":"product_tag","embeddable":true,"href":"https:\/\/www.atta45.se\/e-butik\/wp-json\/wp\/v2\/product_tag?post=80611"}],"curies":[{"name":"wp","href":"https:\/\/api.w.org\/{rel}","templated":true}]}}