{"id":80589,"date":"2024-12-27T03:40:30","date_gmt":"2024-12-27T02:40:30","guid":{"rendered":"https:\/\/www.atta45.se\/e-butik\/?post_type=product&#038;p=80589"},"modified":"2025-10-27T18:30:29","modified_gmt":"2025-10-27T17:30:29","slug":"mossa-somlos","status":"publish","type":"product","link":"https:\/\/www.atta45.se\/e-butik\/produkt\/mossa-somlos\/","title":{"rendered":"M\u00f6ssa S\u00f6ml\u00f6s"},"content":{"rendered":"<p>M\u00f6ssan Eminem i olika f\u00e4rger, men sj\u00e4lvklart \u00e4r den svarta att f\u00f6redra. Stil och kvalitet \u00e4r huvudattributen f\u00f6r denna modell. Gillar du det?<\/p>\n<p>BtCap<\/p>\n","protected":false},"excerpt":{"rendered":"<p>M\u00f6ssan Eminem i olika f\u00e4rger, men sj\u00e4lvklart \u00e4r den svarta att f\u00f6redra. Stil och kvalitet \u00e4r huvudattributen f\u00f6r denna modell. Gillar du det? BtCap<\/p>\n","protected":false},"featured_media":80590,"template":"","meta":{"_acf_changed":false,"_seopress_robots_primary_cat":"","_seopress_titles_title":"","_seopress_titles_desc":"","_seopress_robots_index":""},"product_brand":[],"product_cat":[15],"product_tag":[],"class_list":{"0":"post-80589","1":"product","2":"type-product","3":"status-publish","4":"has-post-thumbnail","6":"product_cat-okategoriserad","7":"atta45_taxonomy-kepsar-mossor-btcap-collection-mossor-sv","9":"first","10":"instock","11":"taxable","12":"shipping-taxable","13":"purchasable","14":"product-type-variable"},"acf":[],"_links":{"self":[{"href":"https:\/\/www.atta45.se\/e-butik\/wp-json\/wp\/v2\/product\/80589","targetHints":{"allow":["GET"]}}],"collection":[{"href":"https:\/\/www.atta45.se\/e-butik\/wp-json\/wp\/v2\/product"}],"about":[{"href":"https:\/\/www.atta45.se\/e-butik\/wp-json\/wp\/v2\/types\/product"}],"wp:featuredmedia":[{"embeddable":true,"href":"https:\/\/www.atta45.se\/e-butik\/wp-json\/wp\/v2\/media\/80590"}],"wp:attachment":[{"href":"https:\/\/www.atta45.se\/e-butik\/wp-json\/wp\/v2\/media?parent=80589"}],"wp:term":[{"taxonomy":"product_brand","embeddable":true,"href":"https:\/\/www.atta45.se\/e-butik\/wp-json\/wp\/v2\/product_brand?post=80589"},{"taxonomy":"product_cat","embeddable":true,"href":"https:\/\/www.atta45.se\/e-butik\/wp-json\/wp\/v2\/product_cat?post=80589"},{"taxonomy":"product_tag","embeddable":true,"href":"https:\/\/www.atta45.se\/e-butik\/wp-json\/wp\/v2\/product_tag?post=80589"}],"curies":[{"name":"wp","href":"https:\/\/api.w.org\/{rel}","templated":true}]}}