{"id":80567,"date":"2024-12-27T03:40:11","date_gmt":"2024-12-27T02:40:11","guid":{"rendered":"https:\/\/www.atta45.se\/e-butik\/?post_type=product&#038;p=80567"},"modified":"2025-10-27T18:30:15","modified_gmt":"2025-10-27T17:30:15","slug":"mossa-lang-jersey","status":"publish","type":"product","link":"https:\/\/www.atta45.se\/e-butik\/produkt\/mossa-lang-jersey\/","title":{"rendered":"M\u00f6ssa L\u00e5ng Jersey"},"content":{"rendered":"<p>LONG JERSEY \u00e4r en nyare version av Jersey-m\u00f6ssan med l\u00e4ngre topp. Modestilar f\u00f6r\u00e4ndras snabbt nu f\u00f6r tiden och h\u00f6st\/vinterkollektionen f\u00f6r med sig nya trender. H\u00e5ll dig trendig med BT-Cap.<\/p>\n<p>BtCap<\/p>\n","protected":false},"excerpt":{"rendered":"<p>LONG JERSEY \u00e4r en nyare version av Jersey-m\u00f6ssan med l\u00e4ngre topp. Modestilar f\u00f6r\u00e4ndras snabbt nu f\u00f6r tiden och h\u00f6st\/vinterkollektionen f\u00f6r med sig nya trender. H\u00e5ll dig trendig med BT-Cap. BtCap<\/p>\n","protected":false},"featured_media":80568,"template":"","meta":{"_acf_changed":false,"_seopress_robots_primary_cat":"","_seopress_titles_title":"","_seopress_titles_desc":"","_seopress_robots_index":""},"product_brand":[],"product_cat":[15],"product_tag":[],"class_list":{"0":"post-80567","1":"product","2":"type-product","3":"status-publish","4":"has-post-thumbnail","6":"product_cat-okategoriserad","7":"atta45_taxonomy-kepsar-mossor-btcap-collection-mossor-sv","9":"first","10":"instock","11":"taxable","12":"shipping-taxable","13":"purchasable","14":"product-type-variable"},"acf":[],"_links":{"self":[{"href":"https:\/\/www.atta45.se\/e-butik\/wp-json\/wp\/v2\/product\/80567","targetHints":{"allow":["GET"]}}],"collection":[{"href":"https:\/\/www.atta45.se\/e-butik\/wp-json\/wp\/v2\/product"}],"about":[{"href":"https:\/\/www.atta45.se\/e-butik\/wp-json\/wp\/v2\/types\/product"}],"wp:featuredmedia":[{"embeddable":true,"href":"https:\/\/www.atta45.se\/e-butik\/wp-json\/wp\/v2\/media\/80568"}],"wp:attachment":[{"href":"https:\/\/www.atta45.se\/e-butik\/wp-json\/wp\/v2\/media?parent=80567"}],"wp:term":[{"taxonomy":"product_brand","embeddable":true,"href":"https:\/\/www.atta45.se\/e-butik\/wp-json\/wp\/v2\/product_brand?post=80567"},{"taxonomy":"product_cat","embeddable":true,"href":"https:\/\/www.atta45.se\/e-butik\/wp-json\/wp\/v2\/product_cat?post=80567"},{"taxonomy":"product_tag","embeddable":true,"href":"https:\/\/www.atta45.se\/e-butik\/wp-json\/wp\/v2\/product_tag?post=80567"}],"curies":[{"name":"wp","href":"https:\/\/api.w.org\/{rel}","templated":true}]}}