{"id":79976,"date":"2024-12-27T03:32:40","date_gmt":"2024-12-27T02:32:40","guid":{"rendered":"https:\/\/www.atta45.se\/e-butik\/?post_type=product&#038;p=79976"},"modified":"2025-10-27T18:48:17","modified_gmt":"2025-10-27T17:48:17","slug":"keps-cold","status":"publish","type":"product","link":"https:\/\/www.atta45.se\/e-butik\/produkt\/keps-cold\/","title":{"rendered":"Keps Cold"},"content":{"rendered":"<p> Materialet \u00e4r 95% polyester + 5% spandex, insida borstad polyester, varmt och andningsbart funktionellt h\u00f6gkvalitativt tyg. Vattent\u00e4t. Baksidan \u00e4r gummikardborre. Strukturerad frontpanel och keps har snabbtorkande svettband.<\/p>\n<p>BtCap<\/p>\n","protected":false},"excerpt":{"rendered":"<p>Materialet \u00e4r 95% polyester + 5% spandex, insida borstad polyester, varmt och andningsbart funktionellt h\u00f6gkvalitativt tyg. Vattent\u00e4t. Baksidan \u00e4r gummikardborre. Strukturerad frontpanel och keps har snabbtorkande svettband. BtCap<\/p>\n","protected":false},"featured_media":79977,"template":"","meta":{"_acf_changed":false,"_seopress_robots_primary_cat":"","_seopress_titles_title":"","_seopress_titles_desc":"","_seopress_robots_index":""},"product_brand":[],"product_cat":[15],"product_tag":[],"class_list":{"0":"post-79976","1":"product","2":"type-product","3":"status-publish","4":"has-post-thumbnail","6":"product_cat-okategoriserad","7":"atta45_taxonomy-kepsar-mossor-btcap-collection-kepsar-sv","9":"first","10":"instock","11":"taxable","12":"shipping-taxable","13":"purchasable","14":"product-type-variable"},"acf":[],"_links":{"self":[{"href":"https:\/\/www.atta45.se\/e-butik\/wp-json\/wp\/v2\/product\/79976","targetHints":{"allow":["GET"]}}],"collection":[{"href":"https:\/\/www.atta45.se\/e-butik\/wp-json\/wp\/v2\/product"}],"about":[{"href":"https:\/\/www.atta45.se\/e-butik\/wp-json\/wp\/v2\/types\/product"}],"wp:featuredmedia":[{"embeddable":true,"href":"https:\/\/www.atta45.se\/e-butik\/wp-json\/wp\/v2\/media\/79977"}],"wp:attachment":[{"href":"https:\/\/www.atta45.se\/e-butik\/wp-json\/wp\/v2\/media?parent=79976"}],"wp:term":[{"taxonomy":"product_brand","embeddable":true,"href":"https:\/\/www.atta45.se\/e-butik\/wp-json\/wp\/v2\/product_brand?post=79976"},{"taxonomy":"product_cat","embeddable":true,"href":"https:\/\/www.atta45.se\/e-butik\/wp-json\/wp\/v2\/product_cat?post=79976"},{"taxonomy":"product_tag","embeddable":true,"href":"https:\/\/www.atta45.se\/e-butik\/wp-json\/wp\/v2\/product_tag?post=79976"}],"curies":[{"name":"wp","href":"https:\/\/api.w.org\/{rel}","templated":true}]}}