{"id":79245,"date":"2024-12-27T03:23:03","date_gmt":"2024-12-27T02:23:03","guid":{"rendered":"https:\/\/www.atta45.se\/e-butik\/?post_type=product&#038;p=79245"},"modified":"2025-10-27T18:42:56","modified_gmt":"2025-10-27T17:42:56","slug":"keps-regn","status":"publish","type":"product","link":"https:\/\/www.atta45.se\/e-butik\/produkt\/keps-regn\/","title":{"rendered":"Keps Regn"},"content":{"rendered":"<p> Regnm\u00f6ssan \u00e4r keps i vuxenstorlek med silversp\u00e4nne LUX i ryggen. Den har vattent\u00e4t finish s\u00e5 den \u00e4r perfekt f\u00f6r alla v\u00e4der, antingen det \u00e4r solig sommardag eller regnig h\u00f6st.<\/p>\n<p>BtCap<\/p>\n","protected":false},"excerpt":{"rendered":"<p>Regnm\u00f6ssan \u00e4r keps i vuxenstorlek med silversp\u00e4nne LUX i ryggen. Den har vattent\u00e4t finish s\u00e5 den \u00e4r perfekt f\u00f6r alla v\u00e4der, antingen det \u00e4r solig sommardag eller regnig h\u00f6st. BtCap<\/p>\n","protected":false},"featured_media":79246,"template":"","meta":{"_acf_changed":false,"_seopress_robots_primary_cat":"","_seopress_titles_title":"","_seopress_titles_desc":"","_seopress_robots_index":""},"product_brand":[],"product_cat":[15],"product_tag":[],"class_list":{"0":"post-79245","1":"product","2":"type-product","3":"status-publish","4":"has-post-thumbnail","6":"product_cat-okategoriserad","7":"atta45_taxonomy-kepsar-mossor-btcap-collection-kepsar-sv","9":"first","10":"instock","11":"taxable","12":"shipping-taxable","13":"purchasable","14":"product-type-variable"},"acf":[],"_links":{"self":[{"href":"https:\/\/www.atta45.se\/e-butik\/wp-json\/wp\/v2\/product\/79245","targetHints":{"allow":["GET"]}}],"collection":[{"href":"https:\/\/www.atta45.se\/e-butik\/wp-json\/wp\/v2\/product"}],"about":[{"href":"https:\/\/www.atta45.se\/e-butik\/wp-json\/wp\/v2\/types\/product"}],"wp:featuredmedia":[{"embeddable":true,"href":"https:\/\/www.atta45.se\/e-butik\/wp-json\/wp\/v2\/media\/79246"}],"wp:attachment":[{"href":"https:\/\/www.atta45.se\/e-butik\/wp-json\/wp\/v2\/media?parent=79245"}],"wp:term":[{"taxonomy":"product_brand","embeddable":true,"href":"https:\/\/www.atta45.se\/e-butik\/wp-json\/wp\/v2\/product_brand?post=79245"},{"taxonomy":"product_cat","embeddable":true,"href":"https:\/\/www.atta45.se\/e-butik\/wp-json\/wp\/v2\/product_cat?post=79245"},{"taxonomy":"product_tag","embeddable":true,"href":"https:\/\/www.atta45.se\/e-butik\/wp-json\/wp\/v2\/product_tag?post=79245"}],"curies":[{"name":"wp","href":"https:\/\/api.w.org\/{rel}","templated":true}]}}