{"id":78025,"date":"2024-12-27T03:06:55","date_gmt":"2024-12-27T02:06:55","guid":{"rendered":"https:\/\/www.atta45.se\/e-butik\/?post_type=product&#038;p=78025"},"modified":"2025-10-28T00:28:37","modified_gmt":"2025-10-27T23:28:37","slug":"gympapase-standard-rpet-eu","status":"publish","type":"product","link":"https:\/\/www.atta45.se\/e-butik\/produkt\/gympapase-standard-rpet-eu\/","title":{"rendered":"Gympap\u00e5se Standard RPET EU"},"content":{"rendered":"<p>Produkt tillverkad i Europa<\/p>\n<p>En v\u00e4ska \/ ryggs\u00e4ck med all-over tryck. Dragsko i sidos\u00f6mmarna. V\u00e4lj mellan olika dragbandsf\u00e4rger.<\/p>\n<p>Inkluderar fullf\u00e4rg sublimation p\u00e5 tv\u00e5 sidor.<\/p>\n<p>Hela produkten trycks i din design. Allt fr\u00e5n bottenf\u00e4rgen till logotypen. G\u00f6rs i fullf\u00e4rgstryck, vilket ger total frihet i f\u00e4rger och layout.<\/p>\n<p>Storlek: 38 x 42 cm (+\/- 1 cm)<br \/>Material: RPET<br \/>F\u00f6rpackad: individuell<\/p>\n<p>The One Premium<\/p>\n","protected":false},"excerpt":{"rendered":"<p>Produkt tillverkad i Europa En v\u00e4ska \/ ryggs\u00e4ck med all-over tryck. Dragsko i sidos\u00f6mmarna. V\u00e4lj mellan olika dragbandsf\u00e4rger. Inkluderar fullf\u00e4rg sublimation p\u00e5 tv\u00e5 sidor. Hela produkten trycks i din design. Allt fr\u00e5n bottenf\u00e4rgen till logotypen. G\u00f6rs i fullf\u00e4rgstryck, vilket ger total frihet i f\u00e4rger och layout. Storlek: 38 x 42 cm (+\/- 1 cm)Material: RPETF\u00f6rpackad: [&hellip;]<\/p>\n","protected":false},"featured_media":78026,"template":"","meta":{"_acf_changed":false,"_seopress_robots_primary_cat":"","_seopress_titles_title":"","_seopress_titles_desc":"","_seopress_robots_index":""},"product_brand":[],"product_cat":[15],"product_tag":[],"class_list":{"0":"post-78025","1":"product","2":"type-product","3":"status-publish","4":"has-post-thumbnail","6":"product_cat-okategoriserad","7":"atta45_taxonomy-kassar-pasar-kassar-sv","8":"atta45_taxonomy-vaskor-resetillbehor-ryggsackar-sv","9":"atta45_taxonomy-tema-inspiration-varumarken-the-one-premium-sv","10":"atta45_taxonomy-textil-vaskor-bagar-sv","12":"first","13":"instock","14":"taxable","15":"shipping-taxable","16":"purchasable","17":"product-type-variable"},"acf":[],"_links":{"self":[{"href":"https:\/\/www.atta45.se\/e-butik\/wp-json\/wp\/v2\/product\/78025","targetHints":{"allow":["GET"]}}],"collection":[{"href":"https:\/\/www.atta45.se\/e-butik\/wp-json\/wp\/v2\/product"}],"about":[{"href":"https:\/\/www.atta45.se\/e-butik\/wp-json\/wp\/v2\/types\/product"}],"wp:featuredmedia":[{"embeddable":true,"href":"https:\/\/www.atta45.se\/e-butik\/wp-json\/wp\/v2\/media\/78026"}],"wp:attachment":[{"href":"https:\/\/www.atta45.se\/e-butik\/wp-json\/wp\/v2\/media?parent=78025"}],"wp:term":[{"taxonomy":"product_brand","embeddable":true,"href":"https:\/\/www.atta45.se\/e-butik\/wp-json\/wp\/v2\/product_brand?post=78025"},{"taxonomy":"product_cat","embeddable":true,"href":"https:\/\/www.atta45.se\/e-butik\/wp-json\/wp\/v2\/product_cat?post=78025"},{"taxonomy":"product_tag","embeddable":true,"href":"https:\/\/www.atta45.se\/e-butik\/wp-json\/wp\/v2\/product_tag?post=78025"}],"curies":[{"name":"wp","href":"https:\/\/api.w.org\/{rel}","templated":true}]}}

Gympapåse Standard RPET EU

<p>Produkt tillverkad i Europa</p>
<p>En väska / ryggsäck med all-over tryck. Dragsko i sidosömmarna. Välj mellan olika dragbandsfärger.</p>
<p>Inkluderar fullfärg sublimation på två sidor.</p>
<p>Hela produkten trycks i din design. Allt från bottenfärgen till logotypen. Görs i fullfärgstryck, vilket ger total frihet i färger och layout.</p>
<p>Storlek: 38 x 42 cm (+/- 1 cm)<br />Material: RPET<br />Förpackad: individuell</p>
<p>The One Premium</p>

<p>Produkt tillverkad i Europa En väska / ryggsäck med all-over tryck. Dragsko i sidosömmarna. Välj mellan olika dragbandsfärger. Inkluderar fullfärg sublimation på två sidor. Hela produkten trycks i din design. Allt från bottenfärgen till logotypen. Görs i fullfärgstryck, vilket ger total frihet i färger och layout. Storlek: 38 x 42 cm (+/- 1 cm)Material: RPETFörpackad: [&hellip;]</p>
