{"id":77997,"date":"2024-12-27T03:06:28","date_gmt":"2024-12-27T02:06:28","guid":{"rendered":"https:\/\/www.atta45.se\/e-butik\/?post_type=product&#038;p=77997"},"modified":"2025-10-27T18:00:08","modified_gmt":"2025-10-27T17:00:08","slug":"lunch-bag-eu","status":"publish","type":"product","link":"https:\/\/www.atta45.se\/e-butik\/produkt\/lunch-bag-eu\/","title":{"rendered":"Lunch bag EU"},"content":{"rendered":"<p>En produkt tillverkad i Europa<\/p>\n<p>Moderiktig, praktisk och bekv\u00e4m v\u00e4ska f\u00f6r vardagsbruk (lunchv\u00e4ska).<br \/>V\u00e4skan \u00e4r gjord av slitstarkt, mjukt skummaterial.<br \/>Flexibelt material g\u00f6r att du kan packa saker i olika storlekar. Mjuk och<br \/>robusta handtag f\u00f6r bekv\u00e4m transport. Maskintv\u00e4ttbar (l\u00e5g temperatur) och gratis torkning.<\/p>\n<p>Tyg: skum, mjukt material<br \/>Storlek: 30 x 28 x 18 cm<br \/>Markeringspunkter: hela ytan<br \/>M\u00e4rkning: sublimering<\/p>\n<p>The One Premium<\/p>\n","protected":false},"excerpt":{"rendered":"<p>En produkt tillverkad i Europa Moderiktig, praktisk och bekv\u00e4m v\u00e4ska f\u00f6r vardagsbruk (lunchv\u00e4ska).V\u00e4skan \u00e4r gjord av slitstarkt, mjukt skummaterial.Flexibelt material g\u00f6r att du kan packa saker i olika storlekar. Mjuk ochrobusta handtag f\u00f6r bekv\u00e4m transport. Maskintv\u00e4ttbar (l\u00e5g temperatur) och gratis torkning. Tyg: skum, mjukt materialStorlek: 30 x 28 x 18 cmMarkeringspunkter: hela ytanM\u00e4rkning: sublimering The [&hellip;]<\/p>\n","protected":false},"featured_media":77998,"template":"","meta":{"_acf_changed":false,"_seopress_robots_primary_cat":"","_seopress_titles_title":"","_seopress_titles_desc":"","_seopress_robots_index":""},"product_brand":[],"product_cat":[15],"product_tag":[],"class_list":{"0":"post-77997","1":"product","2":"type-product","3":"status-publish","4":"has-post-thumbnail","6":"product_cat-okategoriserad","7":"atta45_taxonomy-kassar-pasar-kassar-sv","8":"atta45_taxonomy-vaskor-resetillbehor-ryggsackar-sv","9":"atta45_taxonomy-tema-inspiration-varumarken-the-one-premium-sv","10":"atta45_taxonomy-textil-vaskor-bagar-sv","12":"first","13":"instock","14":"taxable","15":"shipping-taxable","16":"purchasable","17":"product-type-variable"},"acf":[],"_links":{"self":[{"href":"https:\/\/www.atta45.se\/e-butik\/wp-json\/wp\/v2\/product\/77997","targetHints":{"allow":["GET"]}}],"collection":[{"href":"https:\/\/www.atta45.se\/e-butik\/wp-json\/wp\/v2\/product"}],"about":[{"href":"https:\/\/www.atta45.se\/e-butik\/wp-json\/wp\/v2\/types\/product"}],"wp:featuredmedia":[{"embeddable":true,"href":"https:\/\/www.atta45.se\/e-butik\/wp-json\/wp\/v2\/media\/77998"}],"wp:attachment":[{"href":"https:\/\/www.atta45.se\/e-butik\/wp-json\/wp\/v2\/media?parent=77997"}],"wp:term":[{"taxonomy":"product_brand","embeddable":true,"href":"https:\/\/www.atta45.se\/e-butik\/wp-json\/wp\/v2\/product_brand?post=77997"},{"taxonomy":"product_cat","embeddable":true,"href":"https:\/\/www.atta45.se\/e-butik\/wp-json\/wp\/v2\/product_cat?post=77997"},{"taxonomy":"product_tag","embeddable":true,"href":"https:\/\/www.atta45.se\/e-butik\/wp-json\/wp\/v2\/product_tag?post=77997"}],"curies":[{"name":"wp","href":"https:\/\/api.w.org\/{rel}","templated":true}]}}

<p>En produkt tillverkad i Europa</p>
<p>Moderiktig, praktisk och bekväm väska för vardagsbruk (lunchväska).<br />Väskan är gjord av slitstarkt, mjukt skummaterial.<br />Flexibelt material gör att du kan packa saker i olika storlekar. Mjuk och<br />robusta handtag för bekväm transport. Maskintvättbar (låg temperatur) och gratis torkning.</p>
<p>Tyg: skum, mjukt material<br />Storlek: 30 x 28 x 18 cm<br />Markeringspunkter: hela ytan<br />Märkning: sublimering</p>
<p>The One Premium</p>

<p>En produkt tillverkad i Europa Moderiktig, praktisk och bekväm väska för vardagsbruk (lunchväska).Väskan är gjord av slitstarkt, mjukt skummaterial.Flexibelt material gör att du kan packa saker i olika storlekar. Mjuk ochrobusta handtag för bekväm transport. Maskintvättbar (låg temperatur) och gratis torkning. Tyg: skum, mjukt materialStorlek: 30 x 28 x 18 cmMarkeringspunkter: hela ytanMärkning: sublimering The [&hellip;]</p>
