{"id":76645,"date":"2024-12-27T02:46:37","date_gmt":"2024-12-27T01:46:37","guid":{"rendered":"https:\/\/www.atta45.se\/e-butik\/?post_type=product&#038;p=76645"},"modified":"2025-10-27T19:53:54","modified_gmt":"2025-10-27T18:53:54","slug":"flap-ryggsack-av-rpet-polyester-300d-lyric","status":"publish","type":"product","link":"https:\/\/www.atta45.se\/e-butik\/produkt\/flap-ryggsack-av-rpet-polyester-300d-lyric\/","title":{"rendered":"Flap-ryggs\u00e4ck av RPET-polyester (300D) Lyric"},"content":{"rendered":"<p>Flap-ryggs\u00e4ck av RPET-polyester (300D). Tv\u00e5 flaskfickor p\u00e5 sidorna. Ett stort fack. Med svart PU-rem och st\u00e4ngningssp\u00e4nne.<\/p>\n","protected":false},"excerpt":{"rendered":"<p>Flap-ryggs\u00e4ck av RPET-polyester (300D). Tv\u00e5 flaskfickor p\u00e5 sidorna. Ett stort fack. Med svart PU-rem och st\u00e4ngningssp\u00e4nne.<\/p>\n","protected":false},"featured_media":76646,"template":"","meta":{"_acf_changed":false,"_seopress_robots_primary_cat":"","_seopress_titles_title":"","_seopress_titles_desc":"","_seopress_robots_index":""},"product_brand":[],"product_cat":[15],"product_tag":[],"class_list":{"0":"post-76645","1":"product","2":"type-product","3":"status-publish","4":"has-post-thumbnail","6":"product_cat-okategoriserad","7":"atta45_taxonomy-tema-inspiration-grona-intryck-eko-vaskor-sv","8":"atta45_taxonomy-tema-inspiration-ogonblick-en-dag-i-parken-sv","9":"atta45_taxonomy-tema-inspiration-grona-intryck-sv","10":"atta45_taxonomy-kassar-pasar-kassar-sv","11":"atta45_taxonomy-tema-inspiration-ogonblick-kontorsliv-sv","12":"atta45_taxonomy-tema-inspiration-utvalda-produkter-nyheter-sv","13":"atta45_taxonomy-nyheter-sv","14":"atta45_taxonomy-textil-organiskt-sv","15":"atta45_taxonomy-tema-inspiration-ogonblick-pa-vagen-sv","16":"atta45_taxonomy-vaskor-resetillbehor-ryggsackar-sv","17":"atta45_taxonomy-vaskor-resetillbehor-ryggsackar-axelremsvaskor-sv","18":"atta45_taxonomy-tema-inspiration-sv","19":"atta45_taxonomy-textil-vaskor-bagar-sv","20":"atta45_taxonomy-vaskor-resetillbehor-sv","22":"first","23":"instock","24":"taxable","25":"shipping-taxable","26":"purchasable","27":"product-type-variable"},"acf":[],"_links":{"self":[{"href":"https:\/\/www.atta45.se\/e-butik\/wp-json\/wp\/v2\/product\/76645","targetHints":{"allow":["GET"]}}],"collection":[{"href":"https:\/\/www.atta45.se\/e-butik\/wp-json\/wp\/v2\/product"}],"about":[{"href":"https:\/\/www.atta45.se\/e-butik\/wp-json\/wp\/v2\/types\/product"}],"wp:featuredmedia":[{"embeddable":true,"href":"https:\/\/www.atta45.se\/e-butik\/wp-json\/wp\/v2\/media\/76646"}],"wp:attachment":[{"href":"https:\/\/www.atta45.se\/e-butik\/wp-json\/wp\/v2\/media?parent=76645"}],"wp:term":[{"taxonomy":"product_brand","embeddable":true,"href":"https:\/\/www.atta45.se\/e-butik\/wp-json\/wp\/v2\/product_brand?post=76645"},{"taxonomy":"product_cat","embeddable":true,"href":"https:\/\/www.atta45.se\/e-butik\/wp-json\/wp\/v2\/product_cat?post=76645"},{"taxonomy":"product_tag","embeddable":true,"href":"https:\/\/www.atta45.se\/e-butik\/wp-json\/wp\/v2\/product_tag?post=76645"}],"curies":[{"name":"wp","href":"https:\/\/api.w.org\/{rel}","templated":true}]}}