{"id":76555,"date":"2024-12-27T02:45:17","date_gmt":"2024-12-27T01:45:17","guid":{"rendered":"https:\/\/www.atta45.se\/e-butik\/?post_type=product&#038;p=76555"},"modified":"2025-10-27T19:38:58","modified_gmt":"2025-10-27T18:38:58","slug":"polyester-ryggsack-i-rpet-celeste","status":"publish","type":"product","link":"https:\/\/www.atta45.se\/e-butik\/produkt\/polyester-ryggsack-i-rpet-celeste\/","title":{"rendered":"Polyester ryggs\u00e4ck i RPET celeste"},"content":{"rendered":"<p>Ryggs\u00e4ck av polyester RPET (600D) f\u00f6r 15-tums laptop med anti-st\u00f6ldfunktion. Liten ficka p\u00e5 baksidan och framsidan, flaskfack p\u00e5 sidorna, trolleyrem, laptop-fack med kardborrest\u00e4ngning och justerbara remmar. Detaljerna p\u00e5 botten \u00e4r tillverkade av \u00e5tervunna bild\u00e4ck.<\/p>\n","protected":false},"excerpt":{"rendered":"<p>Ryggs\u00e4ck av polyester RPET (600D) f\u00f6r 15-tums laptop med anti-st\u00f6ldfunktion. Liten ficka p\u00e5 baksidan och framsidan, flaskfack p\u00e5 sidorna, trolleyrem, laptop-fack med kardborrest\u00e4ngning och justerbara remmar. Detaljerna p\u00e5 botten \u00e4r tillverkade av \u00e5tervunna bild\u00e4ck.<\/p>\n","protected":false},"featured_media":76556,"template":"","meta":{"_acf_changed":false,"_seopress_robots_primary_cat":"","_seopress_titles_title":"","_seopress_titles_desc":"","_seopress_robots_index":""},"product_brand":[],"product_cat":[15],"product_tag":[],"class_list":{"0":"post-76555","1":"product","2":"type-product","3":"status-publish","4":"has-post-thumbnail","6":"product_cat-okategoriserad","7":"atta45_taxonomy-tema-inspiration-grona-intryck-eko-vaskor-sv","8":"atta45_taxonomy-tema-inspiration-grona-intryck-sv","9":"atta45_taxonomy-kassar-pasar-kassar-sv","10":"atta45_taxonomy-tema-inspiration-utvalda-produkter-nyheter-sv","11":"atta45_taxonomy-nyheter-sv","12":"atta45_taxonomy-textil-organiskt-sv","13":"atta45_taxonomy-vaskor-resetillbehor-ryggsackar-sv","14":"atta45_taxonomy-vaskor-resetillbehor-ryggsackar-axelremsvaskor-sv","15":"atta45_taxonomy-textil-vaskor-bagar-sv","16":"atta45_taxonomy-vaskor-resetillbehor-sv","18":"first","19":"instock","20":"taxable","21":"shipping-taxable","22":"purchasable","23":"product-type-variable"},"acf":[],"_links":{"self":[{"href":"https:\/\/www.atta45.se\/e-butik\/wp-json\/wp\/v2\/product\/76555","targetHints":{"allow":["GET"]}}],"collection":[{"href":"https:\/\/www.atta45.se\/e-butik\/wp-json\/wp\/v2\/product"}],"about":[{"href":"https:\/\/www.atta45.se\/e-butik\/wp-json\/wp\/v2\/types\/product"}],"wp:featuredmedia":[{"embeddable":true,"href":"https:\/\/www.atta45.se\/e-butik\/wp-json\/wp\/v2\/media\/76556"}],"wp:attachment":[{"href":"https:\/\/www.atta45.se\/e-butik\/wp-json\/wp\/v2\/media?parent=76555"}],"wp:term":[{"taxonomy":"product_brand","embeddable":true,"href":"https:\/\/www.atta45.se\/e-butik\/wp-json\/wp\/v2\/product_brand?post=76555"},{"taxonomy":"product_cat","embeddable":true,"href":"https:\/\/www.atta45.se\/e-butik\/wp-json\/wp\/v2\/product_cat?post=76555"},{"taxonomy":"product_tag","embeddable":true,"href":"https:\/\/www.atta45.se\/e-butik\/wp-json\/wp\/v2\/product_tag?post=76555"}],"curies":[{"name":"wp","href":"https:\/\/api.w.org\/{rel}","templated":true}]}}

Polyester ryggsäck i RPET celeste

<p>Ryggsäck av polyester RPET (600D) för 15-tums laptop med anti-stöldfunktion. Liten ficka på baksidan och framsidan, flaskfack på sidorna, trolleyrem, laptop-fack med kardborrestängning och justerbara remmar. Detaljerna på botten är tillverkade av återvunna bildäck.</p>
