{"id":76299,"date":"2024-12-27T02:40:28","date_gmt":"2024-12-27T01:40:28","guid":{"rendered":"https:\/\/www.atta45.se\/e-butik\/?post_type=product&#038;p=76299"},"modified":"2025-10-27T23:09:41","modified_gmt":"2025-10-27T22:09:41","slug":"vaderstation-digital","status":"publish","type":"product","link":"https:\/\/www.atta45.se\/e-butik\/produkt\/vaderstation-digital\/","title":{"rendered":"V\u00e4derstation, digital, Halima"},"content":{"rendered":"<p>Digital v\u00e4derstation med tid, alarm, snooze, veckodisplay, temperatur och fuktighet. Temperaturtrend, max\/min temperatur och fuktighets historik. Med display som lyser upp n\u00e4r man trycker p\u00e5 toppen av v\u00e4derstationen. Batterier medf\u00f6ljer.<\/p>\n","protected":false},"excerpt":{"rendered":"<p>Digital v\u00e4derstation med tid, alarm, snooze, veckodisplay, temperatur och fuktighet. Temperaturtrend, max\/min temperatur och fuktighets historik. Med display som lyser upp n\u00e4r man trycker p\u00e5 toppen av v\u00e4derstationen. Batterier medf\u00f6ljer.<\/p>\n","protected":false},"featured_media":76300,"template":"","meta":{"_acf_changed":false,"_seopress_robots_primary_cat":"","_seopress_titles_title":"","_seopress_titles_desc":"","_seopress_robots_index":""},"product_brand":[],"product_cat":[15],"product_tag":[],"class_list":{"0":"post-76299","1":"product","2":"type-product","3":"status-publish","4":"has-post-thumbnail","6":"product_cat-okategoriserad","7":"atta45_taxonomy-elektronik-kontor-sv","8":"atta45_taxonomy-tema-inspiration-ogonblick-framtiden-ar-din-sv","9":"atta45_taxonomy-paraply-sv","10":"atta45_taxonomy-tema-inspiration-sv","11":"atta45_taxonomy-elektronik-kontor-vaderstationer-sv","12":"atta45_taxonomy-hem-hushall-vaderstationer-sv","14":"first","15":"instock","16":"taxable","17":"shipping-taxable","18":"purchasable","19":"product-type-variable"},"acf":[],"_links":{"self":[{"href":"https:\/\/www.atta45.se\/e-butik\/wp-json\/wp\/v2\/product\/76299","targetHints":{"allow":["GET"]}}],"collection":[{"href":"https:\/\/www.atta45.se\/e-butik\/wp-json\/wp\/v2\/product"}],"about":[{"href":"https:\/\/www.atta45.se\/e-butik\/wp-json\/wp\/v2\/types\/product"}],"wp:featuredmedia":[{"embeddable":true,"href":"https:\/\/www.atta45.se\/e-butik\/wp-json\/wp\/v2\/media\/76300"}],"wp:attachment":[{"href":"https:\/\/www.atta45.se\/e-butik\/wp-json\/wp\/v2\/media?parent=76299"}],"wp:term":[{"taxonomy":"product_brand","embeddable":true,"href":"https:\/\/www.atta45.se\/e-butik\/wp-json\/wp\/v2\/product_brand?post=76299"},{"taxonomy":"product_cat","embeddable":true,"href":"https:\/\/www.atta45.se\/e-butik\/wp-json\/wp\/v2\/product_cat?post=76299"},{"taxonomy":"product_tag","embeddable":true,"href":"https:\/\/www.atta45.se\/e-butik\/wp-json\/wp\/v2\/product_tag?post=76299"}],"curies":[{"name":"wp","href":"https:\/\/api.w.org\/{rel}","templated":true}]}}