{"id":74878,"date":"2024-12-27T02:19:07","date_gmt":"2024-12-27T01:19:07","guid":{"rendered":"https:\/\/www.atta45.se\/e-butik\/?post_type=product&#038;p=74878"},"modified":"2025-10-27T17:26:29","modified_gmt":"2025-10-27T16:26:29","slug":"claus","status":"publish","type":"product","link":"https:\/\/www.atta45.se\/e-butik\/produkt\/claus\/","title":{"rendered":"Mugg Claus"},"content":{"rendered":"<p>En mugg utvecklad f\u00f6r julen.<\/p>\n<p>Den har en klassisk handtagsform och en rak kropp, vilket m\u00f6jligg\u00f6r stapling.<\/p>\n<p>Muggen har en egenskapsmark\u00f6r som visar kapaciteten p\u00e5 200 ml och m\u00e4rket f\u00f6r den enhet som ansvarar f\u00f6r marknadsf\u00f6ringen. M\u00e4rkningarna \u00f6verensst\u00e4mmer med EU:s krav<\/p>\n","protected":false},"excerpt":{"rendered":"<p>En mugg utvecklad f\u00f6r julen. Den har en klassisk handtagsform och en rak kropp, vilket m\u00f6jligg\u00f6r stapling. Muggen har en egenskapsmark\u00f6r som visar kapaciteten p\u00e5 200 ml och m\u00e4rket f\u00f6r den enhet som ansvarar f\u00f6r marknadsf\u00f6ringen. M\u00e4rkningarna \u00f6verensst\u00e4mmer med EU:s krav<\/p>\n","protected":false},"featured_media":74879,"template":"","meta":{"_acf_changed":false,"_seopress_robots_primary_cat":"","_seopress_titles_title":"","_seopress_titles_desc":"","_seopress_robots_index":""},"product_brand":[],"product_cat":[15],"product_tag":[],"class_list":{"0":"post-74878","1":"product","2":"type-product","3":"status-publish","4":"has-post-thumbnail","6":"product_cat-okategoriserad","7":"atta45_taxonomy-tema-inspiration-varumarken-cupline-sv","8":"atta45_taxonomy-hem-hushall-muggar-sv","9":"atta45_taxonomy-muggar-muggar-sv","11":"first","12":"instock","13":"taxable","14":"shipping-taxable","15":"purchasable","16":"product-type-variable"},"acf":[],"_links":{"self":[{"href":"https:\/\/www.atta45.se\/e-butik\/wp-json\/wp\/v2\/product\/74878","targetHints":{"allow":["GET"]}}],"collection":[{"href":"https:\/\/www.atta45.se\/e-butik\/wp-json\/wp\/v2\/product"}],"about":[{"href":"https:\/\/www.atta45.se\/e-butik\/wp-json\/wp\/v2\/types\/product"}],"wp:featuredmedia":[{"embeddable":true,"href":"https:\/\/www.atta45.se\/e-butik\/wp-json\/wp\/v2\/media\/74879"}],"wp:attachment":[{"href":"https:\/\/www.atta45.se\/e-butik\/wp-json\/wp\/v2\/media?parent=74878"}],"wp:term":[{"taxonomy":"product_brand","embeddable":true,"href":"https:\/\/www.atta45.se\/e-butik\/wp-json\/wp\/v2\/product_brand?post=74878"},{"taxonomy":"product_cat","embeddable":true,"href":"https:\/\/www.atta45.se\/e-butik\/wp-json\/wp\/v2\/product_cat?post=74878"},{"taxonomy":"product_tag","embeddable":true,"href":"https:\/\/www.atta45.se\/e-butik\/wp-json\/wp\/v2\/product_tag?post=74878"}],"curies":[{"name":"wp","href":"https:\/\/api.w.org\/{rel}","templated":true}]}}