{"id":74536,"date":"2024-12-27T02:13:18","date_gmt":"2024-12-27T01:13:18","guid":{"rendered":"https:\/\/www.atta45.se\/e-butik\/?post_type=product&#038;p=74536"},"modified":"2025-10-27T17:19:20","modified_gmt":"2025-10-27T16:19:20","slug":"freedom-lock","status":"publish","type":"product","link":"https:\/\/www.atta45.se\/e-butik\/produkt\/freedom-lock\/","title":{"rendered":"Mugg Freedom Lock"},"content":{"rendered":"<p>V\u00e4lisolerad reklammugg med dubbla v\u00e4ggar. V\u00e4ldigt stor tryckyta. Lock finns i f\u00f6ljande f\u00e4rger: vit, orange, r\u00f6d, gr\u00f6n, m\u00f6rkbl\u00e5, brun, och svart<\/p>\n","protected":false},"excerpt":{"rendered":"<p>V\u00e4lisolerad reklammugg med dubbla v\u00e4ggar. V\u00e4ldigt stor tryckyta. Lock finns i f\u00f6ljande f\u00e4rger: vit, orange, r\u00f6d, gr\u00f6n, m\u00f6rkbl\u00e5, brun, och svart<\/p>\n","protected":false},"featured_media":74537,"template":"","meta":{"_acf_changed":false,"_seopress_robots_primary_cat":"","_seopress_titles_title":"","_seopress_titles_desc":"","_seopress_robots_index":""},"product_brand":[],"product_cat":[15],"product_tag":[],"class_list":{"0":"post-74536","1":"product","2":"type-product","3":"status-publish","4":"has-post-thumbnail","6":"product_cat-okategoriserad","7":"atta45_taxonomy-tema-inspiration-varumarken-cupline-sv","8":"atta45_taxonomy-hem-hushall-muggar-sv","9":"atta45_taxonomy-muggar-muggar-sv","11":"first","12":"instock","13":"taxable","14":"shipping-taxable","15":"purchasable","16":"product-type-variable"},"acf":[],"_links":{"self":[{"href":"https:\/\/www.atta45.se\/e-butik\/wp-json\/wp\/v2\/product\/74536","targetHints":{"allow":["GET"]}}],"collection":[{"href":"https:\/\/www.atta45.se\/e-butik\/wp-json\/wp\/v2\/product"}],"about":[{"href":"https:\/\/www.atta45.se\/e-butik\/wp-json\/wp\/v2\/types\/product"}],"wp:featuredmedia":[{"embeddable":true,"href":"https:\/\/www.atta45.se\/e-butik\/wp-json\/wp\/v2\/media\/74537"}],"wp:attachment":[{"href":"https:\/\/www.atta45.se\/e-butik\/wp-json\/wp\/v2\/media?parent=74536"}],"wp:term":[{"taxonomy":"product_brand","embeddable":true,"href":"https:\/\/www.atta45.se\/e-butik\/wp-json\/wp\/v2\/product_brand?post=74536"},{"taxonomy":"product_cat","embeddable":true,"href":"https:\/\/www.atta45.se\/e-butik\/wp-json\/wp\/v2\/product_cat?post=74536"},{"taxonomy":"product_tag","embeddable":true,"href":"https:\/\/www.atta45.se\/e-butik\/wp-json\/wp\/v2\/product_tag?post=74536"}],"curies":[{"name":"wp","href":"https:\/\/api.w.org\/{rel}","templated":true}]}}