{"id":73412,"date":"2024-12-27T01:49:03","date_gmt":"2024-12-27T00:49:03","guid":{"rendered":"https:\/\/www.atta45.se\/e-butik\/?post_type=product&#038;p=73412"},"modified":"2025-10-28T03:01:38","modified_gmt":"2025-10-28T02:01:38","slug":"fruktkorgen-nya-jack","status":"publish","type":"product","link":"https:\/\/www.atta45.se\/e-butik\/produkt\/fruktkorgen-nya-jack\/","title":{"rendered":"Fruktkorg 3 SET (SMALL, MEDIUM, big)"},"content":{"rendered":"<p>H\u00f6gkvalitativ staplingsbar korg i pil, handgjord i Europa. Ett h\u00e5llbart lager med klarlack.<\/p>\n<p>S\u00e4ljs som styck eller 2-3 pack. Bra fruktkorg.<\/p>\n<p>Set om tv\u00e5 inneh\u00e5ller Liten och mellan-storlek.<\/p>\n<p>Set om tre inneh\u00e5ller Liten, mellan och stor korg.<\/p>\n","protected":false},"excerpt":{"rendered":"<p>H\u00f6gkvalitativ staplingsbar korg i pil, handgjord i Europa. Ett h\u00e5llbart lager med klarlack. S\u00e4ljs som styck eller 2-3 pack. Bra fruktkorg. Set om tv\u00e5 inneh\u00e5ller Liten och mellan-storlek. Set om tre inneh\u00e5ller Liten, mellan och stor korg.<\/p>\n","protected":false},"featured_media":73413,"template":"","meta":{"_acf_changed":false,"_seopress_robots_primary_cat":"","_seopress_titles_title":"","_seopress_titles_desc":"","_seopress_robots_index":""},"product_brand":[],"product_cat":[15],"product_tag":[],"class_list":{"0":"post-73412","1":"product","2":"type-product","3":"status-publish","4":"has-post-thumbnail","6":"product_cat-okategoriserad","7":"atta45_taxonomy-korgar-presentkorgar-sv","8":"atta45_taxonomy-hem-hushall-korgar-presentkorgar-sv","10":"first","11":"instock","12":"taxable","13":"shipping-taxable","14":"purchasable","15":"product-type-variable"},"acf":[],"_links":{"self":[{"href":"https:\/\/www.atta45.se\/e-butik\/wp-json\/wp\/v2\/product\/73412","targetHints":{"allow":["GET"]}}],"collection":[{"href":"https:\/\/www.atta45.se\/e-butik\/wp-json\/wp\/v2\/product"}],"about":[{"href":"https:\/\/www.atta45.se\/e-butik\/wp-json\/wp\/v2\/types\/product"}],"wp:featuredmedia":[{"embeddable":true,"href":"https:\/\/www.atta45.se\/e-butik\/wp-json\/wp\/v2\/media\/73413"}],"wp:attachment":[{"href":"https:\/\/www.atta45.se\/e-butik\/wp-json\/wp\/v2\/media?parent=73412"}],"wp:term":[{"taxonomy":"product_brand","embeddable":true,"href":"https:\/\/www.atta45.se\/e-butik\/wp-json\/wp\/v2\/product_brand?post=73412"},{"taxonomy":"product_cat","embeddable":true,"href":"https:\/\/www.atta45.se\/e-butik\/wp-json\/wp\/v2\/product_cat?post=73412"},{"taxonomy":"product_tag","embeddable":true,"href":"https:\/\/www.atta45.se\/e-butik\/wp-json\/wp\/v2\/product_tag?post=73412"}],"curies":[{"name":"wp","href":"https:\/\/api.w.org\/{rel}","templated":true}]}}