{"id":72908,"date":"2024-12-27T01:38:02","date_gmt":"2024-12-27T00:38:02","guid":{"rendered":"https:\/\/www.atta45.se\/e-butik\/?post_type=product&#038;p=72908"},"modified":"2025-10-27T15:44:25","modified_gmt":"2025-10-27T14:44:25","slug":"vin-set-i-rostfritt-stal-och-bambu","status":"publish","type":"product","link":"https:\/\/www.atta45.se\/e-butik\/produkt\/vin-set-i-rostfritt-stal-och-bambu\/","title":{"rendered":"Vin-set i rostfritt st\u00e5l och bambu Leonie"},"content":{"rendered":"<p>G\u00e5voset f\u00f6r vin best\u00e5ende av korkskruv i rostfritt st\u00e5l, ring och stopper f\u00f6r flaskan, med detaljer i bambu. Levereras i presentask av bambu.<\/p>\n","protected":false},"excerpt":{"rendered":"<p>G\u00e5voset f\u00f6r vin best\u00e5ende av korkskruv i rostfritt st\u00e5l, ring och stopper f\u00f6r flaskan, med detaljer i bambu. Levereras i presentask av bambu.<\/p>\n","protected":false},"featured_media":72909,"template":"","meta":{"_acf_changed":false,"_seopress_robots_primary_cat":"","_seopress_titles_title":"","_seopress_titles_desc":"","_seopress_robots_index":""},"product_brand":[],"product_cat":[15],"product_tag":[],"class_list":{"0":"post-72908","1":"product","2":"type-product","3":"status-publish","4":"has-post-thumbnail","6":"product_cat-okategoriserad","7":"atta45_taxonomy-tema-inspiration-ogonblick-alla-hjartans-dag-sv","8":"atta45_taxonomy-tema-inspiration-ogonblick-arsslut-sv","9":"atta45_taxonomy-tema-inspiration-grona-intryck-bambu-sv","10":"atta45_taxonomy-tema-inspiration-grona-intryck-eco-basic-sv","11":"atta45_taxonomy-tema-inspiration-ogonblick-en-gron-planet-sv","12":"atta45_taxonomy-tema-inspiration-grona-intryck-sv","13":"atta45_taxonomy-hem-hushall-koksartiklar-sv","14":"atta45_taxonomy-tema-inspiration-ogonblick-sv","15":"atta45_taxonomy-hem-hushall-ostbrickor-sv","16":"atta45_taxonomy-tema-inspiration-sv","17":"atta45_taxonomy-hem-hushall-vintillbehor-sv","19":"first","20":"instock","21":"taxable","22":"shipping-taxable","23":"purchasable","24":"product-type-variable"},"acf":[],"_links":{"self":[{"href":"https:\/\/www.atta45.se\/e-butik\/wp-json\/wp\/v2\/product\/72908","targetHints":{"allow":["GET"]}}],"collection":[{"href":"https:\/\/www.atta45.se\/e-butik\/wp-json\/wp\/v2\/product"}],"about":[{"href":"https:\/\/www.atta45.se\/e-butik\/wp-json\/wp\/v2\/types\/product"}],"wp:featuredmedia":[{"embeddable":true,"href":"https:\/\/www.atta45.se\/e-butik\/wp-json\/wp\/v2\/media\/72909"}],"wp:attachment":[{"href":"https:\/\/www.atta45.se\/e-butik\/wp-json\/wp\/v2\/media?parent=72908"}],"wp:term":[{"taxonomy":"product_brand","embeddable":true,"href":"https:\/\/www.atta45.se\/e-butik\/wp-json\/wp\/v2\/product_brand?post=72908"},{"taxonomy":"product_cat","embeddable":true,"href":"https:\/\/www.atta45.se\/e-butik\/wp-json\/wp\/v2\/product_cat?post=72908"},{"taxonomy":"product_tag","embeddable":true,"href":"https:\/\/www.atta45.se\/e-butik\/wp-json\/wp\/v2\/product_tag?post=72908"}],"curies":[{"name":"wp","href":"https:\/\/api.w.org\/{rel}","templated":true}]}}