{"id":72071,"date":"2024-12-27T01:22:20","date_gmt":"2024-12-27T00:22:20","guid":{"rendered":"https:\/\/www.atta45.se\/e-butik\/?post_type=product&#038;p=72071"},"modified":"2025-10-27T19:15:23","modified_gmt":"2025-10-27T18:15:23","slug":"max-supra","status":"publish","type":"product","link":"https:\/\/www.atta45.se\/e-butik\/produkt\/max-supra\/","title":{"rendered":"Glas Max Supra"},"content":{"rendered":"<p>Popul\u00e4rt tjockt glas. Den nedre delen har karakteristiska sp\u00e5r f\u00f6r ett s\u00e4kert grepp. Den \u00f6vre delen m\u00f6jligg\u00f6r applicering av ett presentabelt tryck.<\/p>\n","protected":false},"excerpt":{"rendered":"<p>Popul\u00e4rt tjockt glas. Den nedre delen har karakteristiska sp\u00e5r f\u00f6r ett s\u00e4kert grepp. Den \u00f6vre delen m\u00f6jligg\u00f6r applicering av ett presentabelt tryck.<\/p>\n","protected":false},"featured_media":72072,"template":"","meta":{"_acf_changed":false,"_seopress_robots_primary_cat":"","_seopress_titles_title":"","_seopress_titles_desc":"","_seopress_robots_index":""},"product_brand":[],"product_cat":[15],"product_tag":[],"class_list":{"0":"post-72071","1":"product","2":"type-product","3":"status-publish","4":"has-post-thumbnail","6":"product_cat-okategoriserad","7":"atta45_taxonomy-tema-inspiration-varumarken-cupline-sv","8":"atta45_taxonomy-hem-hushall-glas-sv","9":"atta45_taxonomy-muggar-glas-sv","10":"atta45_taxonomy-nyheter-sv","12":"first","13":"instock","14":"taxable","15":"shipping-taxable","16":"purchasable","17":"product-type-variable"},"acf":[],"_links":{"self":[{"href":"https:\/\/www.atta45.se\/e-butik\/wp-json\/wp\/v2\/product\/72071","targetHints":{"allow":["GET"]}}],"collection":[{"href":"https:\/\/www.atta45.se\/e-butik\/wp-json\/wp\/v2\/product"}],"about":[{"href":"https:\/\/www.atta45.se\/e-butik\/wp-json\/wp\/v2\/types\/product"}],"wp:featuredmedia":[{"embeddable":true,"href":"https:\/\/www.atta45.se\/e-butik\/wp-json\/wp\/v2\/media\/72072"}],"wp:attachment":[{"href":"https:\/\/www.atta45.se\/e-butik\/wp-json\/wp\/v2\/media?parent=72071"}],"wp:term":[{"taxonomy":"product_brand","embeddable":true,"href":"https:\/\/www.atta45.se\/e-butik\/wp-json\/wp\/v2\/product_brand?post=72071"},{"taxonomy":"product_cat","embeddable":true,"href":"https:\/\/www.atta45.se\/e-butik\/wp-json\/wp\/v2\/product_cat?post=72071"},{"taxonomy":"product_tag","embeddable":true,"href":"https:\/\/www.atta45.se\/e-butik\/wp-json\/wp\/v2\/product_tag?post=72071"}],"curies":[{"name":"wp","href":"https:\/\/api.w.org\/{rel}","templated":true}]}}