{"id":71982,"date":"2024-12-27T01:19:49","date_gmt":"2024-12-27T00:19:49","guid":{"rendered":"https:\/\/www.atta45.se\/e-butik\/?post_type=product&#038;p=71982"},"modified":"2025-10-27T19:13:44","modified_gmt":"2025-10-27T18:13:44","slug":"top-glas","status":"publish","type":"product","link":"https:\/\/www.atta45.se\/e-butik\/produkt\/top-glas\/","title":{"rendered":"Glas Top"},"content":{"rendered":"<p>H\u00f6gt glas f\u00f6r kalla drycker. Den tjocka basen stabiliserar glaset, vilket g\u00f6r det mer ergonomiskt. Tack vare sin enkla stil och slimmade design \u00e4r det ett perfekt reklammedium f\u00f6r ditt f\u00f6retag.<\/p>\n<p>Kapacitet: 430 ml<br \/>H\u00f6jd: 152 mm<br \/>Diameter 89 mm <\/p>\n","protected":false},"excerpt":{"rendered":"<p>H\u00f6gt glas f\u00f6r kalla drycker. Den tjocka basen stabiliserar glaset, vilket g\u00f6r det mer ergonomiskt. Tack vare sin enkla stil och slimmade design \u00e4r det ett perfekt reklammedium f\u00f6r ditt f\u00f6retag. Kapacitet: 430 mlH\u00f6jd: 152 mmDiameter 89 mm<\/p>\n","protected":false},"featured_media":71983,"template":"","meta":{"_acf_changed":false,"_seopress_robots_primary_cat":"","_seopress_titles_title":"","_seopress_titles_desc":"","_seopress_robots_index":""},"product_brand":[],"product_cat":[15],"product_tag":[],"class_list":{"0":"post-71982","1":"product","2":"type-product","3":"status-publish","4":"has-post-thumbnail","6":"product_cat-okategoriserad","7":"atta45_taxonomy-tema-inspiration-varumarken-cupline-sv","8":"atta45_taxonomy-hem-hushall-glas-sv","9":"atta45_taxonomy-muggar-glas-sv","11":"first","12":"instock","13":"taxable","14":"shipping-taxable","15":"purchasable","16":"product-type-variable"},"acf":[],"_links":{"self":[{"href":"https:\/\/www.atta45.se\/e-butik\/wp-json\/wp\/v2\/product\/71982","targetHints":{"allow":["GET"]}}],"collection":[{"href":"https:\/\/www.atta45.se\/e-butik\/wp-json\/wp\/v2\/product"}],"about":[{"href":"https:\/\/www.atta45.se\/e-butik\/wp-json\/wp\/v2\/types\/product"}],"wp:featuredmedia":[{"embeddable":true,"href":"https:\/\/www.atta45.se\/e-butik\/wp-json\/wp\/v2\/media\/71983"}],"wp:attachment":[{"href":"https:\/\/www.atta45.se\/e-butik\/wp-json\/wp\/v2\/media?parent=71982"}],"wp:term":[{"taxonomy":"product_brand","embeddable":true,"href":"https:\/\/www.atta45.se\/e-butik\/wp-json\/wp\/v2\/product_brand?post=71982"},{"taxonomy":"product_cat","embeddable":true,"href":"https:\/\/www.atta45.se\/e-butik\/wp-json\/wp\/v2\/product_cat?post=71982"},{"taxonomy":"product_tag","embeddable":true,"href":"https:\/\/www.atta45.se\/e-butik\/wp-json\/wp\/v2\/product_tag?post=71982"}],"curies":[{"name":"wp","href":"https:\/\/api.w.org\/{rel}","templated":true}]}}