{"id":71508,"date":"2024-12-27T01:12:42","date_gmt":"2024-12-27T00:12:42","guid":{"rendered":"https:\/\/www.atta45.se\/e-butik\/?post_type=product&#038;p=71508"},"modified":"2025-10-27T16:56:34","modified_gmt":"2025-10-27T15:56:34","slug":"ljus-i-glashallare-matthew","status":"publish","type":"product","link":"https:\/\/www.atta45.se\/e-butik\/produkt\/ljus-i-glashallare-matthew\/","title":{"rendered":"Ljus i glash\u00e5llare Matthew"},"content":{"rendered":"<p>Ljus i h\u00e5llare av glas med v\u00e4xtbaserat vax och bambulock. Ljuset inneh\u00e5ller huvudsakligen v\u00e4xtbaserat vax (karnaubavax) och har en brinntid p\u00e5 ca 20 timmar. Fyra dofter beroende p\u00e5 glasets f\u00e4rg: kanel (r\u00f6d), vanilj (vit), sandeltr\u00e4 (svart) och jasmin (gr\u00f6n). Individuellt f\u00f6rpackad i en vit tub.<\/p>\n","protected":false},"excerpt":{"rendered":"<p>Ljus i h\u00e5llare av glas med v\u00e4xtbaserat vax och bambulock. Ljuset inneh\u00e5ller huvudsakligen v\u00e4xtbaserat vax (karnaubavax) och har en brinntid p\u00e5 ca 20 timmar. Fyra dofter beroende p\u00e5 glasets f\u00e4rg: kanel (r\u00f6d), vanilj (vit), sandeltr\u00e4 (svart) och jasmin (gr\u00f6n). Individuellt f\u00f6rpackad i en vit tub.<\/p>\n","protected":false},"featured_media":71509,"template":"","meta":{"_acf_changed":false,"_seopress_robots_primary_cat":"","_seopress_titles_title":"","_seopress_titles_desc":"","_seopress_robots_index":""},"product_brand":[],"product_cat":[15],"product_tag":[],"class_list":{"0":"post-71508","1":"product","2":"type-product","3":"status-publish","4":"has-post-thumbnail","6":"product_cat-okategoriserad","7":"atta45_taxonomy-tema-inspiration-grona-intryck-eco-basic-sv","8":"atta45_taxonomy-tema-inspiration-grona-intryck-sv","9":"atta45_taxonomy-hem-hushall-sv","10":"atta45_taxonomy-tema-inspiration-sasong-host-sv","11":"atta45_taxonomy-hem-hushall-ljus-doftset-sv","12":"atta45_taxonomy-tema-inspiration-speciella-trycktekniker-name-it-sv","13":"atta45_taxonomy-tema-inspiration-speciella-trycktekniker-mega-laser-sv","14":"atta45_taxonomy-tema-inspiration-ogonblick-regniga-dagar-sv","15":"atta45_taxonomy-tema-inspiration-sasong-sv","16":"atta45_taxonomy-tema-inspiration-branscher-skonhet-friskvard-sv","17":"atta45_taxonomy-tema-inspiration-speciella-trycktekniker-sv","18":"atta45_taxonomy-tema-inspiration-sv","19":"atta45_taxonomy-tema-inspiration-sasong-vinter-sv","21":"first","22":"instock","23":"taxable","24":"shipping-taxable","25":"purchasable","26":"product-type-variable"},"acf":[],"_links":{"self":[{"href":"https:\/\/www.atta45.se\/e-butik\/wp-json\/wp\/v2\/product\/71508","targetHints":{"allow":["GET"]}}],"collection":[{"href":"https:\/\/www.atta45.se\/e-butik\/wp-json\/wp\/v2\/product"}],"about":[{"href":"https:\/\/www.atta45.se\/e-butik\/wp-json\/wp\/v2\/types\/product"}],"wp:featuredmedia":[{"embeddable":true,"href":"https:\/\/www.atta45.se\/e-butik\/wp-json\/wp\/v2\/media\/71509"}],"wp:attachment":[{"href":"https:\/\/www.atta45.se\/e-butik\/wp-json\/wp\/v2\/media?parent=71508"}],"wp:term":[{"taxonomy":"product_brand","embeddable":true,"href":"https:\/\/www.atta45.se\/e-butik\/wp-json\/wp\/v2\/product_brand?post=71508"},{"taxonomy":"product_cat","embeddable":true,"href":"https:\/\/www.atta45.se\/e-butik\/wp-json\/wp\/v2\/product_cat?post=71508"},{"taxonomy":"product_tag","embeddable":true,"href":"https:\/\/www.atta45.se\/e-butik\/wp-json\/wp\/v2\/product_tag?post=71508"}],"curies":[{"name":"wp","href":"https:\/\/api.w.org\/{rel}","templated":true}]}}

Ljus i glashållare Matthew

<p>Ljus i hållare av glas med växtbaserat vax och bambulock. Ljuset innehåller huvudsakligen växtbaserat vax (karnaubavax) och har en brinntid på ca 20 timmar. Fyra dofter beroende på glasets färg: kanel (röd), vanilj (vit), sandelträ (svart) och jasmin (grön). Individuellt förpackad i en vit tub.</p>
