{"id":71452,"date":"2024-12-27T01:12:11","date_gmt":"2024-12-27T00:12:11","guid":{"rendered":"https:\/\/www.atta45.se\/e-butik\/?post_type=product&#038;p=71452"},"modified":"2025-10-27T16:30:33","modified_gmt":"2025-10-27T15:30:33","slug":"lappbalsam-lipcare","status":"publish","type":"product","link":"https:\/\/www.atta45.se\/e-butik\/produkt\/lappbalsam-lipcare\/","title":{"rendered":"L\u00e4ppbalsam Lipcare"},"content":{"rendered":"<p>L\u00e4ppbalsam i klassik plasthylsa med vridmekanism. Huvudingrediensen \u00e4r bivax och solskyddsfaktor SPF15 ing\u00e5r. Alla f\u00e4rger \u00e4r transparenta f\u00f6rutom Vit (02), silver (32) och svart (01) som har en matt finish.<br \/>Varorna i lager har en h\u00e5llbarhet p\u00e5 minst 2 \u00bd \u00e5r. Efter \u00f6ppning ca 6 m\u00e5nader.<\/p>\n","protected":false},"excerpt":{"rendered":"<p>L\u00e4ppbalsam i klassik plasthylsa med vridmekanism. Huvudingrediensen \u00e4r bivax och solskyddsfaktor SPF15 ing\u00e5r. Alla f\u00e4rger \u00e4r transparenta f\u00f6rutom Vit (02), silver (32) och svart (01) som har en matt finish.Varorna i lager har en h\u00e5llbarhet p\u00e5 minst 2 \u00bd \u00e5r. Efter \u00f6ppning ca 6 m\u00e5nader.<\/p>\n","protected":false},"featured_media":71453,"template":"","meta":{"_acf_changed":false,"_seopress_robots_primary_cat":"","_seopress_titles_title":"","_seopress_titles_desc":"","_seopress_robots_index":""},"product_brand":[],"product_cat":[15],"product_tag":[],"class_list":{"0":"post-71452","1":"product","2":"type-product","3":"status-publish","4":"has-post-thumbnail","6":"product_cat-okategoriserad","7":"atta45_taxonomy-tema-inspiration-branscher-sv","8":"atta45_taxonomy-tema-inspiration-ogonblick-fargglad-lycka-sv","9":"atta45_taxonomy-hem-hushall-sv","10":"atta45_taxonomy-tema-inspiration-sasong-host-sv","11":"atta45_taxonomy-praktiska-ting-lappglans-sv","12":"atta45_taxonomy-tema-inspiration-speciella-trycktekniker-name-it-sv","13":"atta45_taxonomy-tema-inspiration-sasong-sv","14":"atta45_taxonomy-tema-inspiration-branscher-skonhet-friskvard-sv","15":"atta45_taxonomy-tema-inspiration-speciella-trycktekniker-sv","16":"atta45_taxonomy-tema-inspiration-sv","17":"atta45_taxonomy-tema-inspiration-sasong-vinter-sv","19":"first","20":"instock","21":"taxable","22":"shipping-taxable","23":"purchasable","24":"product-type-variable"},"acf":[],"_links":{"self":[{"href":"https:\/\/www.atta45.se\/e-butik\/wp-json\/wp\/v2\/product\/71452","targetHints":{"allow":["GET"]}}],"collection":[{"href":"https:\/\/www.atta45.se\/e-butik\/wp-json\/wp\/v2\/product"}],"about":[{"href":"https:\/\/www.atta45.se\/e-butik\/wp-json\/wp\/v2\/types\/product"}],"wp:featuredmedia":[{"embeddable":true,"href":"https:\/\/www.atta45.se\/e-butik\/wp-json\/wp\/v2\/media\/71453"}],"wp:attachment":[{"href":"https:\/\/www.atta45.se\/e-butik\/wp-json\/wp\/v2\/media?parent=71452"}],"wp:term":[{"taxonomy":"product_brand","embeddable":true,"href":"https:\/\/www.atta45.se\/e-butik\/wp-json\/wp\/v2\/product_brand?post=71452"},{"taxonomy":"product_cat","embeddable":true,"href":"https:\/\/www.atta45.se\/e-butik\/wp-json\/wp\/v2\/product_cat?post=71452"},{"taxonomy":"product_tag","embeddable":true,"href":"https:\/\/www.atta45.se\/e-butik\/wp-json\/wp\/v2\/product_tag?post=71452"}],"curies":[{"name":"wp","href":"https:\/\/api.w.org\/{rel}","templated":true}]}}

Läppbalsam Lipcare

<p>Läppbalsam i klassik plasthylsa med vridmekanism. Huvudingrediensen är bivax och solskyddsfaktor SPF15 ingår. Alla färger är transparenta förutom Vit (02), silver (32) och svart (01) som har en matt finish.<br />Varorna i lager har en hållbarhet på minst 2 ½ år. Efter öppning ca 6 månader.</p>

<p>Läppbalsam i klassik plasthylsa med vridmekanism. Huvudingrediensen är bivax och solskyddsfaktor SPF15 ingår. Alla färger är transparenta förutom Vit (02), silver (32) och svart (01) som har en matt finish.Varorna i lager har en hållbarhet på minst 2 ½ år. Efter öppning ca 6 månader.</p>
