{"id":71428,"date":"2024-12-27T01:11:46","date_gmt":"2024-12-27T00:11:46","guid":{"rendered":"https:\/\/www.atta45.se\/e-butik\/?post_type=product&#038;p=71428"},"modified":"2025-10-27T16:15:38","modified_gmt":"2025-10-27T15:15:38","slug":"manikyrset-i-pase","status":"publish","type":"product","link":"https:\/\/www.atta45.se\/e-butik\/produkt\/manikyrset-i-pase\/","title":{"rendered":"Manikyrset i p\u00e5se PVC Blake"},"content":{"rendered":"<p>Manikyrset i p\u00e5se av PVC, inkluderar sax, nagelfil, nagelklippare, nagelbandspusher samt spatel f\u00f6r nagelbandsv\u00e5rd.<\/p>\n","protected":false},"excerpt":{"rendered":"<p>Manikyrset i p\u00e5se av PVC, inkluderar sax, nagelfil, nagelklippare, nagelbandspusher samt spatel f\u00f6r nagelbandsv\u00e5rd.<\/p>\n","protected":false},"featured_media":71429,"template":"","meta":{"_acf_changed":false,"_seopress_robots_primary_cat":"","_seopress_titles_title":"","_seopress_titles_desc":"","_seopress_robots_index":""},"product_brand":[],"product_cat":[15],"product_tag":[],"class_list":{"0":"post-71428","1":"product","2":"type-product","3":"status-publish","4":"has-post-thumbnail","6":"product_cat-okategoriserad","7":"atta45_taxonomy-tema-inspiration-branscher-sv","8":"atta45_taxonomy-hem-hushall-sv","9":"atta45_taxonomy-tema-inspiration-branscher-skonhet-friskvard-sv","10":"atta45_taxonomy-tema-inspiration-sv","12":"first","13":"instock","14":"taxable","15":"shipping-taxable","16":"purchasable","17":"product-type-variable"},"acf":[],"_links":{"self":[{"href":"https:\/\/www.atta45.se\/e-butik\/wp-json\/wp\/v2\/product\/71428","targetHints":{"allow":["GET"]}}],"collection":[{"href":"https:\/\/www.atta45.se\/e-butik\/wp-json\/wp\/v2\/product"}],"about":[{"href":"https:\/\/www.atta45.se\/e-butik\/wp-json\/wp\/v2\/types\/product"}],"wp:featuredmedia":[{"embeddable":true,"href":"https:\/\/www.atta45.se\/e-butik\/wp-json\/wp\/v2\/media\/71429"}],"wp:attachment":[{"href":"https:\/\/www.atta45.se\/e-butik\/wp-json\/wp\/v2\/media?parent=71428"}],"wp:term":[{"taxonomy":"product_brand","embeddable":true,"href":"https:\/\/www.atta45.se\/e-butik\/wp-json\/wp\/v2\/product_brand?post=71428"},{"taxonomy":"product_cat","embeddable":true,"href":"https:\/\/www.atta45.se\/e-butik\/wp-json\/wp\/v2\/product_cat?post=71428"},{"taxonomy":"product_tag","embeddable":true,"href":"https:\/\/www.atta45.se\/e-butik\/wp-json\/wp\/v2\/product_tag?post=71428"}],"curies":[{"name":"wp","href":"https:\/\/api.w.org\/{rel}","templated":true}]}}