{"id":71360,"date":"2024-12-27T01:10:37","date_gmt":"2024-12-27T00:10:37","guid":{"rendered":"https:\/\/www.atta45.se\/e-butik\/?post_type=product&#038;p=71360"},"modified":"2025-10-27T14:05:56","modified_gmt":"2025-10-27T13:05:56","slug":"morgonrock-i-fleece-med-tva-fickor","status":"publish","type":"product","link":"https:\/\/www.atta45.se\/e-butik\/produkt\/morgonrock-i-fleece-med-tva-fickor\/","title":{"rendered":"Morgonrock fleece (210 gr\/m\u00b2) Derek"},"content":{"rendered":"<p>Morgonrock i fleece med tv\u00e5 p\u00e5sydda fickor fram. Inklusive matchande knytsk\u00e4rp, 178 x 4 cm. <br \/>Storlek L\/XL (Bredd 70 cm st\u00e4ngd | L\u00e4ngd 110 cm) <\/p>\n","protected":false},"excerpt":{"rendered":"<p>Morgonrock i fleece med tv\u00e5 p\u00e5sydda fickor fram. Inklusive matchande knytsk\u00e4rp, 178 x 4 cm. Storlek L\/XL (Bredd 70 cm st\u00e4ngd | L\u00e4ngd 110 cm)<\/p>\n","protected":false},"featured_media":71361,"template":"","meta":{"_acf_changed":false,"_seopress_robots_primary_cat":"","_seopress_titles_title":"","_seopress_titles_desc":"","_seopress_robots_index":""},"product_brand":[],"product_cat":[15],"product_tag":[],"class_list":{"0":"post-71360","1":"product","2":"type-product","3":"status-publish","4":"has-post-thumbnail","6":"product_cat-okategoriserad","7":"atta45_taxonomy-tema-inspiration-ogonblick-arsslut-sv","8":"atta45_taxonomy-tema-inspiration-branscher-sv","9":"atta45_taxonomy-tema-inspiration-speciella-trycktekniker-brodyr-sv","10":"atta45_taxonomy-hem-hushall-sv","11":"atta45_taxonomy-tema-inspiration-branscher-skonhet-friskvard-sv","12":"atta45_taxonomy-tema-inspiration-speciella-trycktekniker-sv","13":"atta45_taxonomy-tema-inspiration-sv","14":"atta45_taxonomy-tema-inspiration-ogonblick-vinterlandskap-sv","16":"first","17":"instock","18":"taxable","19":"shipping-taxable","20":"purchasable","21":"product-type-variable"},"acf":[],"_links":{"self":[{"href":"https:\/\/www.atta45.se\/e-butik\/wp-json\/wp\/v2\/product\/71360","targetHints":{"allow":["GET"]}}],"collection":[{"href":"https:\/\/www.atta45.se\/e-butik\/wp-json\/wp\/v2\/product"}],"about":[{"href":"https:\/\/www.atta45.se\/e-butik\/wp-json\/wp\/v2\/types\/product"}],"wp:featuredmedia":[{"embeddable":true,"href":"https:\/\/www.atta45.se\/e-butik\/wp-json\/wp\/v2\/media\/71361"}],"wp:attachment":[{"href":"https:\/\/www.atta45.se\/e-butik\/wp-json\/wp\/v2\/media?parent=71360"}],"wp:term":[{"taxonomy":"product_brand","embeddable":true,"href":"https:\/\/www.atta45.se\/e-butik\/wp-json\/wp\/v2\/product_brand?post=71360"},{"taxonomy":"product_cat","embeddable":true,"href":"https:\/\/www.atta45.se\/e-butik\/wp-json\/wp\/v2\/product_cat?post=71360"},{"taxonomy":"product_tag","embeddable":true,"href":"https:\/\/www.atta45.se\/e-butik\/wp-json\/wp\/v2\/product_tag?post=71360"}],"curies":[{"name":"wp","href":"https:\/\/api.w.org\/{rel}","templated":true}]}}