{"id":71256,"date":"2024-12-27T01:08:30","date_gmt":"2024-12-27T00:08:30","guid":{"rendered":"https:\/\/www.atta45.se\/e-butik\/?post_type=product&#038;p=71256"},"modified":"2025-10-27T23:51:02","modified_gmt":"2025-10-27T22:51:02","slug":"necessar-i-polyester-och-kork","status":"publish","type":"product","link":"https:\/\/www.atta45.se\/e-butik\/produkt\/necessar-i-polyester-och-kork\/","title":{"rendered":"Necess\u00e4r i polyester och kork Lynn"},"content":{"rendered":"<p>Necess\u00e4r i polyester (600D) och kork med dragkedja och b\u00e4rhandtag.<\/p>\n","protected":false},"excerpt":{"rendered":"<p>Necess\u00e4r i polyester (600D) och kork med dragkedja och b\u00e4rhandtag.<\/p>\n","protected":false},"featured_media":71257,"template":"","meta":{"_acf_changed":false,"_seopress_robots_primary_cat":"","_seopress_titles_title":"","_seopress_titles_desc":"","_seopress_robots_index":""},"product_brand":[],"product_cat":[15],"product_tag":[],"class_list":{"0":"post-71256","1":"product","2":"type-product","3":"status-publish","4":"has-post-thumbnail","6":"product_cat-okategoriserad","7":"atta45_taxonomy-tema-inspiration-grona-intryck-eco-basic-sv","8":"atta45_taxonomy-tema-inspiration-grona-intryck-eko-vaskor-sv","9":"atta45_taxonomy-tema-inspiration-grona-intryck-sv","10":"atta45_taxonomy-textil-halsovard-och-valbefinnande-sv","11":"atta45_taxonomy-hem-hushall-sv","12":"atta45_taxonomy-textil-hem-interior-sv","13":"atta45_taxonomy-tema-inspiration-grona-intryck-kork-sv","14":"atta45_taxonomy-vaskor-resetillbehor-sminkvaska-sv","15":"atta45_taxonomy-vaskor-resetillbehor-sv","17":"first","18":"instock","19":"taxable","20":"shipping-taxable","21":"purchasable","22":"product-type-variable"},"acf":[],"_links":{"self":[{"href":"https:\/\/www.atta45.se\/e-butik\/wp-json\/wp\/v2\/product\/71256","targetHints":{"allow":["GET"]}}],"collection":[{"href":"https:\/\/www.atta45.se\/e-butik\/wp-json\/wp\/v2\/product"}],"about":[{"href":"https:\/\/www.atta45.se\/e-butik\/wp-json\/wp\/v2\/types\/product"}],"wp:featuredmedia":[{"embeddable":true,"href":"https:\/\/www.atta45.se\/e-butik\/wp-json\/wp\/v2\/media\/71257"}],"wp:attachment":[{"href":"https:\/\/www.atta45.se\/e-butik\/wp-json\/wp\/v2\/media?parent=71256"}],"wp:term":[{"taxonomy":"product_brand","embeddable":true,"href":"https:\/\/www.atta45.se\/e-butik\/wp-json\/wp\/v2\/product_brand?post=71256"},{"taxonomy":"product_cat","embeddable":true,"href":"https:\/\/www.atta45.se\/e-butik\/wp-json\/wp\/v2\/product_cat?post=71256"},{"taxonomy":"product_tag","embeddable":true,"href":"https:\/\/www.atta45.se\/e-butik\/wp-json\/wp\/v2\/product_tag?post=71256"}],"curies":[{"name":"wp","href":"https:\/\/api.w.org\/{rel}","templated":true}]}}