{"id":70610,"date":"2024-12-27T00:56:21","date_gmt":"2024-12-26T23:56:21","guid":{"rendered":"https:\/\/www.atta45.se\/e-butik\/?post_type=product&#038;p=70610"},"modified":"2025-10-28T02:56:22","modified_gmt":"2025-10-28T01:56:22","slug":"turtle-care-militar-250-ml","status":"publish","type":"product","link":"https:\/\/www.atta45.se\/e-butik\/produkt\/turtle-care-militar-250-ml\/","title":{"rendered":"Turtle Care Milit\u00e4r (250 ml)"},"content":{"rendered":"<p>Foth\u00e4lsa specialanpassat f\u00f6r k\u00e4ngor. Tar bort d\u00e5lig lukt och desinfekterar.<\/p>\n<p>Bakterier utvecklar ingen resistens mot hypoklorsyra i sj\u00e4lva verket har det d\u00f6dat varje patogen (virus, bakterier, svamp, m\u00f6gel, etc.) som det har testats vetenskapligt mot. Ett f\u00e4rdigblandat, anv\u00e4ndarv\u00e4nligt desinfektionsmedel.<\/p>\n<p>pH v\u00e4rde i produkten ligger p\u00e5 6,5 &#8211; 6,7.<\/p>\n<p>Exempel p\u00e5 anv\u00e4ndningsomr\u00e5den:<\/p>\n<p>Tr\u00e4ningsskor<br \/>K\u00e4ngor<br \/>Handskar<br \/>Tr\u00e4ningsmaskiner och redskap<br \/>Bord och stolar<br \/>Hygienutrymmen<br \/>D\u00f6rrar och handtag<br \/>Verktyg<\/p>\n","protected":false},"excerpt":{"rendered":"<p>Foth\u00e4lsa specialanpassat f\u00f6r k\u00e4ngor. Tar bort d\u00e5lig lukt och desinfekterar. Bakterier utvecklar ingen resistens mot hypoklorsyra i sj\u00e4lva verket har det d\u00f6dat varje patogen (virus, bakterier, svamp, m\u00f6gel, etc.) som det har testats vetenskapligt mot. Ett f\u00e4rdigblandat, anv\u00e4ndarv\u00e4nligt desinfektionsmedel. pH v\u00e4rde i produkten ligger p\u00e5 6,5 &#8211; 6,7. Exempel p\u00e5 anv\u00e4ndningsomr\u00e5den: Tr\u00e4ningsskorK\u00e4ngorHandskarTr\u00e4ningsmaskiner och redskapBord och [&hellip;]<\/p>\n","protected":false},"featured_media":70611,"template":"","meta":{"_acf_changed":false,"_seopress_robots_primary_cat":"","_seopress_titles_title":"","_seopress_titles_desc":"","_seopress_robots_index":""},"product_brand":[],"product_cat":[15],"product_tag":[],"class_list":{"0":"post-70610","1":"product","2":"type-product","3":"status-publish","4":"has-post-thumbnail","6":"product_cat-okategoriserad","7":"atta45_taxonomy-halsa-sakerhet-sv","8":"atta45_taxonomy-tema-inspiration-varumarken-turtle-care-sv","10":"first","11":"instock","12":"taxable","13":"shipping-taxable","14":"purchasable","15":"product-type-variable"},"acf":[],"_links":{"self":[{"href":"https:\/\/www.atta45.se\/e-butik\/wp-json\/wp\/v2\/product\/70610","targetHints":{"allow":["GET"]}}],"collection":[{"href":"https:\/\/www.atta45.se\/e-butik\/wp-json\/wp\/v2\/product"}],"about":[{"href":"https:\/\/www.atta45.se\/e-butik\/wp-json\/wp\/v2\/types\/product"}],"wp:featuredmedia":[{"embeddable":true,"href":"https:\/\/www.atta45.se\/e-butik\/wp-json\/wp\/v2\/media\/70611"}],"wp:attachment":[{"href":"https:\/\/www.atta45.se\/e-butik\/wp-json\/wp\/v2\/media?parent=70610"}],"wp:term":[{"taxonomy":"product_brand","embeddable":true,"href":"https:\/\/www.atta45.se\/e-butik\/wp-json\/wp\/v2\/product_brand?post=70610"},{"taxonomy":"product_cat","embeddable":true,"href":"https:\/\/www.atta45.se\/e-butik\/wp-json\/wp\/v2\/product_cat?post=70610"},{"taxonomy":"product_tag","embeddable":true,"href":"https:\/\/www.atta45.se\/e-butik\/wp-json\/wp\/v2\/product_tag?post=70610"}],"curies":[{"name":"wp","href":"https:\/\/api.w.org\/{rel}","templated":true}]}}