{"id":70100,"date":"2024-12-27T00:47:08","date_gmt":"2024-12-26T23:47:08","guid":{"rendered":"https:\/\/www.atta45.se\/e-butik\/?post_type=product&#038;p=70100"},"modified":"2025-10-27T23:15:28","modified_gmt":"2025-10-27T22:15:28","slug":"ljushallare-i-glas-med-julmotiv","status":"publish","type":"product","link":"https:\/\/www.atta45.se\/e-butik\/produkt\/ljushallare-i-glas-med-julmotiv\/","title":{"rendered":"Ljush\u00e5llare, i glas, med julmotiv, Kirsten"},"content":{"rendered":"<p>Dekorerad ljush\u00e5llare i glas med v\u00e4rmeljus, levereras i cellofan med ett r\u00f6tt band.<\/p>\n","protected":false},"excerpt":{"rendered":"<p>Dekorerad ljush\u00e5llare i glas med v\u00e4rmeljus, levereras i cellofan med ett r\u00f6tt band.<\/p>\n","protected":false},"featured_media":70101,"template":"","meta":{"_acf_changed":false,"_seopress_robots_primary_cat":"","_seopress_titles_title":"","_seopress_titles_desc":"","_seopress_robots_index":""},"product_brand":[],"product_cat":[15],"product_tag":[],"class_list":{"0":"post-70100","1":"product","2":"type-product","3":"status-publish","4":"has-post-thumbnail","6":"product_cat-okategoriserad","7":"atta45_taxonomy-tema-inspiration-ogonblick-arsslut-sv","8":"atta45_taxonomy-hem-hushall-sv","9":"atta45_taxonomy-tema-inspiration-ogonblick-jul-sv","10":"atta45_taxonomy-hem-hushall-ljus-doftset-sv","11":"atta45_taxonomy-tema-inspiration-ogonblick-sv","12":"atta45_taxonomy-tema-inspiration-sv","13":"atta45_taxonomy-fritid-xmas-sv","15":"first","16":"instock","17":"taxable","18":"shipping-taxable","19":"purchasable","20":"product-type-variable"},"acf":[],"_links":{"self":[{"href":"https:\/\/www.atta45.se\/e-butik\/wp-json\/wp\/v2\/product\/70100","targetHints":{"allow":["GET"]}}],"collection":[{"href":"https:\/\/www.atta45.se\/e-butik\/wp-json\/wp\/v2\/product"}],"about":[{"href":"https:\/\/www.atta45.se\/e-butik\/wp-json\/wp\/v2\/types\/product"}],"wp:featuredmedia":[{"embeddable":true,"href":"https:\/\/www.atta45.se\/e-butik\/wp-json\/wp\/v2\/media\/70101"}],"wp:attachment":[{"href":"https:\/\/www.atta45.se\/e-butik\/wp-json\/wp\/v2\/media?parent=70100"}],"wp:term":[{"taxonomy":"product_brand","embeddable":true,"href":"https:\/\/www.atta45.se\/e-butik\/wp-json\/wp\/v2\/product_brand?post=70100"},{"taxonomy":"product_cat","embeddable":true,"href":"https:\/\/www.atta45.se\/e-butik\/wp-json\/wp\/v2\/product_cat?post=70100"},{"taxonomy":"product_tag","embeddable":true,"href":"https:\/\/www.atta45.se\/e-butik\/wp-json\/wp\/v2\/product_tag?post=70100"}],"curies":[{"name":"wp","href":"https:\/\/api.w.org\/{rel}","templated":true}]}}