{"id":69973,"date":"2024-12-27T00:43:41","date_gmt":"2024-12-26T23:43:41","guid":{"rendered":"https:\/\/www.atta45.se\/e-butik\/?post_type=product&#038;p=69973"},"modified":"2025-10-27T17:25:21","modified_gmt":"2025-10-27T16:25:21","slug":"galaxy-orion-termos-mugg","status":"publish","type":"product","link":"https:\/\/www.atta45.se\/e-butik\/produkt\/galaxy-orion-termos-mugg\/","title":{"rendered":"Termos mugg Orion (440 ml)"},"content":{"rendered":"<p>F\u00f6rv\u00e4ntar du dig en effektiv kampanjpresent?<br \/>Tack vare vakuumisolering och enkel &#8221;1-klick&#8221;-\u00f6ppning ger Orion anv\u00e4ndaren gl\u00e4dje och komfort att dricka p\u00e5 h\u00f6gsta niv\u00e5.<\/p>\n<p>N\u00e4r det g\u00e4ller marknadsf\u00f6ring har du m\u00f6jlighet att f\u00f6rbereda ett effektivt reklambudskap genom att dra f\u00f6rdel av Galaxy Color-dekorationen, som g\u00f6r det m\u00f6jligt att sl\u00e5 in muggens kropp med vilken Pantone-f\u00e4rg som helst.<\/p>\n<p>Presentf\u00f6rpackning med matchande logotryck ing\u00e5r alltid i priset.?<\/p>\n<p>Galaxy <\/p>\n","protected":false},"excerpt":{"rendered":"<p>F\u00f6rv\u00e4ntar du dig en effektiv kampanjpresent?Tack vare vakuumisolering och enkel &#8221;1-klick&#8221;-\u00f6ppning ger Orion anv\u00e4ndaren gl\u00e4dje och komfort att dricka p\u00e5 h\u00f6gsta niv\u00e5. N\u00e4r det g\u00e4ller marknadsf\u00f6ring har du m\u00f6jlighet att f\u00f6rbereda ett effektivt reklambudskap genom att dra f\u00f6rdel av Galaxy Color-dekorationen, som g\u00f6r det m\u00f6jligt att sl\u00e5 in muggens kropp med vilken Pantone-f\u00e4rg som helst. [&hellip;]<\/p>\n","protected":false},"featured_media":69974,"template":"","meta":{"_acf_changed":false,"_seopress_robots_primary_cat":"","_seopress_titles_title":"","_seopress_titles_desc":"","_seopress_robots_index":""},"product_brand":[],"product_cat":[15],"product_tag":[],"class_list":{"0":"post-69973","1":"product","2":"type-product","3":"status-publish","4":"has-post-thumbnail","6":"product_cat-okategoriserad","7":"atta45_taxonomy-tema-inspiration-varumarken-galaxy-collection-sv","8":"atta45_taxonomy-hem-hushall-muggar-sv","9":"atta45_taxonomy-muggar-muggar-sv","10":"atta45_taxonomy-fritid-termos-sv","12":"first","13":"instock","14":"taxable","15":"shipping-taxable","16":"purchasable","17":"product-type-variable"},"acf":[],"_links":{"self":[{"href":"https:\/\/www.atta45.se\/e-butik\/wp-json\/wp\/v2\/product\/69973","targetHints":{"allow":["GET"]}}],"collection":[{"href":"https:\/\/www.atta45.se\/e-butik\/wp-json\/wp\/v2\/product"}],"about":[{"href":"https:\/\/www.atta45.se\/e-butik\/wp-json\/wp\/v2\/types\/product"}],"wp:featuredmedia":[{"embeddable":true,"href":"https:\/\/www.atta45.se\/e-butik\/wp-json\/wp\/v2\/media\/69974"}],"wp:attachment":[{"href":"https:\/\/www.atta45.se\/e-butik\/wp-json\/wp\/v2\/media?parent=69973"}],"wp:term":[{"taxonomy":"product_brand","embeddable":true,"href":"https:\/\/www.atta45.se\/e-butik\/wp-json\/wp\/v2\/product_brand?post=69973"},{"taxonomy":"product_cat","embeddable":true,"href":"https:\/\/www.atta45.se\/e-butik\/wp-json\/wp\/v2\/product_cat?post=69973"},{"taxonomy":"product_tag","embeddable":true,"href":"https:\/\/www.atta45.se\/e-butik\/wp-json\/wp\/v2\/product_tag?post=69973"}],"curies":[{"name":"wp","href":"https:\/\/api.w.org\/{rel}","templated":true}]}}