{"id":69001,"date":"2024-12-27T00:30:08","date_gmt":"2024-12-26T23:30:08","guid":{"rendered":"https:\/\/www.atta45.se\/e-butik\/?post_type=product&#038;p=69001"},"modified":"2025-10-27T17:52:19","modified_gmt":"2025-10-27T16:52:19","slug":"handduk-frotte-tryck-pa-1-sida-eu","status":"publish","type":"product","link":"https:\/\/www.atta45.se\/e-butik\/produkt\/handduk-frotte-tryck-pa-1-sida-eu\/","title":{"rendered":"Handduk frott\u00e9 (tryck p\u00e5 1 sida) EU"},"content":{"rendered":"<p>Tillverkad i Europa<\/p>\n<p>Rektangul\u00e4r tryckt bomulls-polyesterhandduk med velourkant.<\/p>\n<p>Material: bomull 40%, polyester 60%<\/p>\n<p>Storlek:<br \/>50 x 100 cm (\u00b1 1 cm)<br \/>70 x 140 cm (\u00b1 1 cm)<\/p>\n<p>Vikt: 360 gsm<br \/>F\u00f6rpackning: individuell<br \/>Plats f\u00f6r m\u00e4rkning: hela ytan<br \/>M\u00e4rkning: sublimering<\/p>\n<p>OEKO-TEX Standard 100 certifiering<\/p>\n<p>The One Premium<\/p>\n","protected":false},"excerpt":{"rendered":"<p>Tillverkad i Europa Rektangul\u00e4r tryckt bomulls-polyesterhandduk med velourkant. Material: bomull 40%, polyester 60% Storlek:50 x 100 cm (\u00b1 1 cm)70 x 140 cm (\u00b1 1 cm) Vikt: 360 gsmF\u00f6rpackning: individuellPlats f\u00f6r m\u00e4rkning: hela ytanM\u00e4rkning: sublimering OEKO-TEX Standard 100 certifiering The One Premium<\/p>\n","protected":false},"featured_media":69002,"template":"","meta":{"_acf_changed":false,"_seopress_robots_primary_cat":"","_seopress_titles_title":"","_seopress_titles_desc":"","_seopress_robots_index":""},"product_brand":[],"product_cat":[15],"product_tag":[],"class_list":{"0":"post-69001","1":"product","2":"type-product","3":"status-publish","4":"has-post-thumbnail","6":"product_cat-okategoriserad","7":"atta45_taxonomy-textil-handdukar-badrockar-sv","8":"atta45_taxonomy-fritid-sportartiklar-sv","9":"atta45_taxonomy-tema-inspiration-varumarken-the-one-premium-sv","11":"first","12":"instock","13":"taxable","14":"shipping-taxable","15":"purchasable","16":"product-type-variable"},"acf":[],"_links":{"self":[{"href":"https:\/\/www.atta45.se\/e-butik\/wp-json\/wp\/v2\/product\/69001","targetHints":{"allow":["GET"]}}],"collection":[{"href":"https:\/\/www.atta45.se\/e-butik\/wp-json\/wp\/v2\/product"}],"about":[{"href":"https:\/\/www.atta45.se\/e-butik\/wp-json\/wp\/v2\/types\/product"}],"wp:featuredmedia":[{"embeddable":true,"href":"https:\/\/www.atta45.se\/e-butik\/wp-json\/wp\/v2\/media\/69002"}],"wp:attachment":[{"href":"https:\/\/www.atta45.se\/e-butik\/wp-json\/wp\/v2\/media?parent=69001"}],"wp:term":[{"taxonomy":"product_brand","embeddable":true,"href":"https:\/\/www.atta45.se\/e-butik\/wp-json\/wp\/v2\/product_brand?post=69001"},{"taxonomy":"product_cat","embeddable":true,"href":"https:\/\/www.atta45.se\/e-butik\/wp-json\/wp\/v2\/product_cat?post=69001"},{"taxonomy":"product_tag","embeddable":true,"href":"https:\/\/www.atta45.se\/e-butik\/wp-json\/wp\/v2\/product_tag?post=69001"}],"curies":[{"name":"wp","href":"https:\/\/api.w.org\/{rel}","templated":true}]}}