{"id":68331,"date":"2024-12-27T00:20:23","date_gmt":"2024-12-26T23:20:23","guid":{"rendered":"https:\/\/www.atta45.se\/e-butik\/?post_type=product&#038;p=68331"},"modified":"2025-10-27T20:25:15","modified_gmt":"2025-10-27T19:25:15","slug":"kabinvaska-av-abs-ulf","status":"publish","type":"product","link":"https:\/\/www.atta45.se\/e-butik\/produkt\/kabinvaska-av-abs-ulf\/","title":{"rendered":"Kabinv\u00e4ska av ABS Ulf"},"content":{"rendered":"<p>(20 tum) med laptopficka med dragkedja framtill, 8 hjul och handtagssystem i tre niv\u00e5er. Inkluderar nummerl\u00e5s och separat pl\u00e5t f\u00f6r lasergravering. Med USB-port.<\/p>\n","protected":false},"excerpt":{"rendered":"<p>(20 tum) med laptopficka med dragkedja framtill, 8 hjul och handtagssystem i tre niv\u00e5er. Inkluderar nummerl\u00e5s och separat pl\u00e5t f\u00f6r lasergravering. Med USB-port.<\/p>\n","protected":false},"featured_media":68332,"template":"","meta":{"_acf_changed":false,"_seopress_robots_primary_cat":"","_seopress_titles_title":"","_seopress_titles_desc":"","_seopress_robots_index":""},"product_brand":[],"product_cat":[15],"product_tag":[],"class_list":{"0":"post-68331","1":"product","2":"type-product","3":"status-publish","4":"has-post-thumbnail","6":"product_cat-okategoriserad","7":"atta45_taxonomy-tema-inspiration-utvalda-produkter-nyheter-sv","8":"atta45_taxonomy-nyheter-sv","9":"atta45_taxonomy-textil-sport-performance-sv","10":"atta45_taxonomy-fritid-sportartiklar-sv","11":"atta45_taxonomy-vaskor-resetillbehor-sport-resvaskor-sv","12":"atta45_taxonomy-textil-vaskor-bagar-sv","13":"atta45_taxonomy-vaskor-resetillbehor-sv","15":"first","16":"instock","17":"taxable","18":"shipping-taxable","19":"purchasable","20":"product-type-variable"},"acf":[],"_links":{"self":[{"href":"https:\/\/www.atta45.se\/e-butik\/wp-json\/wp\/v2\/product\/68331","targetHints":{"allow":["GET"]}}],"collection":[{"href":"https:\/\/www.atta45.se\/e-butik\/wp-json\/wp\/v2\/product"}],"about":[{"href":"https:\/\/www.atta45.se\/e-butik\/wp-json\/wp\/v2\/types\/product"}],"wp:featuredmedia":[{"embeddable":true,"href":"https:\/\/www.atta45.se\/e-butik\/wp-json\/wp\/v2\/media\/68332"}],"wp:attachment":[{"href":"https:\/\/www.atta45.se\/e-butik\/wp-json\/wp\/v2\/media?parent=68331"}],"wp:term":[{"taxonomy":"product_brand","embeddable":true,"href":"https:\/\/www.atta45.se\/e-butik\/wp-json\/wp\/v2\/product_brand?post=68331"},{"taxonomy":"product_cat","embeddable":true,"href":"https:\/\/www.atta45.se\/e-butik\/wp-json\/wp\/v2\/product_cat?post=68331"},{"taxonomy":"product_tag","embeddable":true,"href":"https:\/\/www.atta45.se\/e-butik\/wp-json\/wp\/v2\/product_tag?post=68331"}],"curies":[{"name":"wp","href":"https:\/\/api.w.org\/{rel}","templated":true}]}}