{"id":68299,"date":"2024-12-27T00:19:57","date_gmt":"2024-12-26T23:19:57","guid":{"rendered":"https:\/\/www.atta45.se\/e-butik\/?post_type=product&#038;p=68299"},"modified":"2025-10-27T20:03:44","modified_gmt":"2025-10-27T19:03:44","slug":"vikbar-duffelvaska-rpet-210d-jose","status":"publish","type":"product","link":"https:\/\/www.atta45.se\/e-butik\/produkt\/vikbar-duffelvaska-rpet-210d-jose\/","title":{"rendered":"Vikbar duffelv\u00e4ska rPET (210D) Jos\u00e9"},"content":{"rendered":"<p>Vikbar v\u00e4ska i rPET210D. Ett stort fack med dragkedja och korta b\u00e4rhandtag.<\/p>\n","protected":false},"excerpt":{"rendered":"<p>Vikbar v\u00e4ska i rPET210D. Ett stort fack med dragkedja och korta b\u00e4rhandtag.<\/p>\n","protected":false},"featured_media":68300,"template":"","meta":{"_acf_changed":false,"_seopress_robots_primary_cat":"","_seopress_titles_title":"","_seopress_titles_desc":"","_seopress_robots_index":""},"product_brand":[],"product_cat":[15],"product_tag":[],"class_list":{"0":"post-68299","1":"product","2":"type-product","3":"status-publish","4":"has-post-thumbnail","6":"product_cat-okategoriserad","7":"atta45_taxonomy-tema-inspiration-grona-intryck-sv","8":"atta45_taxonomy-kassar-pasar-kassar-sv","9":"atta45_taxonomy-tema-inspiration-utvalda-produkter-nyheter-sv","10":"atta45_taxonomy-nyheter-sv","11":"atta45_taxonomy-textil-organiskt-sv","12":"atta45_taxonomy-tema-inspiration-ogonblick-pa-vagen-sv","13":"atta45_taxonomy-tema-inspiration-branscher-skonhet-friskvard-sv","14":"atta45_taxonomy-textil-sport-performance-sv","15":"atta45_taxonomy-fritid-sportartiklar-sv","16":"atta45_taxonomy-tema-inspiration-ogonblick-sporthandelser-sv","17":"atta45_taxonomy-vaskor-resetillbehor-sport-resvaskor-sv","18":"atta45_taxonomy-tema-inspiration-sv","19":"atta45_taxonomy-textil-vaskor-bagar-sv","20":"atta45_taxonomy-vaskor-resetillbehor-sv","22":"first","23":"instock","24":"taxable","25":"shipping-taxable","26":"purchasable","27":"product-type-variable"},"acf":[],"_links":{"self":[{"href":"https:\/\/www.atta45.se\/e-butik\/wp-json\/wp\/v2\/product\/68299","targetHints":{"allow":["GET"]}}],"collection":[{"href":"https:\/\/www.atta45.se\/e-butik\/wp-json\/wp\/v2\/product"}],"about":[{"href":"https:\/\/www.atta45.se\/e-butik\/wp-json\/wp\/v2\/types\/product"}],"wp:featuredmedia":[{"embeddable":true,"href":"https:\/\/www.atta45.se\/e-butik\/wp-json\/wp\/v2\/media\/68300"}],"wp:attachment":[{"href":"https:\/\/www.atta45.se\/e-butik\/wp-json\/wp\/v2\/media?parent=68299"}],"wp:term":[{"taxonomy":"product_brand","embeddable":true,"href":"https:\/\/www.atta45.se\/e-butik\/wp-json\/wp\/v2\/product_brand?post=68299"},{"taxonomy":"product_cat","embeddable":true,"href":"https:\/\/www.atta45.se\/e-butik\/wp-json\/wp\/v2\/product_cat?post=68299"},{"taxonomy":"product_tag","embeddable":true,"href":"https:\/\/www.atta45.se\/e-butik\/wp-json\/wp\/v2\/product_tag?post=68299"}],"curies":[{"name":"wp","href":"https:\/\/api.w.org\/{rel}","templated":true}]}}