{"id":61616,"date":"2024-12-26T23:02:01","date_gmt":"2024-12-26T22:02:01","guid":{"rendered":"https:\/\/www.atta45.se\/e-butik\/?post_type=product&#038;p=61616"},"modified":"2025-10-27T19:07:29","modified_gmt":"2025-10-27T18:07:29","slug":"schwarzwolf-denison-reflekterande-gympapase","status":"publish","type":"product","link":"https:\/\/www.atta45.se\/e-butik\/produkt\/schwarzwolf-denison-reflekterande-gympapase\/","title":{"rendered":"Gympap\u00e5se reflekterande  Schwarzwolf DENISON"},"content":{"rendered":"<p>Refective Schwarzwolf gympap\u00e5se \u00e4r l\u00e4mplig f\u00f6r daglig anv\u00e4ndning eller f\u00f6r en resa.<\/p>\n<p>Tack vare ett material som uppfyller kraven i standarden EN ISO 20471 f\u00f6r skyddskl\u00e4der kommer du att k\u00e4nna dig s\u00e4ker.<\/p>\n<p>Dragbanden \u00e4r gjorda av starkt och mjukt material f\u00f6r mycket bekv\u00e4m att b\u00e4ra.<\/p>\n<p>Volym: 2 l.<br \/>Vikt: 155 g.<br \/>Material: 100% polyester med reflekterande bel\u00e4ggning.<\/p>\n<p>Rekommenderad tryckteknik: silkscreentryck S2.<br \/>Maximal utskriftsstorlek: 100 \u00d7 80 mm.<\/p>\n<p>M\u00e5tt: 35 \u00d7 47 cm.<\/p>\n<p>Koldioxidavtryck: gCO2 e2915.<\/p>\n","protected":false},"excerpt":{"rendered":"<p>Refective Schwarzwolf gympap\u00e5se \u00e4r l\u00e4mplig f\u00f6r daglig anv\u00e4ndning eller f\u00f6r en resa. Tack vare ett material som uppfyller kraven i standarden EN ISO 20471 f\u00f6r skyddskl\u00e4der kommer du att k\u00e4nna dig s\u00e4ker. Dragbanden \u00e4r gjorda av starkt och mjukt material f\u00f6r mycket bekv\u00e4m att b\u00e4ra. Volym: 2 l.Vikt: 155 g.Material: 100% polyester med reflekterande bel\u00e4ggning. [&hellip;]<\/p>\n","protected":false},"featured_media":61617,"template":"","meta":{"_acf_changed":false,"_seopress_robots_primary_cat":"","_seopress_titles_title":"","_seopress_titles_desc":"","_seopress_robots_index":""},"product_brand":[],"product_cat":[15],"product_tag":[],"class_list":{"0":"post-61616","1":"product","2":"type-product","3":"status-publish","4":"has-post-thumbnail","6":"product_cat-okategoriserad","7":"atta45_taxonomy-vaskor-resetillbehor-ryggsackar-sv","8":"atta45_taxonomy-tema-inspiration-varumarken-schwarzwolf-sv","9":"atta45_taxonomy-fritid-sportartiklar-sv","10":"atta45_taxonomy-reflexer-verktyg-sakerhet-vaskor-sv","11":"atta45_taxonomy-reflexer-vaskor-sv","13":"first","14":"instock","15":"taxable","16":"shipping-taxable","17":"purchasable","18":"product-type-variable"},"acf":[],"_links":{"self":[{"href":"https:\/\/www.atta45.se\/e-butik\/wp-json\/wp\/v2\/product\/61616","targetHints":{"allow":["GET"]}}],"collection":[{"href":"https:\/\/www.atta45.se\/e-butik\/wp-json\/wp\/v2\/product"}],"about":[{"href":"https:\/\/www.atta45.se\/e-butik\/wp-json\/wp\/v2\/types\/product"}],"wp:featuredmedia":[{"embeddable":true,"href":"https:\/\/www.atta45.se\/e-butik\/wp-json\/wp\/v2\/media\/61617"}],"wp:attachment":[{"href":"https:\/\/www.atta45.se\/e-butik\/wp-json\/wp\/v2\/media?parent=61616"}],"wp:term":[{"taxonomy":"product_brand","embeddable":true,"href":"https:\/\/www.atta45.se\/e-butik\/wp-json\/wp\/v2\/product_brand?post=61616"},{"taxonomy":"product_cat","embeddable":true,"href":"https:\/\/www.atta45.se\/e-butik\/wp-json\/wp\/v2\/product_cat?post=61616"},{"taxonomy":"product_tag","embeddable":true,"href":"https:\/\/www.atta45.se\/e-butik\/wp-json\/wp\/v2\/product_tag?post=61616"}],"curies":[{"name":"wp","href":"https:\/\/api.w.org\/{rel}","templated":true}]}}

Gympapåse reflekterande  Schwarzwolf DENISON

<p>Refective Schwarzwolf gympapåse är lämplig för daglig användning eller för en resa.</p>
<p>Tack vare ett material som uppfyller kraven i standarden EN ISO 20471 för skyddskläder kommer du att känna dig säker.</p>
<p>Dragbanden är gjorda av starkt och mjukt material för mycket bekväm att bära.</p>
<p>Volym: 2 l.<br />Vikt: 155 g.<br />Material: 100% polyester med reflekterande beläggning.</p>
<p>Rekommenderad tryckteknik: silkscreentryck S2.<br />Maximal utskriftsstorlek: 100 × 80 mm.</p>
<p>Mått: 35 × 47 cm.</p>
<p>Koldioxidavtryck: gCO2 e2915.</p>

<p>Refective Schwarzwolf gympapåse är lämplig för daglig användning eller för en resa. Tack vare ett material som uppfyller kraven i standarden EN ISO 20471 för skyddskläder kommer du att känna dig säker. Dragbanden är gjorda av starkt och mjukt material för mycket bekväm att bära. Volym: 2 l.Vikt: 155 g.Material: 100% polyester med reflekterande beläggning. [&hellip;]</p>
