{"id":61602,"date":"2024-12-26T23:01:51","date_gmt":"2024-12-26T22:01:51","guid":{"rendered":"https:\/\/www.atta45.se\/e-butik\/?post_type=product&#038;p=61602"},"modified":"2025-10-27T18:14:21","modified_gmt":"2025-10-27T17:14:21","slug":"schwarzwolf-lobos-utomus-handduk","status":"publish","type":"product","link":"https:\/\/www.atta45.se\/e-butik\/produkt\/schwarzwolf-lobos-utomus-handduk\/","title":{"rendered":"Handduk f\u00f6r utomhus Schwarzwolf Lobos,"},"content":{"rendered":"<p>Handduk Schwarzwolf i microfiber. L\u00e4ttvikts- , superabsorberande och snabbtorkande material. Idealisk f\u00f6r sport och vandring. Packad i nylonp\u00e5se, levereras i  polyesterp\u00e5se.<br \/>Rekommenderad m\u00e4rkning: Brodyr, Screentryck S3 p\u00e5 p\u00e5sen   Maximal tryckstorlek: 50 \u00d7 50 mm<br \/>Dimension: 40 \u00d7 80 cm<\/p>\n","protected":false},"excerpt":{"rendered":"<p>Handduk Schwarzwolf i microfiber. L\u00e4ttvikts- , superabsorberande och snabbtorkande material. Idealisk f\u00f6r sport och vandring. Packad i nylonp\u00e5se, levereras i polyesterp\u00e5se.Rekommenderad m\u00e4rkning: Brodyr, Screentryck S3 p\u00e5 p\u00e5sen Maximal tryckstorlek: 50 \u00d7 50 mmDimension: 40 \u00d7 80 cm<\/p>\n","protected":false},"featured_media":61603,"template":"","meta":{"_acf_changed":false,"_seopress_robots_primary_cat":"","_seopress_titles_title":"","_seopress_titles_desc":"","_seopress_robots_index":""},"product_brand":[],"product_cat":[15],"product_tag":[],"class_list":{"0":"post-61602","1":"product","2":"type-product","3":"status-publish","4":"has-post-thumbnail","6":"product_cat-okategoriserad","7":"atta45_taxonomy-textil-handdukar-badrockar-sv","8":"atta45_taxonomy-tema-inspiration-varumarken-schwarzwolf-sv","9":"atta45_taxonomy-textil-sport-performance-sv","10":"atta45_taxonomy-fritid-sportartiklar-sv","12":"first","13":"instock","14":"taxable","15":"shipping-taxable","16":"purchasable","17":"product-type-variable"},"acf":[],"_links":{"self":[{"href":"https:\/\/www.atta45.se\/e-butik\/wp-json\/wp\/v2\/product\/61602","targetHints":{"allow":["GET"]}}],"collection":[{"href":"https:\/\/www.atta45.se\/e-butik\/wp-json\/wp\/v2\/product"}],"about":[{"href":"https:\/\/www.atta45.se\/e-butik\/wp-json\/wp\/v2\/types\/product"}],"wp:featuredmedia":[{"embeddable":true,"href":"https:\/\/www.atta45.se\/e-butik\/wp-json\/wp\/v2\/media\/61603"}],"wp:attachment":[{"href":"https:\/\/www.atta45.se\/e-butik\/wp-json\/wp\/v2\/media?parent=61602"}],"wp:term":[{"taxonomy":"product_brand","embeddable":true,"href":"https:\/\/www.atta45.se\/e-butik\/wp-json\/wp\/v2\/product_brand?post=61602"},{"taxonomy":"product_cat","embeddable":true,"href":"https:\/\/www.atta45.se\/e-butik\/wp-json\/wp\/v2\/product_cat?post=61602"},{"taxonomy":"product_tag","embeddable":true,"href":"https:\/\/www.atta45.se\/e-butik\/wp-json\/wp\/v2\/product_tag?post=61602"}],"curies":[{"name":"wp","href":"https:\/\/api.w.org\/{rel}","templated":true}]}}