{"id":60764,"date":"2024-12-26T22:49:18","date_gmt":"2024-12-26T21:49:18","guid":{"rendered":"https:\/\/www.atta45.se\/e-butik\/?post_type=product&#038;p=60764"},"modified":"2025-10-27T23:14:59","modified_gmt":"2025-10-27T22:14:59","slug":"teddybjorn-for-troja-se-art-nr-5013","status":"publish","type":"product","link":"https:\/\/www.atta45.se\/e-butik\/produkt\/teddybjorn-for-troja-se-art-nr-5013\/","title":{"rendered":"Teddybj\u00f6rn, plysch, Alessandro"},"content":{"rendered":"<p>Teddybj\u00f6rn i plysch. V\u00e4ldigt mjuk och gosig. CE-m\u00e4rkt. Dock ej l\u00e4mplig f\u00f6r barn mellan 0-3 \u00e5r. M\u00e4rkning kan g\u00f6ras p\u00e5 en rondell som \u00e4r f\u00e4st i \u00f6rat. F\u00f6r \u00f6vrig m\u00e4rkning s\u00e5 h\u00e4nvisar vi till T-shirt 5013.<\/p>\n","protected":false},"excerpt":{"rendered":"<p>Teddybj\u00f6rn i plysch. V\u00e4ldigt mjuk och gosig. CE-m\u00e4rkt. Dock ej l\u00e4mplig f\u00f6r barn mellan 0-3 \u00e5r. M\u00e4rkning kan g\u00f6ras p\u00e5 en rondell som \u00e4r f\u00e4st i \u00f6rat. F\u00f6r \u00f6vrig m\u00e4rkning s\u00e5 h\u00e4nvisar vi till T-shirt 5013.<\/p>\n","protected":false},"featured_media":60765,"template":"","meta":{"_acf_changed":false,"_seopress_robots_primary_cat":"","_seopress_titles_title":"","_seopress_titles_desc":"","_seopress_robots_index":""},"product_brand":[],"product_cat":[15],"product_tag":[],"class_list":{"0":"post-60764","1":"product","2":"type-product","3":"status-publish","4":"has-post-thumbnail","6":"product_cat-okategoriserad","7":"atta45_taxonomy-tema-inspiration-ogonblick-alla-hjartans-dag-sv","8":"atta45_taxonomy-tema-inspiration-branscher-sv","9":"atta45_taxonomy-fritid-spel-leksaker-leksaker-sv","10":"atta45_taxonomy-tema-inspiration-ogonblick-sv","11":"atta45_taxonomy-fritid-spel-leksaker-plysch-sv","12":"atta45_taxonomy-tema-inspiration-branscher-sjukvard-sv","13":"atta45_taxonomy-fritid-spel-leksaker-sv","14":"atta45_taxonomy-tema-inspiration-sv","15":"atta45_taxonomy-tema-inspiration-branscher-utbildning-sv","16":"atta45_taxonomy-tema-inspiration-ogonblick-vinterlandskap-sv","18":"first","19":"instock","20":"taxable","21":"shipping-taxable","22":"purchasable","23":"product-type-variable"},"acf":[],"_links":{"self":[{"href":"https:\/\/www.atta45.se\/e-butik\/wp-json\/wp\/v2\/product\/60764","targetHints":{"allow":["GET"]}}],"collection":[{"href":"https:\/\/www.atta45.se\/e-butik\/wp-json\/wp\/v2\/product"}],"about":[{"href":"https:\/\/www.atta45.se\/e-butik\/wp-json\/wp\/v2\/types\/product"}],"wp:featuredmedia":[{"embeddable":true,"href":"https:\/\/www.atta45.se\/e-butik\/wp-json\/wp\/v2\/media\/60765"}],"wp:attachment":[{"href":"https:\/\/www.atta45.se\/e-butik\/wp-json\/wp\/v2\/media?parent=60764"}],"wp:term":[{"taxonomy":"product_brand","embeddable":true,"href":"https:\/\/www.atta45.se\/e-butik\/wp-json\/wp\/v2\/product_brand?post=60764"},{"taxonomy":"product_cat","embeddable":true,"href":"https:\/\/www.atta45.se\/e-butik\/wp-json\/wp\/v2\/product_cat?post=60764"},{"taxonomy":"product_tag","embeddable":true,"href":"https:\/\/www.atta45.se\/e-butik\/wp-json\/wp\/v2\/product_tag?post=60764"}],"curies":[{"name":"wp","href":"https:\/\/api.w.org\/{rel}","templated":true}]}}

Teddybjörn, plysch, Alessandro

<p>Teddybjörn i plysch. Väldigt mjuk och gosig. CE-märkt. Dock ej lämplig för barn mellan 0-3 år. Märkning kan göras på en rondell som är fäst i örat. För övrig märkning så hänvisar vi till T-shirt 5013.</p>
