{"id":60598,"date":"2024-12-26T22:46:28","date_gmt":"2024-12-26T21:46:28","guid":{"rendered":"https:\/\/www.atta45.se\/e-butik\/?post_type=product&#038;p=60598"},"modified":"2025-10-27T22:45:45","modified_gmt":"2025-10-27T21:45:45","slug":"jo-jo-med-inbyggd-belysning","status":"publish","type":"product","link":"https:\/\/www.atta45.se\/e-butik\/produkt\/jo-jo-med-inbyggd-belysning\/","title":{"rendered":"Jo-Jo i plast med inbyggd belysning, Esmarelda"},"content":{"rendered":"<p>Sk\u00f6n Jo-Jo av transparent plast med inbyggd belysning. Lyser n\u00e4r man anv\u00e4nder\/spinner den. Batterierna g\u00e5r att byta. Snygg och v\u00e4ldigt rolig.<\/p>\n","protected":false},"excerpt":{"rendered":"<p>Sk\u00f6n Jo-Jo av transparent plast med inbyggd belysning. Lyser n\u00e4r man anv\u00e4nder\/spinner den. Batterierna g\u00e5r att byta. Snygg och v\u00e4ldigt rolig.<\/p>\n","protected":false},"featured_media":60599,"template":"","meta":{"_acf_changed":false,"_seopress_robots_primary_cat":"","_seopress_titles_title":"","_seopress_titles_desc":"","_seopress_robots_index":""},"product_brand":[],"product_cat":[15],"product_tag":[],"class_list":{"0":"post-60598","1":"product","2":"type-product","3":"status-publish","4":"has-post-thumbnail","6":"product_cat-okategoriserad","7":"atta45_taxonomy-tema-inspiration-branscher-sv","8":"atta45_taxonomy-tema-inspiration-branscher-rekreation-sv","9":"atta45_taxonomy-tema-inspiration-utvalda-produkter-snabbleverans-sv","10":"atta45_taxonomy-tema-inspiration-ogonblick-sommargladje-sv","11":"atta45_taxonomy-fritid-spel-leksaker-spel-sv","12":"atta45_taxonomy-fritid-spel-leksaker-sv","13":"atta45_taxonomy-tema-inspiration-sv","14":"atta45_taxonomy-tema-inspiration-branscher-utbildning-sv","16":"first","17":"instock","18":"taxable","19":"shipping-taxable","20":"purchasable","21":"product-type-variable"},"acf":[],"_links":{"self":[{"href":"https:\/\/www.atta45.se\/e-butik\/wp-json\/wp\/v2\/product\/60598","targetHints":{"allow":["GET"]}}],"collection":[{"href":"https:\/\/www.atta45.se\/e-butik\/wp-json\/wp\/v2\/product"}],"about":[{"href":"https:\/\/www.atta45.se\/e-butik\/wp-json\/wp\/v2\/types\/product"}],"wp:featuredmedia":[{"embeddable":true,"href":"https:\/\/www.atta45.se\/e-butik\/wp-json\/wp\/v2\/media\/60599"}],"wp:attachment":[{"href":"https:\/\/www.atta45.se\/e-butik\/wp-json\/wp\/v2\/media?parent=60598"}],"wp:term":[{"taxonomy":"product_brand","embeddable":true,"href":"https:\/\/www.atta45.se\/e-butik\/wp-json\/wp\/v2\/product_brand?post=60598"},{"taxonomy":"product_cat","embeddable":true,"href":"https:\/\/www.atta45.se\/e-butik\/wp-json\/wp\/v2\/product_cat?post=60598"},{"taxonomy":"product_tag","embeddable":true,"href":"https:\/\/www.atta45.se\/e-butik\/wp-json\/wp\/v2\/product_tag?post=60598"}],"curies":[{"name":"wp","href":"https:\/\/api.w.org\/{rel}","templated":true}]}}