{"id":60530,"date":"2024-12-26T22:45:35","date_gmt":"2024-12-26T21:45:35","guid":{"rendered":"https:\/\/www.atta45.se\/e-butik\/?post_type=product&#038;p=60530"},"modified":"2025-10-27T22:23:52","modified_gmt":"2025-10-27T21:23:52","slug":"kritor-for-gatan-6-st","status":"publish","type":"product","link":"https:\/\/www.atta45.se\/e-butik\/produkt\/kritor-for-gatan-6-st\/","title":{"rendered":"Kritor f\u00f6r gatan, 6 st, Ottilie"},"content":{"rendered":"<p>Graffiti kritor, f\u00f6r att rita p\u00e5 gatan, 6 f\u00e4rger i pappkartong. Vattenl\u00f6sligt.<\/p>\n","protected":false},"excerpt":{"rendered":"<p>Graffiti kritor, f\u00f6r att rita p\u00e5 gatan, 6 f\u00e4rger i pappkartong. Vattenl\u00f6sligt.<\/p>\n","protected":false},"featured_media":60531,"template":"","meta":{"_acf_changed":false,"_seopress_robots_primary_cat":"","_seopress_titles_title":"","_seopress_titles_desc":"","_seopress_robots_index":""},"product_brand":[],"product_cat":[15],"product_tag":[],"class_list":{"0":"post-60530","1":"product","2":"type-product","3":"status-publish","4":"has-post-thumbnail","6":"product_cat-okategoriserad","7":"atta45_taxonomy-tema-inspiration-branscher-sv","8":"atta45_taxonomy-tema-inspiration-grona-intryck-eco-basic-sv","9":"atta45_taxonomy-tema-inspiration-grona-intryck-sv","10":"atta45_taxonomy-tema-inspiration-grona-intryck-kartong-sv","11":"atta45_taxonomy-fritid-spel-leksaker-leksaker-sv","12":"atta45_taxonomy-tema-inspiration-branscher-rekreation-sv","13":"atta45_taxonomy-pennor-rit-farglaggning-sv","14":"atta45_taxonomy-fritid-spel-leksaker-rit-farglaggning-sv","15":"atta45_taxonomy-tema-inspiration-ogonblick-skoldags-sv","16":"atta45_taxonomy-fritid-spel-leksaker-spel-sv","17":"atta45_taxonomy-fritid-spel-leksaker-sv","18":"atta45_taxonomy-tema-inspiration-sv","19":"atta45_taxonomy-fritid-spel-leksaker-uppblasbart-strandartiklar-sv","20":"atta45_taxonomy-tema-inspiration-branscher-utbildning-sv","22":"first","23":"instock","24":"taxable","25":"shipping-taxable","26":"purchasable","27":"product-type-variable"},"acf":[],"_links":{"self":[{"href":"https:\/\/www.atta45.se\/e-butik\/wp-json\/wp\/v2\/product\/60530","targetHints":{"allow":["GET"]}}],"collection":[{"href":"https:\/\/www.atta45.se\/e-butik\/wp-json\/wp\/v2\/product"}],"about":[{"href":"https:\/\/www.atta45.se\/e-butik\/wp-json\/wp\/v2\/types\/product"}],"wp:featuredmedia":[{"embeddable":true,"href":"https:\/\/www.atta45.se\/e-butik\/wp-json\/wp\/v2\/media\/60531"}],"wp:attachment":[{"href":"https:\/\/www.atta45.se\/e-butik\/wp-json\/wp\/v2\/media?parent=60530"}],"wp:term":[{"taxonomy":"product_brand","embeddable":true,"href":"https:\/\/www.atta45.se\/e-butik\/wp-json\/wp\/v2\/product_brand?post=60530"},{"taxonomy":"product_cat","embeddable":true,"href":"https:\/\/www.atta45.se\/e-butik\/wp-json\/wp\/v2\/product_cat?post=60530"},{"taxonomy":"product_tag","embeddable":true,"href":"https:\/\/www.atta45.se\/e-butik\/wp-json\/wp\/v2\/product_tag?post=60530"}],"curies":[{"name":"wp","href":"https:\/\/api.w.org\/{rel}","templated":true}]}}