{"id":60376,"date":"2024-12-26T22:43:26","date_gmt":"2024-12-26T21:43:26","guid":{"rendered":"https:\/\/www.atta45.se\/e-butik\/?post_type=product&#038;p=60376"},"modified":"2025-10-27T20:30:16","modified_gmt":"2025-10-27T19:30:16","slug":"suduko-i-tra-christa","status":"publish","type":"product","link":"https:\/\/www.atta45.se\/e-butik\/produkt\/suduko-i-tra-christa\/","title":{"rendered":"Suduko i tr\u00e4 Christa"},"content":{"rendered":"<p>Sudoku i tr\u00e4. Inneh\u00e5ller 99 numrerade tr\u00e4marker och en manual med spelinstruktioner och l\u00f6sningar. Individuellt f\u00f6rpackad i brun kartong.<\/p>\n","protected":false},"excerpt":{"rendered":"<p>Sudoku i tr\u00e4. Inneh\u00e5ller 99 numrerade tr\u00e4marker och en manual med spelinstruktioner och l\u00f6sningar. Individuellt f\u00f6rpackad i brun kartong.<\/p>\n","protected":false},"featured_media":60377,"template":"","meta":{"_acf_changed":false,"_seopress_robots_primary_cat":"","_seopress_titles_title":"","_seopress_titles_desc":"","_seopress_robots_index":""},"product_brand":[],"product_cat":[15],"product_tag":[],"class_list":{"0":"post-60376","1":"product","2":"type-product","3":"status-publish","4":"has-post-thumbnail","6":"product_cat-okategoriserad","7":"atta45_taxonomy-fritid-spel-leksaker-leksaker-sv","8":"atta45_taxonomy-fritid-spel-leksaker-spel-sv","9":"atta45_taxonomy-fritid-spel-leksaker-sv","11":"first","12":"instock","13":"taxable","14":"shipping-taxable","15":"purchasable","16":"product-type-variable"},"acf":[],"_links":{"self":[{"href":"https:\/\/www.atta45.se\/e-butik\/wp-json\/wp\/v2\/product\/60376","targetHints":{"allow":["GET"]}}],"collection":[{"href":"https:\/\/www.atta45.se\/e-butik\/wp-json\/wp\/v2\/product"}],"about":[{"href":"https:\/\/www.atta45.se\/e-butik\/wp-json\/wp\/v2\/types\/product"}],"wp:featuredmedia":[{"embeddable":true,"href":"https:\/\/www.atta45.se\/e-butik\/wp-json\/wp\/v2\/media\/60377"}],"wp:attachment":[{"href":"https:\/\/www.atta45.se\/e-butik\/wp-json\/wp\/v2\/media?parent=60376"}],"wp:term":[{"taxonomy":"product_brand","embeddable":true,"href":"https:\/\/www.atta45.se\/e-butik\/wp-json\/wp\/v2\/product_brand?post=60376"},{"taxonomy":"product_cat","embeddable":true,"href":"https:\/\/www.atta45.se\/e-butik\/wp-json\/wp\/v2\/product_cat?post=60376"},{"taxonomy":"product_tag","embeddable":true,"href":"https:\/\/www.atta45.se\/e-butik\/wp-json\/wp\/v2\/product_tag?post=60376"}],"curies":[{"name":"wp","href":"https:\/\/api.w.org\/{rel}","templated":true}]}}