{"id":60064,"date":"2024-12-26T22:37:41","date_gmt":"2024-12-26T21:37:41","guid":{"rendered":"https:\/\/www.atta45.se\/e-butik\/?post_type=product&#038;p=60064"},"modified":"2025-10-27T19:05:32","modified_gmt":"2025-10-27T18:05:32","slug":"schwarzwolf-iravadi-sport-solglasogon","status":"publish","type":"product","link":"https:\/\/www.atta45.se\/e-butik\/produkt\/schwarzwolf-iravadi-sport-solglasogon\/","title":{"rendered":"Solglas\u00f6gon Schwarzwolf IRAVADI sport"},"content":{"rendered":"<p>Polariserade Schwazwolf sportsolglas\u00f6gon med f\u00e4rgade linser. Solglas\u00f6gonen \u00e4r gjorda i svart f\u00e4rg med Schwarzwof-logotyp p\u00e5 glas\u00f6gonarmarna. Linserna har<br \/>UV400 skydd. Polariserade glas\u00f6gon minskar obehaglig bl\u00e4ndning och tr\u00f6tthet i \u00f6gonen. Tack vare orangea glas som h\u00f6jer en kontrasterande syn \u00e4r glas\u00f6gonen idealiska f\u00f6r bilk\u00f6rning och<br \/>vintersporter. Kommer i en svart mikrofiberp\u00e5se och ett praktiskt h\u00e5rt svart fodral med dragkedja. Inkluderar en vit mikrofiberduk som \u00e4r l\u00e4mplig f\u00f6r sublimering.<br \/>F\u00f6rpackad i presentf\u00f6rpackning.<br \/>Rekommenderad tryckteknik: tampontryck T3, silkscreentryck S3 enf\u00e4rgad, sublimering<br \/>Maximal utskriftsstorlek: armar 30 \u00d7 7 mm, fodral 50 \u00d7 15 mm, reng\u00f6ringsduk 100 \u00d7 100 mm<br \/>M\u00e5tt: mikrofiberp\u00e5se 8,5 \u00d7 17,6 cm, fodral 16,5 \u00d7 7,5 \u00d7 6,5 cm, reng\u00f6ringsduk 15 \u00d7 18 cm<br \/>Koldioxidavtryck: gCO2e 549<\/p>\n","protected":false},"excerpt":{"rendered":"<p>Polariserade Schwazwolf sportsolglas\u00f6gon med f\u00e4rgade linser. Solglas\u00f6gonen \u00e4r gjorda i svart f\u00e4rg med Schwarzwof-logotyp p\u00e5 glas\u00f6gonarmarna. Linserna harUV400 skydd. Polariserade glas\u00f6gon minskar obehaglig bl\u00e4ndning och tr\u00f6tthet i \u00f6gonen. Tack vare orangea glas som h\u00f6jer en kontrasterande syn \u00e4r glas\u00f6gonen idealiska f\u00f6r bilk\u00f6rning ochvintersporter. Kommer i en svart mikrofiberp\u00e5se och ett praktiskt h\u00e5rt svart fodral med [&hellip;]<\/p>\n","protected":false},"featured_media":60065,"template":"","meta":{"_acf_changed":false,"_seopress_robots_primary_cat":"","_seopress_titles_title":"","_seopress_titles_desc":"","_seopress_robots_index":""},"product_brand":[],"product_cat":[15],"product_tag":[],"class_list":{"0":"post-60064","1":"product","2":"type-product","3":"status-publish","4":"has-post-thumbnail","6":"product_cat-okategoriserad","7":"atta45_taxonomy-tema-inspiration-varumarken-schwarzwolf-sv","8":"atta45_taxonomy-fritid-solglasogon-tillbehor-sv","10":"first","11":"instock","12":"taxable","13":"shipping-taxable","14":"purchasable","15":"product-type-variable"},"acf":[],"_links":{"self":[{"href":"https:\/\/www.atta45.se\/e-butik\/wp-json\/wp\/v2\/product\/60064","targetHints":{"allow":["GET"]}}],"collection":[{"href":"https:\/\/www.atta45.se\/e-butik\/wp-json\/wp\/v2\/product"}],"about":[{"href":"https:\/\/www.atta45.se\/e-butik\/wp-json\/wp\/v2\/types\/product"}],"wp:featuredmedia":[{"embeddable":true,"href":"https:\/\/www.atta45.se\/e-butik\/wp-json\/wp\/v2\/media\/60065"}],"wp:attachment":[{"href":"https:\/\/www.atta45.se\/e-butik\/wp-json\/wp\/v2\/media?parent=60064"}],"wp:term":[{"taxonomy":"product_brand","embeddable":true,"href":"https:\/\/www.atta45.se\/e-butik\/wp-json\/wp\/v2\/product_brand?post=60064"},{"taxonomy":"product_cat","embeddable":true,"href":"https:\/\/www.atta45.se\/e-butik\/wp-json\/wp\/v2\/product_cat?post=60064"},{"taxonomy":"product_tag","embeddable":true,"href":"https:\/\/www.atta45.se\/e-butik\/wp-json\/wp\/v2\/product_tag?post=60064"}],"curies":[{"name":"wp","href":"https:\/\/api.w.org\/{rel}","templated":true}]}}

Solglasögon Schwarzwolf IRAVADI sport

<p>Polariserade Schwazwolf sportsolglasögon med färgade linser. Solglasögonen är gjorda i svart färg med Schwarzwof-logotyp på glasögonarmarna. Linserna har<br />UV400 skydd. Polariserade glasögon minskar obehaglig bländning och trötthet i ögonen. Tack vare orangea glas som höjer en kontrasterande syn är glasögonen idealiska för bilkörning och<br />vintersporter. Kommer i en svart mikrofiberpåse och ett praktiskt hårt svart fodral med dragkedja. Inkluderar en vit mikrofiberduk som är lämplig för sublimering.<br />Förpackad i presentförpackning.<br />Rekommenderad tryckteknik: tampontryck T3, silkscreentryck S3 enfärgad, sublimering<br />Maximal utskriftsstorlek: armar 30 × 7 mm, fodral 50 × 15 mm, rengöringsduk 100 × 100 mm<br />Mått: mikrofiberpåse 8,5 × 17,6 cm, fodral 16,5 × 7,5 × 6,5 cm, rengöringsduk 15 × 18 cm<br />Koldioxidavtryck: gCO2e 549</p>

<p>Polariserade Schwazwolf sportsolglasögon med färgade linser. Solglasögonen är gjorda i svart färg med Schwarzwof-logotyp på glasögonarmarna. Linserna harUV400 skydd. Polariserade glasögon minskar obehaglig bländning och trötthet i ögonen. Tack vare orangea glas som höjer en kontrasterande syn är glasögonen idealiska för bilkörning ochvintersporter. Kommer i en svart mikrofiberpåse och ett praktiskt hårt svart fodral med [&hellip;]</p>
