{"id":59962,"date":"2024-12-26T22:35:47","date_gmt":"2024-12-26T21:35:47","guid":{"rendered":"https:\/\/www.atta45.se\/e-butik\/?post_type=product&#038;p=59962"},"modified":"2025-10-28T00:55:58","modified_gmt":"2025-10-27T23:55:58","slug":"schwarzwolf-lanao-kylande-handduk-for-utomhusbruk","status":"publish","type":"product","link":"https:\/\/www.atta45.se\/e-butik\/produkt\/schwarzwolf-lanao-kylande-handduk-for-utomhusbruk\/","title":{"rendered":"Handduk, kylande, f\u00f6r utomhusbruk   SCHWARZWOLF LANAO,"},"content":{"rendered":"<p>Schwarzwolf kylhandduk f\u00f6r utomhusbruk \u00e4r perfekt f\u00f6r dina sportaktiviteter.<\/p>\n<p>Det \u00e4r snabbtorkande och ger behaglig kylning vid h\u00f6ga temperaturer eller som en f\u00f6rstahandsbek\u00e4mpning vid skada eller solbr\u00e4nna.<\/p>\n<p>G\u00f6r s\u00e5 h\u00e4r:<br \/>Bl\u00f6tl\u00e4gg handduken vatten, vrid det och str\u00e4ck den 3-5 g\u00e5nger.<\/p>\n<p>B\u00f6rjar sedan svalna utan att k\u00e4nna sig v\u00e5t.<\/p>\n<p>F\u00f6rpackat i polyesterh\u00f6lje i mesh.<\/p>\n","protected":false},"excerpt":{"rendered":"<p>Schwarzwolf kylhandduk f\u00f6r utomhusbruk \u00e4r perfekt f\u00f6r dina sportaktiviteter. Det \u00e4r snabbtorkande och ger behaglig kylning vid h\u00f6ga temperaturer eller som en f\u00f6rstahandsbek\u00e4mpning vid skada eller solbr\u00e4nna. G\u00f6r s\u00e5 h\u00e4r:Bl\u00f6tl\u00e4gg handduken vatten, vrid det och str\u00e4ck den 3-5 g\u00e5nger. B\u00f6rjar sedan svalna utan att k\u00e4nna sig v\u00e5t. F\u00f6rpackat i polyesterh\u00f6lje i mesh.<\/p>\n","protected":false},"featured_media":59963,"template":"","meta":{"_acf_changed":false,"_seopress_robots_primary_cat":"","_seopress_titles_title":"","_seopress_titles_desc":"","_seopress_robots_index":""},"product_brand":[],"product_cat":[15],"product_tag":[],"class_list":{"0":"post-59962","1":"product","2":"type-product","3":"status-publish","4":"has-post-thumbnail","6":"product_cat-okategoriserad","7":"atta45_taxonomy-textil-handdukar-badrockar-sv","8":"atta45_taxonomy-fritid-overlevnadsprodukter-sv","9":"atta45_taxonomy-tema-inspiration-varumarken-schwarzwolf-sv","11":"first","12":"instock","13":"taxable","14":"shipping-taxable","15":"purchasable","16":"product-type-variable"},"acf":[],"_links":{"self":[{"href":"https:\/\/www.atta45.se\/e-butik\/wp-json\/wp\/v2\/product\/59962","targetHints":{"allow":["GET"]}}],"collection":[{"href":"https:\/\/www.atta45.se\/e-butik\/wp-json\/wp\/v2\/product"}],"about":[{"href":"https:\/\/www.atta45.se\/e-butik\/wp-json\/wp\/v2\/types\/product"}],"wp:featuredmedia":[{"embeddable":true,"href":"https:\/\/www.atta45.se\/e-butik\/wp-json\/wp\/v2\/media\/59963"}],"wp:attachment":[{"href":"https:\/\/www.atta45.se\/e-butik\/wp-json\/wp\/v2\/media?parent=59962"}],"wp:term":[{"taxonomy":"product_brand","embeddable":true,"href":"https:\/\/www.atta45.se\/e-butik\/wp-json\/wp\/v2\/product_brand?post=59962"},{"taxonomy":"product_cat","embeddable":true,"href":"https:\/\/www.atta45.se\/e-butik\/wp-json\/wp\/v2\/product_cat?post=59962"},{"taxonomy":"product_tag","embeddable":true,"href":"https:\/\/www.atta45.se\/e-butik\/wp-json\/wp\/v2\/product_tag?post=59962"}],"curies":[{"name":"wp","href":"https:\/\/api.w.org\/{rel}","templated":true}]}}

Handduk, kylande, för utomhusbruk   SCHWARZWOLF LANAO,

<p>Schwarzwolf kylhandduk för utomhusbruk är perfekt för dina sportaktiviteter.</p>
<p>Det är snabbtorkande och ger behaglig kylning vid höga temperaturer eller som en förstahandsbekämpning vid skada eller solbränna.</p>
<p>Gör så här:<br />Blötlägg handduken vatten, vrid det och sträck den 3-5 gånger.</p>
<p>Börjar sedan svalna utan att känna sig våt.</p>
<p>Förpackat i polyesterhölje i mesh.</p>

<p>Schwarzwolf kylhandduk för utomhusbruk är perfekt för dina sportaktiviteter. Det är snabbtorkande och ger behaglig kylning vid höga temperaturer eller som en förstahandsbekämpning vid skada eller solbränna. Gör så här:Blötlägg handduken vatten, vrid det och sträck den 3-5 gånger. Börjar sedan svalna utan att känna sig våt. Förpackat i polyesterhölje i mesh.</p>
