{"id":59936,"date":"2024-12-26T22:35:33","date_gmt":"2024-12-26T21:35:33","guid":{"rendered":"https:\/\/www.atta45.se\/e-butik\/?post_type=product&#038;p=59936"},"modified":"2025-10-28T00:55:47","modified_gmt":"2025-10-27T23:55:47","slug":"schwarzwolf-liard-termosmugg-360-ml","status":"publish","type":"product","link":"https:\/\/www.atta45.se\/e-butik\/produkt\/schwarzwolf-liard-termosmugg-360-ml\/","title":{"rendered":"Termosmugg SCHWARZWOLF LIARD 360 ml"},"content":{"rendered":"<p>Schwarzwolf termomugg \u00e4r gjord av rostfritt st\u00e5l.<\/p>\n<p>Muggen har en volym p\u00e5 360 ml.<\/p>\n<p>Tack vare dess egenskaper f\u00f6r att h\u00e5lla temperaturen kall och<br \/>varma drycker kommer att vara mycket praktiska till exempel under din v\u00e4g<\/p>\n<p>&#8211; 100% \u00e5tervinningsbart<br \/>&#8211; L\u00e4cker inte<br \/>&#8211; EU-test<br \/>&#8211; Halkfri yta<br \/>&#8211; 2 f\u00e4rgversioner<br \/>&#8211; Presentf\u00f6rpackning<br \/>&#8211; Varm eller kall dryck mer \u00e4n 5 timmar <\/p>\n","protected":false},"excerpt":{"rendered":"<p>Schwarzwolf termomugg \u00e4r gjord av rostfritt st\u00e5l. Muggen har en volym p\u00e5 360 ml. Tack vare dess egenskaper f\u00f6r att h\u00e5lla temperaturen kall ochvarma drycker kommer att vara mycket praktiska till exempel under din v\u00e4g &#8211; 100% \u00e5tervinningsbart&#8211; L\u00e4cker inte&#8211; EU-test&#8211; Halkfri yta&#8211; 2 f\u00e4rgversioner&#8211; Presentf\u00f6rpackning&#8211; Varm eller kall dryck mer \u00e4n 5 timmar<\/p>\n","protected":false},"featured_media":59937,"template":"","meta":{"_acf_changed":false,"_seopress_robots_primary_cat":"","_seopress_titles_title":"","_seopress_titles_desc":"","_seopress_robots_index":""},"product_brand":[],"product_cat":[15],"product_tag":[],"class_list":{"0":"post-59936","1":"product","2":"type-product","3":"status-publish","4":"has-post-thumbnail","6":"product_cat-okategoriserad","7":"atta45_taxonomy-fritid-overlevnadsprodukter-sv","8":"atta45_taxonomy-fritid-picknickset-sv","9":"atta45_taxonomy-tema-inspiration-varumarken-schwarzwolf-sv","10":"atta45_taxonomy-hem-hushall-termos-sv","12":"first","13":"instock","14":"taxable","15":"shipping-taxable","16":"purchasable","17":"product-type-variable"},"acf":[],"_links":{"self":[{"href":"https:\/\/www.atta45.se\/e-butik\/wp-json\/wp\/v2\/product\/59936","targetHints":{"allow":["GET"]}}],"collection":[{"href":"https:\/\/www.atta45.se\/e-butik\/wp-json\/wp\/v2\/product"}],"about":[{"href":"https:\/\/www.atta45.se\/e-butik\/wp-json\/wp\/v2\/types\/product"}],"wp:featuredmedia":[{"embeddable":true,"href":"https:\/\/www.atta45.se\/e-butik\/wp-json\/wp\/v2\/media\/59937"}],"wp:attachment":[{"href":"https:\/\/www.atta45.se\/e-butik\/wp-json\/wp\/v2\/media?parent=59936"}],"wp:term":[{"taxonomy":"product_brand","embeddable":true,"href":"https:\/\/www.atta45.se\/e-butik\/wp-json\/wp\/v2\/product_brand?post=59936"},{"taxonomy":"product_cat","embeddable":true,"href":"https:\/\/www.atta45.se\/e-butik\/wp-json\/wp\/v2\/product_cat?post=59936"},{"taxonomy":"product_tag","embeddable":true,"href":"https:\/\/www.atta45.se\/e-butik\/wp-json\/wp\/v2\/product_tag?post=59936"}],"curies":[{"name":"wp","href":"https:\/\/api.w.org\/{rel}","templated":true}]}}