{"id":59878,"date":"2024-12-26T22:34:03","date_gmt":"2024-12-26T21:34:03","guid":{"rendered":"https:\/\/www.atta45.se\/e-butik\/?post_type=product&#038;p=59878"},"modified":"2025-10-28T00:54:18","modified_gmt":"2025-10-27T23:54:18","slug":"schwarzwolf-sajama-uppblasbar-madrass","status":"publish","type":"product","link":"https:\/\/www.atta45.se\/e-butik\/produkt\/schwarzwolf-sajama-uppblasbar-madrass\/","title":{"rendered":"Madrass uppbl\u00e5sbar SCHWARZWOLF SAJAMA"},"content":{"rendered":"<p>Schwarzwolf uppbl\u00e5sbara matta med en integrerad kudde \u00e4r f\u00f6rpackad i ett praktiskt nylonfodral med dragsko. <\/p>\n<p>Det kommer s\u00e4kert att vara en oumb\u00e4rlig hj\u00e4lpare vid<br \/>camping. <\/p>\n<p>Den tar upp minimalt bagageutrymme tack vare sin lilla storlek och l\u00e5ga vikt p\u00e5 620 g. <\/p>\n<p>Den \u00e4r utrustad med tv\u00e5 ventiler f\u00f6r enkel uppbl\u00e5sning av kuddar och<br \/>dynor. Den hj\u00e4lper till med v\u00e4rmeisolering och ger en behaglig vila. <\/p>\n<p>Materialet \u00e4r vattent\u00e4tt. Den uppbl\u00e5sta madrassen har en l\u00e4ngd p\u00e5 190 cm, s\u00e5 det g\u00f6r det m\u00f6jligt<br \/>bekv\u00e4mt att sova \u00e4ven f\u00f6r l\u00e4ngre m\u00e4nniskor. <\/p>\n<p>F\u00f6r \u00e4nnu enklare uppbl\u00e5sning rekommenderas det att l\u00e4gga till en Schwarzwolf KASAI uppbl\u00e5sbar v\u00e4ska.<\/p>\n","protected":false},"excerpt":{"rendered":"<p>Schwarzwolf uppbl\u00e5sbara matta med en integrerad kudde \u00e4r f\u00f6rpackad i ett praktiskt nylonfodral med dragsko. Det kommer s\u00e4kert att vara en oumb\u00e4rlig hj\u00e4lpare vidcamping. Den tar upp minimalt bagageutrymme tack vare sin lilla storlek och l\u00e5ga vikt p\u00e5 620 g. Den \u00e4r utrustad med tv\u00e5 ventiler f\u00f6r enkel uppbl\u00e5sning av kuddar ochdynor. Den hj\u00e4lper till [&hellip;]<\/p>\n","protected":false},"featured_media":59879,"template":"","meta":{"_acf_changed":false,"_seopress_robots_primary_cat":"","_seopress_titles_title":"","_seopress_titles_desc":"","_seopress_robots_index":""},"product_brand":[],"product_cat":[15],"product_tag":[],"class_list":{"0":"post-59878","1":"product","2":"type-product","3":"status-publish","4":"has-post-thumbnail","6":"product_cat-okategoriserad","7":"atta45_taxonomy-fritid-overlevnadsprodukter-sv","8":"atta45_taxonomy-tema-inspiration-varumarken-schwarzwolf-sv","9":"atta45_taxonomy-fritid-uppblasbart-strandartiklar-sv","11":"first","12":"instock","13":"taxable","14":"shipping-taxable","15":"purchasable","16":"product-type-variable"},"acf":[],"_links":{"self":[{"href":"https:\/\/www.atta45.se\/e-butik\/wp-json\/wp\/v2\/product\/59878","targetHints":{"allow":["GET"]}}],"collection":[{"href":"https:\/\/www.atta45.se\/e-butik\/wp-json\/wp\/v2\/product"}],"about":[{"href":"https:\/\/www.atta45.se\/e-butik\/wp-json\/wp\/v2\/types\/product"}],"wp:featuredmedia":[{"embeddable":true,"href":"https:\/\/www.atta45.se\/e-butik\/wp-json\/wp\/v2\/media\/59879"}],"wp:attachment":[{"href":"https:\/\/www.atta45.se\/e-butik\/wp-json\/wp\/v2\/media?parent=59878"}],"wp:term":[{"taxonomy":"product_brand","embeddable":true,"href":"https:\/\/www.atta45.se\/e-butik\/wp-json\/wp\/v2\/product_brand?post=59878"},{"taxonomy":"product_cat","embeddable":true,"href":"https:\/\/www.atta45.se\/e-butik\/wp-json\/wp\/v2\/product_cat?post=59878"},{"taxonomy":"product_tag","embeddable":true,"href":"https:\/\/www.atta45.se\/e-butik\/wp-json\/wp\/v2\/product_tag?post=59878"}],"curies":[{"name":"wp","href":"https:\/\/api.w.org\/{rel}","templated":true}]}}