{"id":59842,"date":"2024-12-26T22:33:38","date_gmt":"2024-12-26T21:33:38","guid":{"rendered":"https:\/\/www.atta45.se\/e-butik\/?post_type=product&#038;p=59842"},"modified":"2025-10-28T00:51:36","modified_gmt":"2025-10-27T23:51:36","slug":"schwarzwolf-mino-laddningsbar-pannlampa","status":"publish","type":"product","link":"https:\/\/www.atta45.se\/e-butik\/produkt\/schwarzwolf-mino-laddningsbar-pannlampa\/","title":{"rendered":"Pannlampa SCHWARZWOLF MINO  laddningsbar"},"content":{"rendered":"<p>Schwarzwolf laddningsbar pannlampa med XPE -diod.<\/p>\n<p>T\u00e4nd eller sl\u00e4ck lampan med en enkel handr\u00f6relse framf\u00f6r lampan.<\/p>\n<p>Den har en sensor och 5 belysningss\u00e4tt:<br \/>&#8211; svagt ljus<br \/>&#8211; starkare<br \/>&#8211; fashing<br \/>&#8211; r\u00f6d<br \/>&#8211; red fashing<\/p>\n<p>Inkluderar ett gummipannband med Schwarzwolf -logotyp och uttag f\u00f6r USB -mikrokabel f\u00f6r laddning.<\/p>\n<p>Tack vare sin laddning sparar den milj\u00f6n. N\u00e4r batteriet \u00e4r fulladdat t\u00e4nds det i upp till 7 timmar.<\/p>\n<p>Levereras med USB -mikrokabel. F\u00f6rpackad i en Schwarzwolf presentf\u00f6rpackning.<\/p>\n<p>Ljusstyrka: 120 lumen.<\/p>\n","protected":false},"excerpt":{"rendered":"<p>Schwarzwolf laddningsbar pannlampa med XPE -diod. T\u00e4nd eller sl\u00e4ck lampan med en enkel handr\u00f6relse framf\u00f6r lampan. Den har en sensor och 5 belysningss\u00e4tt:&#8211; svagt ljus&#8211; starkare&#8211; fashing&#8211; r\u00f6d&#8211; red fashing Inkluderar ett gummipannband med Schwarzwolf -logotyp och uttag f\u00f6r USB -mikrokabel f\u00f6r laddning. Tack vare sin laddning sparar den milj\u00f6n. N\u00e4r batteriet \u00e4r fulladdat t\u00e4nds [&hellip;]<\/p>\n","protected":false},"featured_media":59843,"template":"","meta":{"_acf_changed":false,"_seopress_robots_primary_cat":"","_seopress_titles_title":"","_seopress_titles_desc":"","_seopress_robots_index":""},"product_brand":[],"product_cat":[15],"product_tag":[],"class_list":{"0":"post-59842","1":"product","2":"type-product","3":"status-publish","4":"has-post-thumbnail","6":"product_cat-okategoriserad","7":"atta45_taxonomy-reflexer-verktyg-sakerhet-cykeltillbehor-sv","8":"atta45_taxonomy-reflexer-verktyg-sakerhet-lampor-sv","9":"atta45_taxonomy-reflexer-verktyg-sakerhet-led-artiklar-sv","10":"atta45_taxonomy-fritid-overlevnadsprodukter-sv","11":"atta45_taxonomy-tema-inspiration-varumarken-schwarzwolf-sv","13":"first","14":"instock","15":"taxable","16":"shipping-taxable","17":"purchasable","18":"product-type-variable"},"acf":[],"_links":{"self":[{"href":"https:\/\/www.atta45.se\/e-butik\/wp-json\/wp\/v2\/product\/59842","targetHints":{"allow":["GET"]}}],"collection":[{"href":"https:\/\/www.atta45.se\/e-butik\/wp-json\/wp\/v2\/product"}],"about":[{"href":"https:\/\/www.atta45.se\/e-butik\/wp-json\/wp\/v2\/types\/product"}],"wp:featuredmedia":[{"embeddable":true,"href":"https:\/\/www.atta45.se\/e-butik\/wp-json\/wp\/v2\/media\/59843"}],"wp:attachment":[{"href":"https:\/\/www.atta45.se\/e-butik\/wp-json\/wp\/v2\/media?parent=59842"}],"wp:term":[{"taxonomy":"product_brand","embeddable":true,"href":"https:\/\/www.atta45.se\/e-butik\/wp-json\/wp\/v2\/product_brand?post=59842"},{"taxonomy":"product_cat","embeddable":true,"href":"https:\/\/www.atta45.se\/e-butik\/wp-json\/wp\/v2\/product_cat?post=59842"},{"taxonomy":"product_tag","embeddable":true,"href":"https:\/\/www.atta45.se\/e-butik\/wp-json\/wp\/v2\/product_tag?post=59842"}],"curies":[{"name":"wp","href":"https:\/\/api.w.org\/{rel}","templated":true}]}}

<p>Schwarzwolf laddningsbar pannlampa med XPE -diod.</p>
<p>Tänd eller släck lampan med en enkel handrörelse framför lampan.</p>
<p>Den har en sensor och 5 belysningssätt:<br />&#8211; svagt ljus<br />&#8211; starkare<br />&#8211; fashing<br />&#8211; röd<br />&#8211; red fashing</p>
<p>Inkluderar ett gummipannband med Schwarzwolf -logotyp och uttag för USB -mikrokabel för laddning.</p>
<p>Tack vare sin laddning sparar den miljön. När batteriet är fulladdat tänds det i upp till 7 timmar.</p>
<p>Levereras med USB -mikrokabel. Förpackad i en Schwarzwolf presentförpackning.</p>
<p>Ljusstyrka: 120 lumen.</p>

<p>Schwarzwolf laddningsbar pannlampa med XPE -diod. Tänd eller släck lampan med en enkel handrörelse framför lampan. Den har en sensor och 5 belysningssätt:&#8211; svagt ljus&#8211; starkare&#8211; fashing&#8211; röd&#8211; red fashing Inkluderar ett gummipannband med Schwarzwolf -logotyp och uttag för USB -mikrokabel för laddning. Tack vare sin laddning sparar den miljön. När batteriet är fulladdat tänds [&hellip;]</p>
