{"id":59774,"date":"2024-12-26T22:33:11","date_gmt":"2024-12-26T21:33:11","guid":{"rendered":"https:\/\/www.atta45.se\/e-butik\/?post_type=product&#038;p=59774"},"modified":"2025-10-28T00:51:13","modified_gmt":"2025-10-27T23:51:13","slug":"schwarzwolf-matrix-fickkniv","status":"publish","type":"product","link":"https:\/\/www.atta45.se\/e-butik\/produkt\/schwarzwolf-matrix-fickkniv\/","title":{"rendered":"Fickkniv Schwarzwolf Matrix"},"content":{"rendered":"<p>Fickkniv Schwarzwolf med aluminiumhandtag<br \/>och b\u00e4lteskl\u00e4mma. F\u00f6rpackad i Schwarzwolf presentf\u00f6rpackning.<br \/>Material: aluminium\/rostfritt st\u00e5l<br \/>Rekommenderad m\u00e4rkning: Lasergravyr L1<br \/>Maximalt tryckstorlek: 28 \u00d7 5 mm<br \/>Knivstorlek (st\u00e4ngd): 11,5 \u00d7 3,1 \u00d7 1,6 cm<\/p>\n","protected":false},"excerpt":{"rendered":"<p>Fickkniv Schwarzwolf med aluminiumhandtagoch b\u00e4lteskl\u00e4mma. F\u00f6rpackad i Schwarzwolf presentf\u00f6rpackning.Material: aluminium\/rostfritt st\u00e5lRekommenderad m\u00e4rkning: Lasergravyr L1Maximalt tryckstorlek: 28 \u00d7 5 mmKnivstorlek (st\u00e4ngd): 11,5 \u00d7 3,1 \u00d7 1,6 cm<\/p>\n","protected":false},"featured_media":59775,"template":"","meta":{"_acf_changed":false,"_seopress_robots_primary_cat":"","_seopress_titles_title":"","_seopress_titles_desc":"","_seopress_robots_index":""},"product_brand":[],"product_cat":[15],"product_tag":[],"class_list":{"0":"post-59774","1":"product","2":"type-product","3":"status-publish","4":"has-post-thumbnail","6":"product_cat-okategoriserad","7":"atta45_taxonomy-reflexer-verktyg-sakerhet-knivar-sv","8":"atta45_taxonomy-fritid-overlevnadsprodukter-sv","9":"atta45_taxonomy-tema-inspiration-varumarken-schwarzwolf-sv","11":"first","12":"instock","13":"taxable","14":"shipping-taxable","15":"purchasable","16":"product-type-variable"},"acf":[],"_links":{"self":[{"href":"https:\/\/www.atta45.se\/e-butik\/wp-json\/wp\/v2\/product\/59774","targetHints":{"allow":["GET"]}}],"collection":[{"href":"https:\/\/www.atta45.se\/e-butik\/wp-json\/wp\/v2\/product"}],"about":[{"href":"https:\/\/www.atta45.se\/e-butik\/wp-json\/wp\/v2\/types\/product"}],"wp:featuredmedia":[{"embeddable":true,"href":"https:\/\/www.atta45.se\/e-butik\/wp-json\/wp\/v2\/media\/59775"}],"wp:attachment":[{"href":"https:\/\/www.atta45.se\/e-butik\/wp-json\/wp\/v2\/media?parent=59774"}],"wp:term":[{"taxonomy":"product_brand","embeddable":true,"href":"https:\/\/www.atta45.se\/e-butik\/wp-json\/wp\/v2\/product_brand?post=59774"},{"taxonomy":"product_cat","embeddable":true,"href":"https:\/\/www.atta45.se\/e-butik\/wp-json\/wp\/v2\/product_cat?post=59774"},{"taxonomy":"product_tag","embeddable":true,"href":"https:\/\/www.atta45.se\/e-butik\/wp-json\/wp\/v2\/product_tag?post=59774"}],"curies":[{"name":"wp","href":"https:\/\/api.w.org\/{rel}","templated":true}]}}