{"id":59660,"date":"2024-12-26T22:31:40","date_gmt":"2024-12-26T21:31:40","guid":{"rendered":"https:\/\/www.atta45.se\/e-butik\/?post_type=product&#038;p=59660"},"modified":"2025-10-27T19:08:57","modified_gmt":"2025-10-27T18:08:57","slug":"schwarzwolf-kibo-sportflaska-tritan","status":"publish","type":"product","link":"https:\/\/www.atta45.se\/e-butik\/produkt\/schwarzwolf-kibo-sportflaska-tritan\/","title":{"rendered":"Sportflaska, Tritan Schwarzwolf KIBO"},"content":{"rendered":"<p>Schwarzwolf sport tritan flaska i gr\u00e5 f\u00e4rg med behaglig gummiyta, svart lock och \u00f6gla f\u00f6r upph\u00e4ngning.<\/p>\n<p>Flaskan st\u00f6djer en h\u00e4lsosam livsstil eftersom den inte inneh\u00e5ller BPA.<\/p>\n<p>Flaskan \u00e4r l\u00e4mplig f\u00f6r kalla och varma drycker fr\u00e5n -10oC till 80oC. I den nedre delen av flaskan finns en silikonrand med Schwarzwolfs logotyp.<\/p>\n<p>F\u00f6rpackad i en Schwarzwolf presentf\u00f6rpackning.<br \/>Volym: 0,8 l.<br \/>Material: tritan.<\/p>\n<p>Rekommenderad utskriftsteknik: UV-utskrift UV3.<\/p>\n<p>Maximal tryckstorlek: 30 \u00d7 50 mm.<br \/>M\u00e5tt: O 7,3 \u00d7 27 cm.<br \/>Koldioxidavtryck: gCO2 e1480<\/p>\n","protected":false},"excerpt":{"rendered":"<p>Schwarzwolf sport tritan flaska i gr\u00e5 f\u00e4rg med behaglig gummiyta, svart lock och \u00f6gla f\u00f6r upph\u00e4ngning. Flaskan st\u00f6djer en h\u00e4lsosam livsstil eftersom den inte inneh\u00e5ller BPA. Flaskan \u00e4r l\u00e4mplig f\u00f6r kalla och varma drycker fr\u00e5n -10oC till 80oC. I den nedre delen av flaskan finns en silikonrand med Schwarzwolfs logotyp. F\u00f6rpackad i en Schwarzwolf presentf\u00f6rpackning.Volym: [&hellip;]<\/p>\n","protected":false},"featured_media":59661,"template":"","meta":{"_acf_changed":false,"_seopress_robots_primary_cat":"","_seopress_titles_title":"","_seopress_titles_desc":"","_seopress_robots_index":""},"product_brand":[],"product_cat":[15],"product_tag":[],"class_list":{"0":"post-59660","1":"product","2":"type-product","3":"status-publish","4":"has-post-thumbnail","6":"product_cat-okategoriserad","7":"atta45_taxonomy-fritid-overlevnadsprodukter-sv","8":"atta45_taxonomy-tema-inspiration-varumarken-schwarzwolf-sv","9":"atta45_taxonomy-fritid-uppblasbart-strandartiklar-sv","11":"first","12":"instock","13":"taxable","14":"shipping-taxable","15":"purchasable","16":"product-type-variable"},"acf":[],"_links":{"self":[{"href":"https:\/\/www.atta45.se\/e-butik\/wp-json\/wp\/v2\/product\/59660","targetHints":{"allow":["GET"]}}],"collection":[{"href":"https:\/\/www.atta45.se\/e-butik\/wp-json\/wp\/v2\/product"}],"about":[{"href":"https:\/\/www.atta45.se\/e-butik\/wp-json\/wp\/v2\/types\/product"}],"wp:featuredmedia":[{"embeddable":true,"href":"https:\/\/www.atta45.se\/e-butik\/wp-json\/wp\/v2\/media\/59661"}],"wp:attachment":[{"href":"https:\/\/www.atta45.se\/e-butik\/wp-json\/wp\/v2\/media?parent=59660"}],"wp:term":[{"taxonomy":"product_brand","embeddable":true,"href":"https:\/\/www.atta45.se\/e-butik\/wp-json\/wp\/v2\/product_brand?post=59660"},{"taxonomy":"product_cat","embeddable":true,"href":"https:\/\/www.atta45.se\/e-butik\/wp-json\/wp\/v2\/product_cat?post=59660"},{"taxonomy":"product_tag","embeddable":true,"href":"https:\/\/www.atta45.se\/e-butik\/wp-json\/wp\/v2\/product_tag?post=59660"}],"curies":[{"name":"wp","href":"https:\/\/api.w.org\/{rel}","templated":true}]}}

<p>Schwarzwolf sport tritan flaska i grå färg med behaglig gummiyta, svart lock och ögla för upphängning.</p>
<p>Flaskan stödjer en hälsosam livsstil eftersom den inte innehåller BPA.</p>
<p>Flaskan är lämplig för kalla och varma drycker från -10oC till 80oC. I den nedre delen av flaskan finns en silikonrand med Schwarzwolfs logotyp.</p>
<p>Förpackad i en Schwarzwolf presentförpackning.<br />Volym: 0,8 l.<br />Material: tritan.</p>
<p>Rekommenderad utskriftsteknik: UV-utskrift UV3.</p>
<p>Maximal tryckstorlek: 30 × 50 mm.<br />Mått: O 7,3 × 27 cm.<br />Koldioxidavtryck: gCO2 e1480</p>

<p>Schwarzwolf sport tritan flaska i grå färg med behaglig gummiyta, svart lock och ögla för upphängning. Flaskan stödjer en hälsosam livsstil eftersom den inte innehåller BPA. Flaskan är lämplig för kalla och varma drycker från -10oC till 80oC. I den nedre delen av flaskan finns en silikonrand med Schwarzwolfs logotyp. Förpackad i en Schwarzwolf presentförpackning.Volym: [&hellip;]</p>
