{"id":59632,"date":"2024-12-26T22:31:18","date_gmt":"2024-12-26T21:31:18","guid":{"rendered":"https:\/\/www.atta45.se\/e-butik\/?post_type=product&#038;p=59632"},"modified":"2025-10-27T19:08:16","modified_gmt":"2025-10-27T18:08:16","slug":"schwarzwolf-rest-sjalvuppblasande-resekudde","status":"publish","type":"product","link":"https:\/\/www.atta45.se\/e-butik\/produkt\/schwarzwolf-rest-sjalvuppblasande-resekudde\/","title":{"rendered":"Resekudde sj\u00e4lvuppbl\u00e5sande Schwarzwolf REST"},"content":{"rendered":"<p>Schwarzwolf sj\u00e4lvuppbl\u00e5sbar resekudde i nylonp\u00e5se.<\/p>\n<p>F\u00f6rpackad i en polybag med Schwarzwolf h\u00e4ngkort.<\/p>\n<p>Vikt: 130 g.<\/p>\n<p>Material: r\u00f6tt tyg 210T polyester, svart tyg 75D polyester, fyllning p\u00e5 insidan &#8211; skum.<\/p>\n<p>Rekommenderad tryckteknik: silkscreentryck S3.<\/p>\n<p>Maximal tryckstorlek: 100 \u00d7 100 mm.<\/p>\n<p>M\u00e5tt: kudde 40 \u00d7 30 \u00d7 2 cm.<\/p>\n<p>Koldioxidavtryck: gCO2 e2970<\/p>\n","protected":false},"excerpt":{"rendered":"<p>Schwarzwolf sj\u00e4lvuppbl\u00e5sbar resekudde i nylonp\u00e5se. F\u00f6rpackad i en polybag med Schwarzwolf h\u00e4ngkort. Vikt: 130 g. Material: r\u00f6tt tyg 210T polyester, svart tyg 75D polyester, fyllning p\u00e5 insidan &#8211; skum. Rekommenderad tryckteknik: silkscreentryck S3. Maximal tryckstorlek: 100 \u00d7 100 mm. M\u00e5tt: kudde 40 \u00d7 30 \u00d7 2 cm. Koldioxidavtryck: gCO2 e2970<\/p>\n","protected":false},"featured_media":59633,"template":"","meta":{"_acf_changed":false,"_seopress_robots_primary_cat":"","_seopress_titles_title":"","_seopress_titles_desc":"","_seopress_robots_index":""},"product_brand":[],"product_cat":[15],"product_tag":[],"class_list":{"0":"post-59632","1":"product","2":"type-product","3":"status-publish","4":"has-post-thumbnail","6":"product_cat-okategoriserad","7":"atta45_taxonomy-fritid-overlevnadsprodukter-sv","8":"atta45_taxonomy-tema-inspiration-varumarken-schwarzwolf-sv","10":"first","11":"instock","12":"taxable","13":"shipping-taxable","14":"purchasable","15":"product-type-variable"},"acf":[],"_links":{"self":[{"href":"https:\/\/www.atta45.se\/e-butik\/wp-json\/wp\/v2\/product\/59632","targetHints":{"allow":["GET"]}}],"collection":[{"href":"https:\/\/www.atta45.se\/e-butik\/wp-json\/wp\/v2\/product"}],"about":[{"href":"https:\/\/www.atta45.se\/e-butik\/wp-json\/wp\/v2\/types\/product"}],"wp:featuredmedia":[{"embeddable":true,"href":"https:\/\/www.atta45.se\/e-butik\/wp-json\/wp\/v2\/media\/59633"}],"wp:attachment":[{"href":"https:\/\/www.atta45.se\/e-butik\/wp-json\/wp\/v2\/media?parent=59632"}],"wp:term":[{"taxonomy":"product_brand","embeddable":true,"href":"https:\/\/www.atta45.se\/e-butik\/wp-json\/wp\/v2\/product_brand?post=59632"},{"taxonomy":"product_cat","embeddable":true,"href":"https:\/\/www.atta45.se\/e-butik\/wp-json\/wp\/v2\/product_cat?post=59632"},{"taxonomy":"product_tag","embeddable":true,"href":"https:\/\/www.atta45.se\/e-butik\/wp-json\/wp\/v2\/product_tag?post=59632"}],"curies":[{"name":"wp","href":"https:\/\/api.w.org\/{rel}","templated":true}]}}