{"id":59610,"date":"2024-12-26T22:31:04","date_gmt":"2024-12-26T21:31:04","guid":{"rendered":"https:\/\/www.atta45.se\/e-butik\/?post_type=product&#038;p=59610"},"modified":"2025-10-27T19:06:50","modified_gmt":"2025-10-27T18:06:50","slug":"schwarzwolf-zagros-uppladdningsbar-ficklampa","status":"publish","type":"product","link":"https:\/\/www.atta45.se\/e-butik\/produkt\/schwarzwolf-zagros-uppladdningsbar-ficklampa\/","title":{"rendered":"Ficklampa Schwarzwolf ZAGROS, uppladdningsbar"},"content":{"rendered":"<p>Schwarzwolf uppladdningsbar ficklampa med handledsrem, som \u00e4ven kan anv\u00e4ndas som en powerbank f\u00f6r n\u00f6dladdning av din telefon med utg\u00e5ng DC 5V\/1A.<\/p>\n<p>Den inneh\u00e5ller 5W XPG-diod. Den har 3 ljusl\u00e4gen: stark, blinkande och SOS.<\/p>\n<p>Om du trycker p\u00e5 knappen l\u00e4ngre kan du t\u00e4nda ett dimmerljus.<br \/>Ficklampan erbjuder en m\u00f6jlighet<br \/>f\u00f6r att \u00e4ndra zoom och inkluderar laddningsindikatorlampa.<\/p>\n<p>Levereras med ett uppladdningsbart 3,7V litiumbatteri med 2000mAh kapacitet och USB-C laddningskabel.<\/p>\n<p>Batteriets laddningstid \u00e4r 3 timmar, urladdningstid 4,5 timmar.<\/p>\n<p>F\u00f6rpackad i presentf\u00f6rpackning.<\/p>\n<p>Ljusstyrka: 250 lumen<\/p>\n<p>Rekommenderad utskriftsteknik: laser L1<\/p>\n<p>Maximal utskriftsstorlek: 30 \u00d7 7 mm<\/p>\n<p>M\u00e5tt: 12,4 \u00d7 2,5 cm<\/p>\n<p>Koldioxidavtryck: gCO2e 4933<\/p>\n","protected":false},"excerpt":{"rendered":"<p>Schwarzwolf uppladdningsbar ficklampa med handledsrem, som \u00e4ven kan anv\u00e4ndas som en powerbank f\u00f6r n\u00f6dladdning av din telefon med utg\u00e5ng DC 5V\/1A. Den inneh\u00e5ller 5W XPG-diod. Den har 3 ljusl\u00e4gen: stark, blinkande och SOS. Om du trycker p\u00e5 knappen l\u00e4ngre kan du t\u00e4nda ett dimmerljus.Ficklampan erbjuder en m\u00f6jlighetf\u00f6r att \u00e4ndra zoom och inkluderar laddningsindikatorlampa. Levereras med [&hellip;]<\/p>\n","protected":false},"featured_media":59611,"template":"","meta":{"_acf_changed":false,"_seopress_robots_primary_cat":"","_seopress_titles_title":"","_seopress_titles_desc":"","_seopress_robots_index":""},"product_brand":[],"product_cat":[15],"product_tag":[],"class_list":{"0":"post-59610","1":"product","2":"type-product","3":"status-publish","4":"has-post-thumbnail","6":"product_cat-okategoriserad","7":"atta45_taxonomy-reflexer-verktyg-sakerhet-lampor-sv","8":"atta45_taxonomy-fritid-overlevnadsprodukter-sv","9":"atta45_taxonomy-tema-inspiration-varumarken-schwarzwolf-sv","11":"first","12":"instock","13":"taxable","14":"shipping-taxable","15":"purchasable","16":"product-type-variable"},"acf":[],"_links":{"self":[{"href":"https:\/\/www.atta45.se\/e-butik\/wp-json\/wp\/v2\/product\/59610","targetHints":{"allow":["GET"]}}],"collection":[{"href":"https:\/\/www.atta45.se\/e-butik\/wp-json\/wp\/v2\/product"}],"about":[{"href":"https:\/\/www.atta45.se\/e-butik\/wp-json\/wp\/v2\/types\/product"}],"wp:featuredmedia":[{"embeddable":true,"href":"https:\/\/www.atta45.se\/e-butik\/wp-json\/wp\/v2\/media\/59611"}],"wp:attachment":[{"href":"https:\/\/www.atta45.se\/e-butik\/wp-json\/wp\/v2\/media?parent=59610"}],"wp:term":[{"taxonomy":"product_brand","embeddable":true,"href":"https:\/\/www.atta45.se\/e-butik\/wp-json\/wp\/v2\/product_brand?post=59610"},{"taxonomy":"product_cat","embeddable":true,"href":"https:\/\/www.atta45.se\/e-butik\/wp-json\/wp\/v2\/product_cat?post=59610"},{"taxonomy":"product_tag","embeddable":true,"href":"https:\/\/www.atta45.se\/e-butik\/wp-json\/wp\/v2\/product_tag?post=59610"}],"curies":[{"name":"wp","href":"https:\/\/api.w.org\/{rel}","templated":true}]}}

<p>Schwarzwolf uppladdningsbar ficklampa med handledsrem, som även kan användas som en powerbank för nödladdning av din telefon med utgång DC 5V/1A.</p>
<p>Den innehåller 5W XPG-diod. Den har 3 ljuslägen: stark, blinkande och SOS.</p>
<p>Om du trycker på knappen längre kan du tända ett dimmerljus.<br />Ficklampan erbjuder en möjlighet<br />för att ändra zoom och inkluderar laddningsindikatorlampa.</p>
<p>Levereras med ett uppladdningsbart 3,7V litiumbatteri med 2000mAh kapacitet och USB-C laddningskabel.</p>
<p>Batteriets laddningstid är 3 timmar, urladdningstid 4,5 timmar.</p>
<p>Förpackad i presentförpackning.</p>
<p>Ljusstyrka: 250 lumen</p>
<p>Rekommenderad utskriftsteknik: laser L1</p>
<p>Maximal utskriftsstorlek: 30 × 7 mm</p>
<p>Mått: 12,4 × 2,5 cm</p>
<p>Koldioxidavtryck: gCO2e 4933</p>

<p>Schwarzwolf uppladdningsbar ficklampa med handledsrem, som även kan användas som en powerbank för nödladdning av din telefon med utgång DC 5V/1A. Den innehåller 5W XPG-diod. Den har 3 ljuslägen: stark, blinkande och SOS. Om du trycker på knappen längre kan du tända ett dimmerljus.Ficklampan erbjuder en möjlighetför att ändra zoom och inkluderar laddningsindikatorlampa. Levereras med [&hellip;]</p>
