{"id":59426,"date":"2024-12-26T22:26:59","date_gmt":"2024-12-26T21:26:59","guid":{"rendered":"https:\/\/www.atta45.se\/e-butik\/?post_type=product&#038;p=59426"},"modified":"2025-10-28T00:32:45","modified_gmt":"2025-10-27T23:32:45","slug":"multiwear-mini-eu","status":"publish","type":"product","link":"https:\/\/www.atta45.se\/e-butik\/produkt\/multiwear-mini-eu\/","title":{"rendered":"Multiwear Mini EU"},"content":{"rendered":"<p>En mindre version av den stors\u00e4ljande Multiwear Classic.<\/p>\n<p>Designad f\u00f6r anv\u00e4ndning \u00e5ret runt.<br \/>Perfekt skydd b\u00e5de mot kyla och solljus.<\/p>\n<p>Storlek: 25 x 27 cm (\u00b1 1 cm)<br \/>Matierla: 100% polyester<br \/>Vikt: 125 gsm<br \/>Tryckteknik: Sublimering<br \/>F\u00f6rpackning: Separat i polybag<\/p>\n","protected":false},"excerpt":{"rendered":"<p>En mindre version av den stors\u00e4ljande Multiwear Classic. Designad f\u00f6r anv\u00e4ndning \u00e5ret runt.Perfekt skydd b\u00e5de mot kyla och solljus. Storlek: 25 x 27 cm (\u00b1 1 cm)Matierla: 100% polyesterVikt: 125 gsmTryckteknik: SublimeringF\u00f6rpackning: Separat i polybag<\/p>\n","protected":false},"featured_media":59427,"template":"","meta":{"_acf_changed":false,"_seopress_robots_primary_cat":"","_seopress_titles_title":"","_seopress_titles_desc":"","_seopress_robots_index":""},"product_brand":[],"product_cat":[15],"product_tag":[],"class_list":{"0":"post-59426","1":"product","2":"type-product","3":"status-publish","4":"has-post-thumbnail","6":"product_cat-okategoriserad","7":"atta45_taxonomy-fritid-multiwear-sv","8":"atta45_taxonomy-textil-fritid-multiwear-sv","9":"atta45_taxonomy-multiwear-sv","10":"atta45_taxonomy-nyheter-sv","12":"first","13":"instock","14":"taxable","15":"shipping-taxable","16":"purchasable","17":"product-type-variable"},"acf":[],"_links":{"self":[{"href":"https:\/\/www.atta45.se\/e-butik\/wp-json\/wp\/v2\/product\/59426","targetHints":{"allow":["GET"]}}],"collection":[{"href":"https:\/\/www.atta45.se\/e-butik\/wp-json\/wp\/v2\/product"}],"about":[{"href":"https:\/\/www.atta45.se\/e-butik\/wp-json\/wp\/v2\/types\/product"}],"wp:featuredmedia":[{"embeddable":true,"href":"https:\/\/www.atta45.se\/e-butik\/wp-json\/wp\/v2\/media\/59427"}],"wp:attachment":[{"href":"https:\/\/www.atta45.se\/e-butik\/wp-json\/wp\/v2\/media?parent=59426"}],"wp:term":[{"taxonomy":"product_brand","embeddable":true,"href":"https:\/\/www.atta45.se\/e-butik\/wp-json\/wp\/v2\/product_brand?post=59426"},{"taxonomy":"product_cat","embeddable":true,"href":"https:\/\/www.atta45.se\/e-butik\/wp-json\/wp\/v2\/product_cat?post=59426"},{"taxonomy":"product_tag","embeddable":true,"href":"https:\/\/www.atta45.se\/e-butik\/wp-json\/wp\/v2\/product_tag?post=59426"}],"curies":[{"name":"wp","href":"https:\/\/api.w.org\/{rel}","templated":true}]}}