{"id":59384,"date":"2024-12-26T22:26:08","date_gmt":"2024-12-26T21:26:08","guid":{"rendered":"https:\/\/www.atta45.se\/e-butik\/?post_type=product&#038;p=59384"},"modified":"2025-10-27T17:47:32","modified_gmt":"2025-10-27T16:47:32","slug":"multiwear-premium-reflekterande-eu","status":"publish","type":"product","link":"https:\/\/www.atta45.se\/e-butik\/produkt\/multiwear-premium-reflekterande-eu\/","title":{"rendered":"Multiwear Premium Reflekterande EU"},"content":{"rendered":"<p>\u00c5ret runt Multiwear med reflekterande rand. S\u00e4rskilt l\u00e4mplig f\u00f6r sportaktiviteter p\u00e5 kv\u00e4llen. Ger s\u00e4kerhet och skydd inte bara mot kyla. Reflexband 15 mm bred.<\/p>\n<p>Storlek: 25 x 50 cm (\u00b1 1 cm)<br \/>Sammans\u00e4ttning: 100% polyester<br \/>Vikt: 125 gsm<br \/>F\u00f6rpackning: individuell<br \/>M\u00e4rkning: sublimering<\/p>\n","protected":false},"excerpt":{"rendered":"<p>\u00c5ret runt Multiwear med reflekterande rand. S\u00e4rskilt l\u00e4mplig f\u00f6r sportaktiviteter p\u00e5 kv\u00e4llen. Ger s\u00e4kerhet och skydd inte bara mot kyla. Reflexband 15 mm bred. Storlek: 25 x 50 cm (\u00b1 1 cm)Sammans\u00e4ttning: 100% polyesterVikt: 125 gsmF\u00f6rpackning: individuellM\u00e4rkning: sublimering<\/p>\n","protected":false},"featured_media":59385,"template":"","meta":{"_acf_changed":false,"_seopress_robots_primary_cat":"","_seopress_titles_title":"","_seopress_titles_desc":"","_seopress_robots_index":""},"product_brand":[],"product_cat":[15],"product_tag":[],"class_list":{"0":"post-59384","1":"product","2":"type-product","3":"status-publish","4":"has-post-thumbnail","6":"product_cat-okategoriserad","7":"atta45_taxonomy-fritid-multiwear-sv","8":"atta45_taxonomy-textil-fritid-multiwear-sv","9":"atta45_taxonomy-multiwear-sv","10":"atta45_taxonomy-nyheter-sv","12":"first","13":"instock","14":"taxable","15":"shipping-taxable","16":"purchasable","17":"product-type-variable"},"acf":[],"_links":{"self":[{"href":"https:\/\/www.atta45.se\/e-butik\/wp-json\/wp\/v2\/product\/59384","targetHints":{"allow":["GET"]}}],"collection":[{"href":"https:\/\/www.atta45.se\/e-butik\/wp-json\/wp\/v2\/product"}],"about":[{"href":"https:\/\/www.atta45.se\/e-butik\/wp-json\/wp\/v2\/types\/product"}],"wp:featuredmedia":[{"embeddable":true,"href":"https:\/\/www.atta45.se\/e-butik\/wp-json\/wp\/v2\/media\/59385"}],"wp:attachment":[{"href":"https:\/\/www.atta45.se\/e-butik\/wp-json\/wp\/v2\/media?parent=59384"}],"wp:term":[{"taxonomy":"product_brand","embeddable":true,"href":"https:\/\/www.atta45.se\/e-butik\/wp-json\/wp\/v2\/product_brand?post=59384"},{"taxonomy":"product_cat","embeddable":true,"href":"https:\/\/www.atta45.se\/e-butik\/wp-json\/wp\/v2\/product_cat?post=59384"},{"taxonomy":"product_tag","embeddable":true,"href":"https:\/\/www.atta45.se\/e-butik\/wp-json\/wp\/v2\/product_tag?post=59384"}],"curies":[{"name":"wp","href":"https:\/\/api.w.org\/{rel}","templated":true}]}}