{"id":59010,"date":"2024-12-26T22:20:49","date_gmt":"2024-12-26T21:20:49","guid":{"rendered":"https:\/\/www.atta45.se\/e-butik\/?post_type=product&#038;p=59010"},"modified":"2025-10-27T14:52:39","modified_gmt":"2025-10-27T13:52:39","slug":"shoppingkasse-som-kylvaska-i-laminerat-papper","status":"publish","type":"product","link":"https:\/\/www.atta45.se\/e-butik\/produkt\/shoppingkasse-som-kylvaska-i-laminerat-papper\/","title":{"rendered":"Shoppingkasse kylv\u00e4ska i laminerat papper"},"content":{"rendered":"<p>Shoppingkasse i laminerat papper med silverf\u00e4rgad folie p\u00e5 insidan som fungerar som kylv\u00e4ska. Huvudfacket har en dragkedja och en ficka p\u00e5 ena sidan. Storlek p\u00e5 fickan: 16,8 x 15,6 cm. Storlek: 33,3 x 42,2 x 14 cm.<\/p>\n","protected":false},"excerpt":{"rendered":"<p>Shoppingkasse i laminerat papper med silverf\u00e4rgad folie p\u00e5 insidan som fungerar som kylv\u00e4ska. Huvudfacket har en dragkedja och en ficka p\u00e5 ena sidan. Storlek p\u00e5 fickan: 16,8 x 15,6 cm. Storlek: 33,3 x 42,2 x 14 cm.<\/p>\n","protected":false},"featured_media":59011,"template":"","meta":{"_acf_changed":false,"_seopress_robots_primary_cat":"","_seopress_titles_title":"","_seopress_titles_desc":"","_seopress_robots_index":""},"product_brand":[],"product_cat":[15],"product_tag":[],"class_list":{"0":"post-59010","1":"product","2":"type-product","3":"status-publish","4":"has-post-thumbnail","6":"product_cat-okategoriserad","7":"atta45_taxonomy-tema-inspiration-grona-intryck-eco-basic-sv","8":"atta45_taxonomy-tema-inspiration-grona-intryck-eko-vaskor-sv","9":"atta45_taxonomy-tema-inspiration-ogonblick-en-gron-planet-sv","10":"atta45_taxonomy-tema-inspiration-grona-intryck-sv","11":"atta45_taxonomy-kassar-pasar-kassar-sv","12":"atta45_taxonomy-tema-inspiration-ogonblick-kontorsliv-sv","13":"atta45_taxonomy-fritid-kylvaskor-sv","14":"atta45_taxonomy-vaskor-resetillbehor-kylvaskor-sv","15":"atta45_taxonomy-textil-organiskt-sv","16":"atta45_taxonomy-tema-inspiration-sasong-sv","17":"atta45_taxonomy-tema-inspiration-sasong-sommar-sv","18":"atta45_taxonomy-tema-inspiration-sv","19":"atta45_taxonomy-textil-vaskor-bagar-sv","20":"atta45_taxonomy-vaskor-resetillbehor-sv","22":"first","23":"instock","24":"taxable","25":"shipping-taxable","26":"purchasable","27":"product-type-variable"},"acf":[],"_links":{"self":[{"href":"https:\/\/www.atta45.se\/e-butik\/wp-json\/wp\/v2\/product\/59010","targetHints":{"allow":["GET"]}}],"collection":[{"href":"https:\/\/www.atta45.se\/e-butik\/wp-json\/wp\/v2\/product"}],"about":[{"href":"https:\/\/www.atta45.se\/e-butik\/wp-json\/wp\/v2\/types\/product"}],"wp:featuredmedia":[{"embeddable":true,"href":"https:\/\/www.atta45.se\/e-butik\/wp-json\/wp\/v2\/media\/59011"}],"wp:attachment":[{"href":"https:\/\/www.atta45.se\/e-butik\/wp-json\/wp\/v2\/media?parent=59010"}],"wp:term":[{"taxonomy":"product_brand","embeddable":true,"href":"https:\/\/www.atta45.se\/e-butik\/wp-json\/wp\/v2\/product_brand?post=59010"},{"taxonomy":"product_cat","embeddable":true,"href":"https:\/\/www.atta45.se\/e-butik\/wp-json\/wp\/v2\/product_cat?post=59010"},{"taxonomy":"product_tag","embeddable":true,"href":"https:\/\/www.atta45.se\/e-butik\/wp-json\/wp\/v2\/product_tag?post=59010"}],"curies":[{"name":"wp","href":"https:\/\/api.w.org\/{rel}","templated":true}]}}

Shoppingkasse kylväska i laminerat papper

<p>Shoppingkasse i laminerat papper med silverfärgad folie på insidan som fungerar som kylväska. Huvudfacket har en dragkedja och en ficka på ena sidan. Storlek på fickan: 16,8 x 15,6 cm. Storlek: 33,3 x 42,2 x 14 cm.</p>
