{"id":45327,"date":"2024-12-26T19:41:07","date_gmt":"2024-12-26T18:41:07","guid":{"rendered":"https:\/\/www.atta45.se\/e-butik\/?post_type=product&#038;p=45327"},"modified":"2025-10-27T18:15:01","modified_gmt":"2025-10-27T17:15:01","slug":"schwarzwolf-mismi-multifunktionell-halsduk","status":"publish","type":"product","link":"https:\/\/www.atta45.se\/e-butik\/produkt\/schwarzwolf-mismi-multifunktionell-halsduk\/","title":{"rendered":"Halsduk Schwarzwolf Mismi, varm och multifunktionell"},"content":{"rendered":"<p>Varm och multifunktionell Schwarzwolf halsduk  i svart och gr\u00e5 f\u00e4rg. L\u00e4mplig f\u00f6r vinterv\u00e4der, inneh\u00e5ller en dragsko f\u00f6r f\u00f6rslutning runt nacken, eller dras \u00e5t helt f\u00f6r att anv\u00e4ndningn som en m\u00f6ssa. Tillverkad av svart fleece (85 % polyester, 15 % spandex), samt gr\u00e5 fleece (92 % polyester, 8 % spandex) och foder av mjuk fleece i (100 % polyester). F\u00f6rpackad i polybag<br \/>med Schwarzwolf-istickskort.<br \/>Rekommenderad m\u00e4rkning: Screentryck S2<br \/>Maximal tryckstorlek: 100 \u00d7 60 mm<br \/>M\u00e5tt: framdel 26 \u00d7 20,5 cm, bakdel 26 \u00d7 16 cm<\/p>\n","protected":false},"excerpt":{"rendered":"<p>Varm och multifunktionell Schwarzwolf halsduk i svart och gr\u00e5 f\u00e4rg. L\u00e4mplig f\u00f6r vinterv\u00e4der, inneh\u00e5ller en dragsko f\u00f6r f\u00f6rslutning runt nacken, eller dras \u00e5t helt f\u00f6r att anv\u00e4ndningn som en m\u00f6ssa. Tillverkad av svart fleece (85 % polyester, 15 % spandex), samt gr\u00e5 fleece (92 % polyester, 8 % spandex) och foder av mjuk fleece i [&hellip;]<\/p>\n","protected":false},"featured_media":45328,"template":"","meta":{"_acf_changed":false,"_seopress_robots_primary_cat":"","_seopress_titles_title":"","_seopress_titles_desc":"","_seopress_robots_index":""},"product_brand":[],"product_cat":[15],"product_tag":[],"class_list":{"0":"post-45327","1":"product","2":"type-product","3":"status-publish","4":"has-post-thumbnail","6":"product_cat-okategoriserad","7":"atta45_taxonomy-fritid-kepsar-mossor-sv","8":"atta45_taxonomy-textil-mossor-kepsar-accessoarer-sv","9":"atta45_taxonomy-tema-inspiration-varumarken-schwarzwolf-sv","11":"first","12":"instock","13":"taxable","14":"shipping-taxable","15":"purchasable","16":"product-type-variable"},"acf":[],"_links":{"self":[{"href":"https:\/\/www.atta45.se\/e-butik\/wp-json\/wp\/v2\/product\/45327","targetHints":{"allow":["GET"]}}],"collection":[{"href":"https:\/\/www.atta45.se\/e-butik\/wp-json\/wp\/v2\/product"}],"about":[{"href":"https:\/\/www.atta45.se\/e-butik\/wp-json\/wp\/v2\/types\/product"}],"wp:featuredmedia":[{"embeddable":true,"href":"https:\/\/www.atta45.se\/e-butik\/wp-json\/wp\/v2\/media\/45328"}],"wp:attachment":[{"href":"https:\/\/www.atta45.se\/e-butik\/wp-json\/wp\/v2\/media?parent=45327"}],"wp:term":[{"taxonomy":"product_brand","embeddable":true,"href":"https:\/\/www.atta45.se\/e-butik\/wp-json\/wp\/v2\/product_brand?post=45327"},{"taxonomy":"product_cat","embeddable":true,"href":"https:\/\/www.atta45.se\/e-butik\/wp-json\/wp\/v2\/product_cat?post=45327"},{"taxonomy":"product_tag","embeddable":true,"href":"https:\/\/www.atta45.se\/e-butik\/wp-json\/wp\/v2\/product_tag?post=45327"}],"curies":[{"name":"wp","href":"https:\/\/api.w.org\/{rel}","templated":true}]}}

<p>Varm och multifunktionell Schwarzwolf halsduk  i svart och grå färg. Lämplig för vinterväder, innehåller en dragsko för förslutning runt nacken, eller dras åt helt för att användningn som en mössa. Tillverkad av svart fleece (85 % polyester, 15 % spandex), samt grå fleece (92 % polyester, 8 % spandex) och foder av mjuk fleece i (100 % polyester). Förpackad i polybag<br />med Schwarzwolf-istickskort.<br />Rekommenderad märkning: Screentryck S2<br />Maximal tryckstorlek: 100 × 60 mm<br />Mått: framdel 26 × 20,5 cm, bakdel 26 × 16 cm</p>

<p>Varm och multifunktionell Schwarzwolf halsduk i svart och grå färg. Lämplig för vinterväder, innehåller en dragsko för förslutning runt nacken, eller dras åt helt för att användningn som en mössa. Tillverkad av svart fleece (85 % polyester, 15 % spandex), samt grå fleece (92 % polyester, 8 % spandex) och foder av mjuk fleece i [&hellip;]</p>
